{"id":1010,"date":"2017-03-03T11:05:36","date_gmt":"2017-03-03T10:05:36","guid":{"rendered":"http:\/\/toutcourtfestival.fr\/?page_id=1010"},"modified":"2017-06-25T21:13:59","modified_gmt":"2017-06-25T19:13:59","slug":"jury-du-tout-court-2017","status":"publish","type":"page","link":"https:\/\/toutcourtfestival.fr\/index.php\/tout-court-2017\/jury-du-tout-court-2017\/","title":{"rendered":"Jury du Tout Court ! 2017"},"content":{"rendered":"<div id=\"pl-1010\"  class=\"panel-layout\" ><div id=\"pg-1010-0\"  class=\"panel-grid panel-has-style\" ><div class=\"panel-row-style panel-row-style-for-1010-0\" ><div id=\"pgc-1010-0-0\"  class=\"panel-grid-cell\" ><div id=\"panel-1010-0-0-0\" class=\"so-panel widget widget_sow-editor panel-first-child panel-last-child\" data-index=\"0\" ><div\n\t\t\t\n\t\t\tclass=\"so-widget-sow-editor so-widget-sow-editor-base\"\n\t\t\t\n\t\t>\n<div class=\"siteorigin-widget-tinymce textwidget\">\n\t<p><span style=\"font-size: 18pt;\"><img data-recalc-dims=\"1\" loading=\"lazy\" decoding=\"async\" class=\" wp-image-1591 alignleft\" src=\"https:\/\/i0.wp.com\/toutcourtfestival.fr\/wp-content\/uploads\/2017\/03\/Alexandre-Gavras.jpg?resize=134%2C135\" alt=\"\" width=\"134\" height=\"135\"\/><\/span><\/p>\n<p>&nbsp;<\/p>\n<p><span style=\"font-size: 12pt;\"><strong>Alexandre Gavras<\/strong><\/span><\/p>\n<p>Acteur, r\u00e9alisateur et producteur \u00e0 <a href=\"http:\/\/www.kgproductions.fr\/\">KG Productions<\/a>.<\/p>\n<h1>Parrain du Tout Court !<\/h1>\n<\/div>\n<\/div><\/div><\/div><\/div><\/div><div id=\"pg-1010-1\"  class=\"panel-grid panel-has-style\" ><div class=\"panel-row-style panel-row-style-for-1010-1\" ><div id=\"pgc-1010-1-0\"  class=\"panel-grid-cell\" ><div id=\"panel-1010-1-0-0\" class=\"so-panel widget widget_sow-headline panel-first-child panel-last-child\" data-index=\"1\" ><div\n\t\t\t\n\t\t\tclass=\"so-widget-sow-headline so-widget-sow-headline-default-6090f20097d1-1010\"\n\t\t\t\n\t\t><div class=\"sow-headline-container \">\n\t\t\t\t\t\t\t<h1 class=\"sow-headline\">\n\t\t\t\t\t\tJury du Tout Court ! 2017\t\t\t\t\t\t<\/h1>\n\t\t\t\t\t\t\t\t\t\t\t<div class=\"decoration\">\n\t\t\t\t\t\t<div class=\"decoration-inside\"><\/div>\n\t\t\t\t\t<\/div>\n\t\t\t\t\t<\/div>\n<\/div><\/div><\/div><\/div><\/div><div id=\"pg-1010-2\"  class=\"panel-grid panel-has-style\" ><div class=\"siteorigin-panels-stretch panel-row-style panel-row-style-for-1010-2\" data-stretch-type=\"full\" ><div id=\"pgc-1010-2-0\"  class=\"panel-grid-cell\" ><div id=\"panel-1010-2-0-0\" class=\"so-panel widget widget_sow-image panel-first-child panel-last-child\" data-index=\"2\" ><div\n\t\t\t\n\t\t\tclass=\"so-widget-sow-image so-widget-sow-image-default-8b5b6f678277-1010\"\n\t\t\t\n\t\t>\n<div class=\"sow-image-container\">\n\t\t<img \n\tsrc=\"https:\/\/i0.wp.com\/toutcourtfestival.fr\/wp-content\/uploads\/2017\/03\/Claude-Durty-par-Alexandra-Fleurantin.jpeg?fit=768%2C1029&amp;ssl=1\" width=\"768\" height=\"1029\" srcset=\"https:\/\/i0.wp.com\/toutcourtfestival.fr\/wp-content\/uploads\/2017\/03\/Claude-Durty-par-Alexandra-Fleurantin.jpeg?w=920&amp;ssl=1 920w, https:\/\/i0.wp.com\/toutcourtfestival.fr\/wp-content\/uploads\/2017\/03\/Claude-Durty-par-Alexandra-Fleurantin.jpeg?resize=224%2C300&amp;ssl=1 224w, https:\/\/i0.wp.com\/toutcourtfestival.fr\/wp-content\/uploads\/2017\/03\/Claude-Durty-par-Alexandra-Fleurantin.jpeg?resize=768%2C1029&amp;ssl=1 768w, https:\/\/i0.wp.com\/toutcourtfestival.fr\/wp-content\/uploads\/2017\/03\/Claude-Durty-par-Alexandra-Fleurantin.jpeg?resize=764%2C1024&amp;ssl=1 764w\" title=\"   Photo @ Alexandra Fleurantin  \" alt=\"\" \t\tclass=\"so-widget-image\"\/>\n\t<\/div>\n\n<h3 class=\"widget-title\">   Photo @ Alexandra Fleurantin  <\/h3><\/div><\/div><\/div><div id=\"pgc-1010-2-1\"  class=\"panel-grid-cell\" ><div id=\"panel-1010-2-1-0\" class=\"so-panel widget widget_sow-editor panel-first-child panel-last-child\" data-index=\"3\" ><div\n\t\t\t\n\t\t\tclass=\"so-widget-sow-editor so-widget-sow-editor-base\"\n\t\t\t\n\t\t>\n<div class=\"siteorigin-widget-tinymce textwidget\">\n\t<h1><span style=\"color: #000000; font-size: 18pt;\">Claude Duty<\/span><\/h1>\n<p style=\"text-align: justify;\"><span style=\"font-size: 10pt;\">Claude Duty a r\u00e9alis\u00e9 depuis 1974, \u00e0 un rythme soutenu, plus d'une trentaine de courts m\u00e9trages, dans tous les genres cin\u00e9matographiques (fiction, animation, documentaire, exp\u00e9rimental). Son attachement et sa connaissance de ce format l'on conduit \u00e0 travailler au sein des Programmes Courts de Canal+.<\/span><\/p>\n<p><span style=\"font-size: 10pt;\">Par ailleurs, il anime de nombreux d\u00e9bats et tables rondes en particulier au Festival du court m\u00e9trage de Clermont Ferrand, au festival Off Courts de Trouville et au Festival de cin\u00e9ma europ\u00e9en des Arcs.<\/span><\/p>\n<p><span style=\"font-size: 10pt;\">En 2002, Claude Duty r\u00e9alise et obtient un succ\u00e8s public avec son premier long m\u00e9trage Filles perdues cheveux gras suivi de peu d'un deuxi\u00e8me Bienvenue au g\u00eete. Son troisi\u00e8me long m\u00e9trage Chez nous c'est trois ! est sorti en 2013. Il vient de terminer pour France t\u00e9l\u00e9vision un nouveau court m\u00e9trage La musique \u00e0 l'eau.<\/span><\/p>\n<\/div>\n<\/div><\/div><\/div><\/div><\/div><div id=\"pg-1010-3\"  class=\"panel-grid panel-has-style\" ><div class=\"panel-row-style panel-row-style-for-1010-3\" ><div id=\"pgc-1010-3-0\"  class=\"panel-grid-cell\" ><div id=\"panel-1010-3-0-0\" class=\"so-panel widget widget_sow-editor panel-first-child panel-last-child\" data-index=\"4\" ><div\n\t\t\t\n\t\t\tclass=\"so-widget-sow-editor so-widget-sow-editor-base\"\n\t\t\t\n\t\t>\n<div class=\"siteorigin-widget-tinymce textwidget\">\n\t<h1><span style=\"color: #ffffff; font-size: 18pt;\">Nicolas Romieu<\/span><\/h1>\n<p><span style=\"color: #ffffff; font-size: 10pt;\">Nicolas Romieu - 35 ans<\/span><\/p>\n<p><span style=\"color: #ffffff; font-size: 10pt;\">R\u00e9alisateur, Directeur de l'agence de pub <span style=\"color: #00ffff;\"><a style=\"color: #00ffff;\" href=\"http:\/\/yeahdude.fr\/\">YEAH DUDE<\/a><\/span>, Auteur de 20 courts m\u00e9trages<\/span><\/p>\n<p><span style=\"color: #ffffff; font-size: 10pt;\">16 Prix et r\u00e9compenses, 27 Nominations<\/span><\/p>\n<p><span style=\"color: #ffffff; font-size: 10pt;\">Films notables : Headway, 90C, A French Bastard, <span style=\"color: #00ffff;\"><a style=\"color: #00ffff;\" href=\"http:\/\/www.onclefarmer.com\/\">Les Histoires du vieil Oncle Farmer<\/a><\/span><\/span><\/p>\n<\/div>\n<\/div><\/div><\/div><div id=\"pgc-1010-3-1\"  class=\"panel-grid-cell\" ><div id=\"panel-1010-3-1-0\" class=\"so-panel widget widget_sow-image panel-first-child panel-last-child\" data-index=\"5\" ><div\n\t\t\t\n\t\t\tclass=\"so-widget-sow-image so-widget-sow-image-default-6ca57ffdfddf-1010\"\n\t\t\t\n\t\t>\n<div class=\"sow-image-container\">\n\t\t<img \n\tsrc=\"https:\/\/i0.wp.com\/toutcourtfestival.fr\/wp-content\/uploads\/2017\/03\/Nico-GP.jpg?fit=1375%2C1825&amp;ssl=1\" width=\"1375\" height=\"1825\" srcset=\"https:\/\/i0.wp.com\/toutcourtfestival.fr\/wp-content\/uploads\/2017\/03\/Nico-GP.jpg?w=1375&amp;ssl=1 1375w, https:\/\/i0.wp.com\/toutcourtfestival.fr\/wp-content\/uploads\/2017\/03\/Nico-GP.jpg?resize=226%2C300&amp;ssl=1 226w, https:\/\/i0.wp.com\/toutcourtfestival.fr\/wp-content\/uploads\/2017\/03\/Nico-GP.jpg?resize=768%2C1019&amp;ssl=1 768w, https:\/\/i0.wp.com\/toutcourtfestival.fr\/wp-content\/uploads\/2017\/03\/Nico-GP.jpg?resize=772%2C1024&amp;ssl=1 772w\" title=\"Nico GP\" alt=\"\" \t\tclass=\"so-widget-image\"\/>\n\t<\/div>\n\n<\/div><\/div><\/div><\/div><\/div><div id=\"pg-1010-4\"  class=\"panel-grid panel-has-style\" ><div class=\"siteorigin-panels-stretch panel-row-style panel-row-style-for-1010-4\" data-stretch-type=\"full\" ><div id=\"pgc-1010-4-0\"  class=\"panel-grid-cell\" ><div id=\"panel-1010-4-0-0\" class=\"so-panel widget widget_sow-image panel-first-child panel-last-child\" data-index=\"6\" ><div\n\t\t\t\n\t\t\tclass=\"so-widget-sow-image so-widget-sow-image-default-c67d20f9f743-1010\"\n\t\t\t\n\t\t>\n<div class=\"sow-image-container\">\n\t\t<img \n\tsrc=\"https:\/\/i0.wp.com\/toutcourtfestival.fr\/wp-content\/uploads\/2017\/03\/Claude-Delafosse-Photo.jpg?fit=161%2C197&amp;ssl=1\" width=\"161\" height=\"197\" title=\"Claude Delafosse Photo\" alt=\"\" \t\tclass=\"so-widget-image\"\/>\n\t<\/div>\n\n<\/div><\/div><\/div><div id=\"pgc-1010-4-1\"  class=\"panel-grid-cell\" ><div id=\"panel-1010-4-1-0\" class=\"so-panel widget widget_sow-editor panel-first-child\" data-index=\"7\" ><div\n\t\t\t\n\t\t\tclass=\"so-widget-sow-editor so-widget-sow-editor-base\"\n\t\t\t\n\t\t>\n<div class=\"siteorigin-widget-tinymce textwidget\">\n\t<h1>Claude Delafosse<\/h1>\n<p><span style=\"font-size: 10pt;\">Ancien r\u00e9dacteur en chef du journal ASTRAPI, a<\/span><span style=\"font-size: 10pt;\">uteur, concepteur et illustrateur de livres pour les enfants.<\/span><\/p>\n<p><span style=\"font-size: 10pt;\">R\u00e9alisateur de films d\u2019animation pour l\u2019\u00e9mission KARAMBOLAGE sur ARTE.<\/span><\/p>\n<p><span style=\"font-size: 10pt;\">Touche \u00e0 tout ce qui touche \u00e0 la cr\u00e9ation.<\/span><\/p>\n<\/div>\n<\/div><\/div><div id=\"panel-1010-4-1-1\" class=\"so-panel widget widget_sow-button panel-last-child\" data-index=\"8\" ><div\n\t\t\t\n\t\t\tclass=\"so-widget-sow-button so-widget-sow-button-wire-ce98c93596a4-1010\"\n\t\t\t\n\t\t><div class=\"ow-button-base ow-button-align-left\"\n>\n\t\t\t<a\n\t\t\t\t\thref=\"http:\/\/www.claudedelafosse.com\/\"\n\t\t\t\t\tclass=\"sowb-button ow-icon-placement-left ow-button-hover\" target=\"_blank\" rel=\"noopener noreferrer\" \t>\n\t\t<span>\n\t\t\t\n\t\t\tSite web\t\t<\/span>\n\t\t\t<\/a>\n\t<\/div>\n<\/div><\/div><\/div><\/div><\/div><div id=\"pg-1010-5\"  class=\"panel-grid panel-has-style\" ><div class=\"panel-row-style panel-row-style-for-1010-5\" ><div id=\"pgc-1010-5-0\"  class=\"panel-grid-cell\" ><div id=\"panel-1010-5-0-0\" class=\"so-panel widget widget_sow-editor panel-first-child panel-last-child\" data-index=\"9\" ><div\n\t\t\t\n\t\t\tclass=\"so-widget-sow-editor so-widget-sow-editor-base\"\n\t\t\t\n\t\t>\n<div class=\"siteorigin-widget-tinymce textwidget\">\n\t<h1><span style=\"color: #ffffff;\">Bernadette Zinck<\/span><\/h1>\n<p><span style=\"font-size: 10pt; color: #ffffff;\"><strong>MOZOW Productions<\/strong><\/span><\/p>\n<p style=\"text-align: justify;\"><span style=\"font-size: 10pt; color: #ffffff;\">Soci\u00e9t\u00e9 de productions cin\u00e9matographiques et audiovisuelles agr\u00e9e par le Centre National de la Cin\u00e9matographie (C.N.C) MOZOW Productions a \u00e9t\u00e9 cr\u00e9\u00e9e par <strong>Bernadette Zinck<\/strong> en juillet 2008.<\/span><\/p>\n<p style=\"text-align: justify;\"><span style=\"font-size: 10pt; color: #ffffff;\">Elle est le fruit d\u2019une exp\u00e9rience de plus de vingt cinq ans dans la production cin\u00e9matographique sur le terrain et dans les \u00ab&nbsp;back office&nbsp;\u00bb au service de nombreux films tourn\u00e9s en Europe en Asie et en Afrique. \u00ab&nbsp;Au revoir les enfants&nbsp;\u00bb, \u00ab&nbsp;Dien Bien Phu&nbsp;\u00bb,&nbsp; \u00ab&nbsp;Les caprices d\u2019une fleuve&nbsp;\u00bb, \u00ab&nbsp;bon voyage&nbsp;\u00bb, \u00ab&nbsp;trois z\u00e9ros&nbsp;\u00bb, \u00ab&nbsp;Mon petit doigt m\u2019a dit&nbsp;\u00bb, \u00ab&nbsp;l\u2019heure z\u00e9ro&nbsp;\u00bb, etc.<\/span><\/p>\n<p style=\"text-align: justify;\"><span style=\"font-size: 10pt; color: #ffffff;\">Son objectif : d\u00e9velopper et produire des \u0153uvres audiovisuelles de longs m\u00e9trages, soutenir la cr\u00e9ation d\u2019auteurs reconnus ou \u00e9mergents.<\/span><\/p>\n<p style=\"text-align: justify;\"><span style=\"font-size: 10pt; color: #ffffff;\">Aid\u00e9e par le Centre National de la Cin\u00e9matographie, <strong>MOZOW Productions<\/strong> accompagne des auteurs de toutes origines, fait le choix de sujets profond\u00e9ment humains et recherche des partenaires internationaux pour un cin\u00e9ma r\u00e9solument tourn\u00e9s vers le plus grand nombre.<\/span><\/p>\n<p>&nbsp;<\/p>\n<\/div>\n<\/div><\/div><\/div><div id=\"pgc-1010-5-1\"  class=\"panel-grid-cell\" ><div id=\"panel-1010-5-1-0\" class=\"so-panel widget widget_sow-image panel-first-child panel-last-child\" data-index=\"10\" ><div\n\t\t\t\n\t\t\tclass=\"so-widget-sow-image so-widget-sow-image-default-c67d20f9f743-1010\"\n\t\t\t\n\t\t>\n<div class=\"sow-image-container\">\n\t\t<img \n\tsrc=\"https:\/\/i0.wp.com\/toutcourtfestival.fr\/wp-content\/uploads\/2017\/03\/Bernadette-Zinck.jpg?fit=208%2C300&amp;ssl=1\" width=\"208\" height=\"300\" srcset=\"https:\/\/i0.wp.com\/toutcourtfestival.fr\/wp-content\/uploads\/2017\/03\/Bernadette-Zinck.jpg?w=310&amp;ssl=1 310w, https:\/\/i0.wp.com\/toutcourtfestival.fr\/wp-content\/uploads\/2017\/03\/Bernadette-Zinck.jpg?resize=208%2C300&amp;ssl=1 208w\" title=\"Bernadette Zinck\" alt=\"\" \t\tclass=\"so-widget-image\"\/>\n\t<\/div>\n\n<\/div><\/div><\/div><\/div><\/div><div id=\"pg-1010-6\"  class=\"panel-grid panel-no-style\" ><div id=\"pgc-1010-6-0\"  class=\"panel-grid-cell\" ><div id=\"panel-1010-6-0-0\" class=\"so-panel widget widget_sow-image panel-first-child panel-last-child\" data-index=\"11\" ><div\n\t\t\t\n\t\t\tclass=\"so-widget-sow-image so-widget-sow-image-default-6ec9e3772f75-1010\"\n\t\t\t\n\t\t>\n<div class=\"sow-image-container\">\n\t\t<img \n\tsrc=\"https:\/\/i0.wp.com\/toutcourtfestival.fr\/wp-content\/uploads\/2017\/03\/JM-Delacruz-p.jpg?fit=1024%2C683&amp;ssl=1\" width=\"1024\" height=\"683\" srcset=\"https:\/\/i0.wp.com\/toutcourtfestival.fr\/wp-content\/uploads\/2017\/03\/JM-Delacruz-p.jpg?w=1024&amp;ssl=1 1024w, https:\/\/i0.wp.com\/toutcourtfestival.fr\/wp-content\/uploads\/2017\/03\/JM-Delacruz-p.jpg?resize=300%2C200&amp;ssl=1 300w, https:\/\/i0.wp.com\/toutcourtfestival.fr\/wp-content\/uploads\/2017\/03\/JM-Delacruz-p.jpg?resize=768%2C512&amp;ssl=1 768w, https:\/\/i0.wp.com\/toutcourtfestival.fr\/wp-content\/uploads\/2017\/03\/JM-Delacruz-p.jpg?resize=272%2C182&amp;ssl=1 272w\" title=\"JM Delacruz-p\" alt=\"\" \t\tclass=\"so-widget-image\"\/>\n\t<\/div>\n\n<\/div><\/div><\/div><div id=\"pgc-1010-6-1\"  class=\"panel-grid-cell\" ><div id=\"panel-1010-6-1-0\" class=\"so-panel widget widget_sow-editor panel-first-child panel-last-child\" data-index=\"12\" ><div\n\t\t\t\n\t\t\tclass=\"so-widget-sow-editor so-widget-sow-editor-base\"\n\t\t\t\n\t\t>\n<div class=\"siteorigin-widget-tinymce textwidget\">\n\t<h1 style=\"text-align: justify;\"><span style=\"font-size: 18pt;\">Jean-Marc Delacruz<\/span><\/h1>\n<p style=\"text-align: justify;\"><span style=\"font-size: 10pt;\"><strong>1982\/2010<\/strong>: Etudiant en cin\u00e9ma Conservatoire Libre du Cin\u00e9ma Fran\u00e7ais (CLCF) , Ecole Nationale Louis Lumi\u00e8re,Technicien Monteur ,Projectionniste salles Art et Essai \/R\u00e9pertoire Quartier Latin Paris, Auditorium Joinville, Laboratoire Eclair, Distributeur de films exp\u00e9rimentaux, programmation.<\/span><\/p>\n<p style=\"text-align: justify;\"><span style=\"font-size: 10pt;\"><strong>2000\/2010<\/strong>: Directeur-Programmateur \"Cin\u00e9ma Jour de F\u00eate\" Gisors salle Art et Essai Mono \u00e9cran 3 labels Jeune-Public, Recherche et d\u00e9couverte,R\u00e9pertoire.<\/span><\/p>\n<p style=\"text-align: justify;\"><span style=\"font-size: 10pt;\"><strong>2010\/2017<\/strong>: Programmateur \"Cin\u00e9ma Omnia-R\u00e9publique\" Rouen sept salles Art et Essai 3 Labels Jeune-Public, Recherche et d\u00e9couverte, R\u00e9pertoire et Europa Cin\u00e9mas.<\/span><\/p>\n<\/div>\n<\/div><\/div><\/div><\/div><div id=\"pg-1010-7\"  class=\"panel-grid panel-no-style\" ><div id=\"pgc-1010-7-0\"  class=\"panel-grid-cell\" ><div id=\"panel-1010-7-0-0\" class=\"so-panel widget widget_text panel-first-child panel-last-child\" data-index=\"13\" >\t\t\t<div class=\"textwidget\"><style>.entry-title {display:none;}<\/style> <\/div>\n\t\t<\/div><\/div><\/div><\/div>","protected":false},"excerpt":{"rendered":"<\/p>\n<p>&nbsp;<\/p>\n<p><strong>Alexandre Gavras<\/strong><\/p>\n<p>Acteur, r\u00e9alisateur et producteur \u00e0 <a href=\"http:\/\/www.kgproductions.fr\/\">KG Productions<\/a>.<\/p>\n<p> Parrain du Tout Court ! Jury du Tout Court ! 2017 Photo @ Alexandra Fleurantin Claude Duty <\/p>\n<p style=\"text-align: justify;\">Claude Duty a r\u00e9alis\u00e9 depuis 1974, \u00e0 un rythme soutenu, plus d&#8217;une trentaine de courts m\u00e9trages, dans tous les genres cin\u00e9matographiques (fiction, animation, documentaire, &hellip; <\/p>\n<p><a class=\"more-link btn\" href=\"https:\/\/toutcourtfestival.fr\/index.php\/tout-court-2017\/jury-du-tout-court-2017\/\">Continue reading<\/a><\/p>\n","protected":false},"author":1,"featured_media":0,"parent":573,"menu_order":0,"comment_status":"closed","ping_status":"closed","template":"","meta":{"ngg_post_thumbnail":0,"jetpack_post_was_ever_published":false,"footnotes":""},"class_list":["post-1010","page","type-page","status-publish","hentry","nodate","item-wrap"],"jetpack_sharing_enabled":true,"jetpack_shortlink":"https:\/\/wp.me\/P8k6iw-gi","jetpack_likes_enabled":true,"_links":{"self":[{"href":"https:\/\/toutcourtfestival.fr\/index.php\/wp-json\/wp\/v2\/pages\/1010","targetHints":{"allow":["GET"]}}],"collection":[{"href":"https:\/\/toutcourtfestival.fr\/index.php\/wp-json\/wp\/v2\/pages"}],"about":[{"href":"https:\/\/toutcourtfestival.fr\/index.php\/wp-json\/wp\/v2\/types\/page"}],"author":[{"embeddable":true,"href":"https:\/\/toutcourtfestival.fr\/index.php\/wp-json\/wp\/v2\/users\/1"}],"replies":[{"embeddable":true,"href":"https:\/\/toutcourtfestival.fr\/index.php\/wp-json\/wp\/v2\/comments?post=1010"}],"version-history":[{"count":0,"href":"https:\/\/toutcourtfestival.fr\/index.php\/wp-json\/wp\/v2\/pages\/1010\/revisions"}],"up":[{"embeddable":true,"href":"https:\/\/toutcourtfestival.fr\/index.php\/wp-json\/wp\/v2\/pages\/573"}],"wp:attachment":[{"href":"https:\/\/toutcourtfestival.fr\/index.php\/wp-json\/wp\/v2\/media?parent=1010"}],"curies":[{"name":"wp","href":"https:\/\/api.w.org\/{rel}","templated":true}]}}