{"id":130,"date":"2017-01-05T23:41:32","date_gmt":"2017-01-05T22:41:32","guid":{"rendered":"http:\/\/toutcourtfestival.fr\/?page_id=130"},"modified":"2026-02-20T20:20:47","modified_gmt":"2026-02-20T19:20:47","slug":"contacts-et-pratique","status":"publish","type":"page","link":"https:\/\/toutcourtfestival.fr\/index.php\/contacts-et-pratique\/","title":{"rendered":"Contacts et pratique"},"content":{"rendered":"<div id=\"pl-130\"  class=\"panel-layout\" ><div id=\"pg-130-0\"  class=\"panel-grid panel-no-style\" ><div id=\"pgc-130-0-0\"  class=\"panel-grid-cell\" ><div id=\"panel-130-0-0-0\" class=\"so-panel widget widget_sow-headline panel-first-child panel-last-child\" data-index=\"0\" ><div\n\t\t\t\n\t\t\tclass=\"so-widget-sow-headline so-widget-sow-headline-default-c2d752c1df60-130\"\n\t\t\t\n\t\t><div class=\"sow-headline-container \">\n\t\t\t\t\t\t\t<h1 class=\"sow-headline\">\n\t\t\t\t\t\tContacts \/ Pratique \/ R\u00e9servation\t\t\t\t\t\t<\/h1>\n\t\t\t\t\t\t\t\t\t\t\t<div class=\"decoration\">\n\t\t\t\t\t\t<div class=\"decoration-inside\"><\/div>\n\t\t\t\t\t<\/div>\n\t\t\t\t\t<\/div>\n<\/div><\/div><\/div><\/div><div id=\"pg-130-1\"  class=\"panel-grid panel-has-style\" ><div class=\"panel-row-style panel-row-style-for-130-1\" ><div id=\"pgc-130-1-0\"  class=\"panel-grid-cell panel-grid-cell-empty\" ><\/div><div id=\"pgc-130-1-1\"  class=\"panel-grid-cell\" ><div id=\"panel-130-1-1-0\" class=\"so-panel widget widget_sow-editor panel-first-child\" data-index=\"1\" ><div class=\"panel-widget-style panel-widget-style-for-130-1-1-0\" ><div\n\t\t\t\n\t\t\tclass=\"so-widget-sow-editor so-widget-sow-editor-base\"\n\t\t\t\n\t\t><h3 class=\"widget-title\">Tarifs et billetterie<\/h3>\n<div class=\"siteorigin-widget-tinymce textwidget\">\n\t<p>Les tarifs de l'\u00e9dition 2026 seront prochainement disponible.&nbsp;<\/p>\n<p>Vous pouvez acheter vos billets sur place ou bien <a href=\"https:\/\/toutcourtfestival.fr\/index.php\/billetterie-en-ligne\/\">ici en ligne.<\/a><\/p>\n<\/div>\n<\/div><\/div><\/div><div id=\"panel-130-1-1-1\" class=\"so-panel widget widget_frm_show_form\"><div class=\"panel-widget-style panel-widget-style-for-130-1-1-1\"><div class=\"frm_form_widget\"><h3 class=\"widget-title\">Nous contacter<\/h3><div class=\"frm_forms  with_frm_style frm_style_style-formidable\" id=\"frm_form_2_container\" >\n<form enctype=\"multipart\/form-data\" method=\"post\" class=\"frm-show-form \" id=\"form_contact-form\" >\n<div class=\"frm_form_fields \">\n<fieldset>\n<p>Nos adresses email\u00a0: <strong>contact<\/strong>@<strong>toutcourtfestival.fr et <strong>secretariat<\/strong>@<strong>toutcourtfestival.fr.<\/p>\r\n<p>Notre adresse postale\u00a0: 1 rue du Cornouiller 27150 H\u00e9b\u00e9court\r\n<p>Ou bien utilisez le formulaire\u00a0:<\/p><div class=\"frm_fields_container\">\n<input type=\"hidden\" name=\"frm_action\" value=\"create\" \/>\n<input type=\"hidden\" name=\"form_id\" value=\"2\" \/>\n<input type=\"hidden\" name=\"frm_hide_fields_2\" id=\"frm_hide_fields_2\" value=\"\" \/>\n<input type=\"hidden\" name=\"form_key\" value=\"contact-form\" \/>\n<input type=\"hidden\" name=\"item_meta[0]\" value=\"\" \/>\n<input type=\"hidden\" id=\"frm_submit_entry_2\" name=\"frm_submit_entry_2\" value=\"c46e0e06c3\" \/><input type=\"hidden\" name=\"_wp_http_referer\" value=\"\/index.php\/wp-json\/wp\/v2\/pages\/130\" \/><div id=\"frm_field_6_container\" class=\"frm_form_field form-field  frm_inside_container frm_full\"> <label for=\"field_qh4icy2\" class=\"frm_primary_label\">Nom ou pseudonyme <span class=\"frm_required\"><\/span> <\/label>  <input type=\"text\" id=\"field_qh4icy2\" name=\"item_meta[6]\" value=\"\"  data-invmsg=\"Nom ou pseudonyme est non valide\" aria-invalid=\"false\"  \/>         <\/div>\n<div id=\"frm_field_8_container\" class=\"frm_form_field form-field  frm_inside_container frm_full\">\r\n    <label for=\"field_29yf4d2\" class=\"frm_primary_label\">Email\r\n        <span class=\"frm_required\"><\/span>\r\n    <\/label>\r\n    <input type=\"email\" id=\"field_29yf4d2\" name=\"item_meta[8]\" value=\"\"  data-invmsg=\"Please enter a valid email address\" aria-invalid=\"false\"   aria-describedby=\"frm_desc_field_29yf4d2\"\/>\r\n    <div class=\"frm_description\" id=\"frm_desc_field_29yf4d2\">Requis si vous souhaitez une r\u00e9ponse<\/div>\r\n    \r\n<\/div>\n<div id=\"frm_field_9_container\" class=\"frm_form_field form-field  frm_inside_container frm_full\">\r\n    <label for=\"field_e6lis62\" class=\"frm_primary_label\">Sujet\r\n        <span class=\"frm_required\"><\/span>\r\n    <\/label>\r\n    <input type=\"text\" id=\"field_e6lis62\" name=\"item_meta[9]\" value=\"\"  data-invmsg=\"Subject est non valide\" aria-invalid=\"false\"  \/>\r\n    \r\n    \r\n<\/div>\n<div id=\"frm_field_10_container\" class=\"frm_form_field form-field  frm_required_field frm_inside_container frm_full\">\r\n    <label for=\"field_9jv0r12\" class=\"frm_primary_label\">Message\r\n        <span class=\"frm_required\"><\/span>\r\n    <\/label>\r\n    <textarea name=\"item_meta[10]\" id=\"field_9jv0r12\" rows=\"5\"  data-reqmsg=\"Ce champ ne peut pas \u00eatre vide\" aria-required=\"true\" data-invmsg=\"Message is invalid\" aria-invalid=\"false\"  ><\/textarea>\r\n    \r\n    \r\n<\/div>\n<div id=\"frm_field_192_container\" class=\"frm_form_field form-field  frm_none_container\">\r\n    <label  class=\"frm_primary_label\">V\u00e9rification\r\n        <span class=\"frm_required\"><\/span>\r\n    <\/label>\r\n    <div  id=\"field_w1gz2\" class=\"g-recaptcha\" data-sitekey=\"6LfB8D0UAAAAAN2fwegoas13uWQGkdbbl7Czed16\" data-size=\"normal\" data-theme=\"light\"><\/div>\r\n    \r\n    \r\n<\/div>\n<div id=\"frm_field_193_container\" class=\"frm_form_field form-field \">\r\n\t<div class=\"frm_submit\">\r\n\r\n<button class=\"frm_button_submit\" type=\"submit\"  >Envoyer<\/button>\r\n\r\n<\/div>\r\n<\/div>\n\t<input type=\"hidden\" name=\"item_key\" value=\"\" \/>\n\t\t\t<div id=\"frm_field_194_container\">\n\t\t\t<label for=\"field_in95w\" >\n\t\t\t\tIf you are human, leave this field blank.\t\t\t<\/label>\n\t\t\t<input  id=\"field_in95w\" type=\"text\" class=\"frm_form_field form-field frm_verify\" name=\"item_meta[194]\" value=\"\"  \/>\n\t\t<\/div>\n\t\t<input name=\"frm_state\" type=\"hidden\" value=\"TEw7kPY1mTk97SlK5yCnInJZb8yOY74d3obeJ90APgk=\" \/><\/div>\n<\/fieldset>\n<\/div>\n\n<p style=\"display: none !important;\" class=\"akismet-fields-container\" data-prefix=\"ak_\"><label>&#916;<textarea name=\"ak_hp_textarea\" cols=\"45\" rows=\"8\" maxlength=\"100\"><\/textarea><\/label><input type=\"hidden\" id=\"ak_js_1\" name=\"ak_js\" value=\"222\"\/><script>document.getElementById( \"ak_js_1\" ).setAttribute( \"value\", ( new Date() ).getTime() );<\/script><\/p><\/form>\n<\/div>\n<\/div><\/div><\/div><div id=\"panel-130-1-1-2\" class=\"so-panel widget widget_sow-editor panel-last-child\" data-index=\"3\" ><div class=\"panel-widget-style panel-widget-style-for-130-1-1-2\" ><div\n\t\t\t\n\t\t\tclass=\"so-widget-sow-editor so-widget-sow-editor-base\"\n\t\t\t\n\t\t><h3 class=\"widget-title\">S'inscrire<\/h3>\n<div class=\"siteorigin-widget-tinymce textwidget\">\n\t<p style=\"text-align: justify;\">Pour inscrire un film au festival: ouverture des inscriptions de mai \u00e0 d\u00e9cembre chaque ann\u00e9e.<\/p>\n<p style=\"text-align: justify;\">Pour adh\u00e9rer ou&nbsp; vous inscrire aux activit\u00e9s,<a href=\"http:\/\/toutcourtfestival.fr\/index.php\/inscriptions-et-adhesions\/\" target=\"_blank\" rel=\"noopener\"> cliquez ici.<\/a><\/p>\n<p style=\"text-align: justify;\">Si vous \u00eates une structure sociale ou jeunesse et voulez monter un projet audiovisuel, <a href=\"http:\/\/toutcourtfestival.fr\/index.php\/aide-aux-structures\/\" target=\"_blank\" rel=\"noopener\">cliquez ici.<\/a><\/p>\n<p style=\"text-align: justify;\">Si vous souhaitez participer en tant que b\u00e9n\u00e9vole ou partenaire,<a href=\"http:\/\/toutcourtfestival.fr\/index.php\/nous-aider\/\" target=\"_blank\" rel=\"noopener\"> cliquez ici<\/a><\/p>\n<p style=\"text-align: justify;\">Pour toute autre raison ou projet, notamment des projets de cr\u00e9ation par les jeunes, contactez-nous \u00e0 l'aide du formulaire ci-contre.<\/p>\n<\/div>\n<\/div><\/div><\/div><\/div><div id=\"pgc-130-1-2\"  class=\"panel-grid-cell panel-grid-cell-mobile-last\" ><div id=\"panel-130-1-2-0\" class=\"so-panel widget widget_sow-editor panel-first-child panel-last-child\" data-index=\"4\" ><div class=\"panel-widget-style panel-widget-style-for-130-1-2-0\" ><div\n\t\t\t\n\t\t\tclass=\"so-widget-sow-editor so-widget-sow-editor-base\"\n\t\t\t\n\t\t><h3 class=\"widget-title\">Acc\u00e9der au festival<\/h3>\n<div class=\"siteorigin-widget-tinymce textwidget\">\n\t<p><strong>Par le train \u2022<\/strong> Ligne J du Transilien (depuis Gare Saint Lazare)<\/p>\n<p><strong>Le vendredi soir<\/strong> \u2022 Nouveau Cin\u00e9ma \"Jour De F\u00eate\", 3 Pl. des Libert\u00e9s, 27140 Gisors<\/p>\n<p><iframe loading=\"lazy\" style=\"border: 0;\" src=\"https:\/\/www.google.com\/maps\/embed?pb=!1m18!1m12!1m3!1d2188.8004028351897!2d1.7741640954721194!3d49.27759073590529!2m3!1f0!2f0!3f0!3m2!1i1024!2i768!4f13.1!3m3!1m2!1s0x47e6e1007c8950cb%3A0xbbc10c5248956e89!2zQ2luw6ltYSBKb3VyIGRlIEbDqnRl!5e0!3m2!1sfr!2sfr!4v1771614542338!5m2!1sfr!2sfr\" width=\"600\" height=\"450\" allowfullscreen=\"allowfullscreen\"><\/iframe><\/p>\n<p><strong>Le samedi et le dimanche \u2022 <\/strong>Espace Dany Doriz (Salle Polyvalente), 78 Rue du Faubourg de Neaufles, 27140 Gisors<\/p>\n<p><iframe loading=\"lazy\" style=\"border: 0;\" src=\"https:\/\/www.google.com\/maps\/embed?pb=!1m18!1m12!1m3!1d2602.9119417361703!2d1.7647749156892967!3d49.27806577933085!2m3!1f0!2f0!3f0!3m2!1i1024!2i768!4f13.1!3m3!1m2!1s0x47e6de027cf62bdf%3A0x2ec1fddde3ad9ab3!2s78+Rue+du+Faubourg+de+Neaufles%2C+27140+Gisors!5e0!3m2!1sfr!2sfr!4v1555717435925!5m2!1sfr!2sfr\" width=\"600\" height=\"450\" frameborder=\"0\" allowfullscreen=\"allowfullscreen\"><\/iframe><\/p>\n<p>&nbsp;<\/p>\n<\/div>\n<\/div><\/div><\/div><\/div><div id=\"pgc-130-1-3\"  class=\"panel-grid-cell panel-grid-cell-empty\" ><\/div><\/div><\/div><div id=\"pg-130-2\"  class=\"panel-grid panel-has-style\" ><div class=\"panel-row-style panel-row-style-for-130-2\" ><div id=\"pgc-130-2-0\"  class=\"panel-grid-cell panel-grid-cell-empty\" ><\/div><div id=\"pgc-130-2-1\"  class=\"panel-grid-cell panel-grid-cell-mobile-last\" ><div id=\"panel-130-2-1-0\" class=\"so-panel widget widget_sow-editor panel-first-child panel-last-child\" data-index=\"5\" ><div class=\"panel-widget-style panel-widget-style-for-130-2-1-0\" ><div\n\t\t\t\n\t\t\tclass=\"so-widget-sow-editor so-widget-sow-editor-base\"\n\t\t\t\n\t\t><h3 class=\"widget-title\">Lettre d'information<\/h3>\n<div class=\"siteorigin-widget-tinymce textwidget\">\n\t<p style=\"text-align: justify;\">Pour \u00eatre tenu r\u00e9guli\u00e8rement au courant de l'actualit\u00e9 du Tout Court ! vous pouvez vous inscrire \u00e0 la lettre d'information.&nbsp;<\/p>\n<p style=\"text-align: justify;\"><script>(function() {\n\twindow.mc4wp = window.mc4wp || {\n\t\tlisteners: [],\n\t\tforms: {\n\t\t\ton: function(evt, cb) {\n\t\t\t\twindow.mc4wp.listeners.push(\n\t\t\t\t\t{\n\t\t\t\t\t\tevent   : evt,\n\t\t\t\t\t\tcallback: cb\n\t\t\t\t\t}\n\t\t\t\t);\n\t\t\t}\n\t\t}\n\t}\n})();\n<\/script><!-- Mailchimp for WordPress v4.11.1 - https:\/\/wordpress.org\/plugins\/mailchimp-for-wp\/ --><form id=\"mc4wp-form-1\" class=\"mc4wp-form mc4wp-form-716\" method=\"post\" data-id=\"716\" data-name=\"Lettre d&#039;information du Tout Court de Gisors\" ><div class=\"mc4wp-form-fields\"><p>\r\n\t<label>Adresse e-mail: <\/label>\r\n\t<input type=\"email\" name=\"EMAIL\" placeholder=\"Votre adresse mail\" required \/>\r\n  <\/p>\r\n<p><align=right>\r\n  \t<input type=\"submit\" value=\"Abonnez-vous\" \/>\r\n  <\/align>\r\n<\/p><\/div><label style=\"display: none !important;\">Leave this field empty if you're human: <input type=\"text\" name=\"_mc4wp_honeypot\" value=\"\" tabindex=\"-1\" autocomplete=\"off\" \/><\/label><input type=\"hidden\" name=\"_mc4wp_timestamp\" value=\"1778331596\" \/><input type=\"hidden\" name=\"_mc4wp_form_id\" value=\"716\" \/><input type=\"hidden\" name=\"_mc4wp_form_element_id\" value=\"mc4wp-form-1\" \/><div class=\"mc4wp-response\"><\/div><\/form><!-- \/ Mailchimp for WordPress Plugin --><\/p>\n<p style=\"text-align: justify;\">Fr\u00e9quence des courriels selon activit\u00e9: en moyenne un \u00e0 deux par mois, un peu plus \u00e0 l'approche d'une \u00e9dition du festival.<\/p>\n<\/div>\n<\/div><\/div><\/div><\/div><div id=\"pgc-130-2-2\"  class=\"panel-grid-cell panel-grid-cell-empty\" ><\/div><\/div><\/div><div id=\"pg-130-3\"  class=\"panel-grid panel-no-style\" ><div id=\"pgc-130-3-0\"  class=\"panel-grid-cell\" ><div id=\"panel-130-3-0-0\" class=\"so-panel widget widget_text panel-first-child panel-last-child\" data-index=\"6\" >\t\t\t<div class=\"textwidget\"><style>.entry-title {display:none;}<\/style> <\/div>\n\t\t<\/div><\/div><\/div><\/div>","protected":false},"excerpt":{"rendered":"<p>Contacts \/ Pratique \/ R\u00e9servation Tarifs et billetterie <\/p>\n<p>Les tarifs de l&#8217;\u00e9dition 2026 seront prochainement disponible.&nbsp;<\/p>\n<p>Vous pouvez acheter vos billets sur place ou bien <a href=\"https:\/\/toutcourtfestival.fr\/index.php\/billetterie-en-ligne\/\">ici en ligne.<\/a><\/p>\n<p> Nous contacter <\/p>\n<p>Nos adresses email\u00a0: <strong>contact<\/strong>@<strong>toutcourtfestival.fr et <\/strong><strong>secretariat<\/strong>@<strong>toutcourtfestival.fr.<\/strong><\/p>\n<p>Notre adresse postale\u00a0: 1 rue du Cornouiller 27150 H\u00e9b\u00e9court <\/p>\n<p>Ou bien utilisez le formulaire\u00a0:<\/p>\n<p> Nom ou pseudonyme Email &hellip; <\/p>\n<p><a class=\"more-link btn\" href=\"https:\/\/toutcourtfestival.fr\/index.php\/contacts-et-pratique\/\">Continue reading<\/a><\/p>\n","protected":false},"author":1,"featured_media":0,"parent":0,"menu_order":0,"comment_status":"closed","ping_status":"closed","template":"","meta":{"ngg_post_thumbnail":0,"jetpack_post_was_ever_published":false,"footnotes":""},"class_list":["post-130","page","type-page","status-publish","hentry","nodate","item-wrap"],"jetpack_sharing_enabled":true,"jetpack_shortlink":"https:\/\/wp.me\/P8k6iw-26","jetpack_likes_enabled":true,"_links":{"self":[{"href":"https:\/\/toutcourtfestival.fr\/index.php\/wp-json\/wp\/v2\/pages\/130","targetHints":{"allow":["GET"]}}],"collection":[{"href":"https:\/\/toutcourtfestival.fr\/index.php\/wp-json\/wp\/v2\/pages"}],"about":[{"href":"https:\/\/toutcourtfestival.fr\/index.php\/wp-json\/wp\/v2\/types\/page"}],"author":[{"embeddable":true,"href":"https:\/\/toutcourtfestival.fr\/index.php\/wp-json\/wp\/v2\/users\/1"}],"replies":[{"embeddable":true,"href":"https:\/\/toutcourtfestival.fr\/index.php\/wp-json\/wp\/v2\/comments?post=130"}],"version-history":[{"count":13,"href":"https:\/\/toutcourtfestival.fr\/index.php\/wp-json\/wp\/v2\/pages\/130\/revisions"}],"predecessor-version":[{"id":10185,"href":"https:\/\/toutcourtfestival.fr\/index.php\/wp-json\/wp\/v2\/pages\/130\/revisions\/10185"}],"wp:attachment":[{"href":"https:\/\/toutcourtfestival.fr\/index.php\/wp-json\/wp\/v2\/media?parent=130"}],"curies":[{"name":"wp","href":"https:\/\/api.w.org\/{rel}","templated":true}]}}