{"id":2411,"date":"2017-06-17T11:16:35","date_gmt":"2017-06-17T09:16:35","guid":{"rendered":"http:\/\/toutcourtfestival.fr\/?page_id=2411"},"modified":"2017-06-22T16:06:06","modified_gmt":"2017-06-22T14:06:06","slug":"ceremonie-douverture","status":"publish","type":"page","link":"https:\/\/toutcourtfestival.fr\/index.php\/tout-court-2017\/selections-2017\/ceremonie-douverture\/","title":{"rendered":"C\u00e9r\u00e9monie d&#8217;ouverture"},"content":{"rendered":"<div id=\"pl-2411\"  class=\"panel-layout\" ><div id=\"pg-2411-0\"  class=\"panel-grid panel-no-style\" ><div id=\"pgc-2411-0-0\"  class=\"panel-grid-cell\" ><div id=\"panel-2411-0-0-0\" class=\"so-panel widget widget_sow-headline panel-first-child panel-last-child\" data-index=\"0\" ><div\n\t\t\t\n\t\t\tclass=\"so-widget-sow-headline so-widget-sow-headline-default-1a3c0a56c48b-2411\"\n\t\t\t\n\t\t><div class=\"sow-headline-container \">\n\t\t\t\t\t\t\t<h1 class=\"sow-headline\">\n\t\t\t\t\t\tC\u00e9r\u00e9monie d'ouverture\t\t\t\t\t\t<\/h1>\n\t\t\t\t\t\t\t\t\t\t\t<div class=\"decoration\">\n\t\t\t\t\t\t<div class=\"decoration-inside\"><\/div>\n\t\t\t\t\t<\/div>\n\t\t\t\t\t<\/div>\n<\/div><\/div><\/div><\/div><div id=\"pg-2411-1\"  class=\"panel-grid panel-no-style\" ><div id=\"pgc-2411-1-0\"  class=\"panel-grid-cell panel-grid-cell-empty\" ><\/div><div id=\"pgc-2411-1-1\"  class=\"panel-grid-cell panel-grid-cell-mobile-last\" ><div id=\"panel-2411-1-1-0\" class=\"so-panel widget widget_sow-editor panel-first-child panel-last-child\" data-index=\"1\" ><div\n\t\t\t\n\t\t\tclass=\"so-widget-sow-editor so-widget-sow-editor-base\"\n\t\t\t\n\t\t>\n<div class=\"siteorigin-widget-tinymce textwidget\">\n\t<p style=\"text-align: justify;\"><span style=\"font-size: 12pt;\">Pour ouvrir le festival lors de la c\u00e9r\u00e9monie d'ouverture vendredi 7 au soir, nous vous projetons \"Avant que de tout perdre\", court-m\u00e9trage de Xavier Legrand produit par notre parrain Alexandre Gavras, avec entre autres L\u00e9a Drucker et Denis M\u00e9nochet. Ce film a re\u00e7u de nombreux prix dans les plus grands festival de France et \u00e0 l'international, dont le C\u00e9sar du meilleurs court-m\u00e9trage 2014. <\/span><\/p>\n<p style=\"text-align: justify;\"><span style=\"font-size: 12pt;\">Depuis, la m\u00eame \u00e9quipe a produit un long-m\u00e9trage reprenant l'univers du court et qui sortira \u00e0 la rentr\u00e9e, o\u00f9 le r\u00f4le principal est tenu par... un jeune acteur Gisorsien de 13 ans, membre de la direction artistique du Tout Court !<\/span><\/p>\n<p><span style=\"font-size: 16px;\">Notre festival accorde une grande place \u00e0 la cr\u00e9ation amateur. Pour compl\u00e9ter cette c\u00e9r\u00e9monie, les jeunes de l'atelier Cin\u00e9macam - qui sont par ailleurs les directeurs du festival - vous montreront leur dernier \"48h\" (film r\u00e9alis\u00e9 pour les 48h film project de Paris) suivi de son making-of, r\u00e9cit d'un marathon de cin\u00e9ma et d'une belle aventure humaine !<\/span><\/p>\n<p style=\"text-align: justify;\"><span style=\"font-size: 12pt;\">La soir\u00e9e devrait se d\u00e9rouler en pr\u00e9sence de Alexandre Gavras (\u00e0 confirmer).<\/span><\/p>\n<h1 style=\"text-align: center;\"><strong>C\u00e9r\u00e9monie d'ouverture:<\/strong><\/h1>\n<p style=\"text-align: center;\"><span style=\"font-size: 12pt;\">Vendredi 07\/07 19h30 - Salle des f\u00eates<\/p>\n<p><\/span><\/p>\n<\/div>\n<\/div><\/div><\/div><div id=\"pgc-2411-1-2\"  class=\"panel-grid-cell panel-grid-cell-empty\" ><\/div><\/div><div id=\"pg-2411-2\"  class=\"panel-grid panel-no-style\" ><div id=\"pgc-2411-2-0\"  class=\"panel-grid-cell\" ><div id=\"panel-2411-2-0-0\" class=\"so-panel widget widget_sow-headline panel-first-child panel-last-child\" data-index=\"2\" ><div\n\t\t\t\n\t\t\tclass=\"so-widget-sow-headline so-widget-sow-headline-default-6090f20097d1-2411\"\n\t\t\t\n\t\t><div class=\"sow-headline-container \">\n\t\t\t\t\t\t<div class=\"decoration\">\n\t\t\t\t\t\t<div class=\"decoration-inside\"><\/div>\n\t\t\t\t\t<\/div>\n\t\t\t\t\t<\/div>\n<\/div><\/div><\/div><\/div><div id=\"pg-2411-3\"  class=\"panel-grid panel-has-style\" ><div class=\"panel-row-style panel-row-style-for-2411-3\" ><div id=\"pgc-2411-3-0\"  class=\"panel-grid-cell\" ><div id=\"panel-2411-3-0-0\" class=\"so-panel widget widget_sow-image panel-first-child panel-last-child\" data-index=\"3\" ><div\n\t\t\t\n\t\t\tclass=\"so-widget-sow-image so-widget-sow-image-default-8b5b6f678277-2411\"\n\t\t\t\n\t\t>\n<div class=\"sow-image-container\">\n\t\t<img \n\tsrc=\"https:\/\/i0.wp.com\/toutcourtfestival.fr\/wp-content\/uploads\/2017\/06\/M%C3%AAme-pas-peur-BQ.jpg?fit=1280%2C720&amp;ssl=1\" width=\"1280\" height=\"720\" title=\"M\u00eame pas peur (BQ)\" alt=\"\" \t\tclass=\"so-widget-image\"\/>\n\t<\/div>\n\n<\/div><\/div><\/div><div id=\"pgc-2411-3-1\"  class=\"panel-grid-cell\" ><div id=\"panel-2411-3-1-0\" class=\"so-panel widget widget_sow-editor panel-first-child panel-last-child\" data-index=\"4\" ><div\n\t\t\t\n\t\t\tclass=\"so-widget-sow-editor so-widget-sow-editor-base\"\n\t\t\t\n\t\t>\n<div class=\"siteorigin-widget-tinymce textwidget\">\n\t<h1 style=\"text-align: justify;\"><strong>M\u00eame pas peur<\/strong><\/h1>\n<p style=\"text-align: justify;\"><span style=\"font-size: 12pt;\"><em><strong>Thomas F. et LucaR \/ atelier Cin\u00e9macam<\/strong>&nbsp;- 4'54<\/em><\/span><\/p>\n<p style=\"text-align: justify;\"><span style=\"font-size: 12pt;\">Des ados s'amusent \u00e0 faire peur \u00e0 un enfant en lui racontant une histoire d'\u00e9pouvante... Mais est-ce vraiment une histoire?<\/span><\/p>\n<p>Film r\u00e9alis\u00e9 pour les \"48h film project\". Visible en ligne :&nbsp;<a href=\"https:\/\/www.youtube.com\/watch?v=C6ftWoETWZo\" target=\"_blank\" rel=\"noopener\">https:\/\/www.youtube.com\/watch?v=C6ftWoETWZo<\/a><\/p>\n<\/div>\n<\/div><\/div><\/div><\/div><\/div><div id=\"pg-2411-4\"  class=\"panel-grid panel-has-style\" ><div class=\"panel-row-style panel-row-style-for-2411-4\" ><div id=\"pgc-2411-4-0\"  class=\"panel-grid-cell\" ><div id=\"panel-2411-4-0-0\" class=\"so-panel widget widget_sow-image panel-first-child panel-last-child\" data-index=\"5\" ><div\n\t\t\t\n\t\t\tclass=\"so-widget-sow-image so-widget-sow-image-default-8b5b6f678277-2411\"\n\t\t\t\n\t\t>\n<div class=\"sow-image-container\">\n\t\t<img \n\tsrc=\"https:\/\/i0.wp.com\/toutcourtfestival.fr\/wp-content\/uploads\/2017\/06\/CDA-00185.png?fit=1920%2C1090&amp;ssl=1\" width=\"1920\" height=\"1090\" srcset=\"https:\/\/i0.wp.com\/toutcourtfestival.fr\/wp-content\/uploads\/2017\/06\/CDA-00185.png?w=1920&amp;ssl=1 1920w, https:\/\/i0.wp.com\/toutcourtfestival.fr\/wp-content\/uploads\/2017\/06\/CDA-00185.png?resize=300%2C170&amp;ssl=1 300w, https:\/\/i0.wp.com\/toutcourtfestival.fr\/wp-content\/uploads\/2017\/06\/CDA-00185.png?resize=768%2C436&amp;ssl=1 768w, https:\/\/i0.wp.com\/toutcourtfestival.fr\/wp-content\/uploads\/2017\/06\/CDA-00185.png?resize=1024%2C581&amp;ssl=1 1024w\" alt=\"\" \t\tclass=\"so-widget-image\"\/>\n\t<\/div>\n\n<\/div><\/div><\/div><div id=\"pgc-2411-4-1\"  class=\"panel-grid-cell\" ><div id=\"panel-2411-4-1-0\" class=\"so-panel widget widget_sow-editor panel-first-child panel-last-child\" data-index=\"6\" ><div\n\t\t\t\n\t\t\tclass=\"so-widget-sow-editor so-widget-sow-editor-base\"\n\t\t\t\n\t\t>\n<div class=\"siteorigin-widget-tinymce textwidget\">\n\t<h1 style=\"text-align: justify;\"><strong>Faire un film en 48h !<\/strong><\/h1>\n<p style=\"text-align: justify;\"><span style=\"font-size: 12pt;\"><em><strong>Atelier Cin\u00e9macam<\/strong>&nbsp;- 15'57<\/em><\/span><\/p>\n<p style=\"text-align: justify;\"><span style=\"font-size: 12pt;\">Les jeunes de l'atelier Cin\u00e9macam ont fait un film en 48h chrono! R\u00e9cit d'un marathon de cin\u00e9ma et d'une belle aventure humaine.<\/span><\/p>\n<p>Visible en ligne:<a href=\"https:\/\/www.youtube.com\/watch?v=QgQPsuuSLNE\">&nbsp;<\/a><a href=\"https:\/\/www.youtube.com\/watch?v=QgQPsuuSLNE\" target=\"_blank\" rel=\"noopener\">https:\/\/www.youtube.com\/watch?v=QgQPsuuSLNE. <\/a><\/p>\n<\/div>\n<\/div><\/div><\/div><\/div><\/div><div id=\"pg-2411-5\"  class=\"panel-grid panel-has-style\" ><div class=\"panel-row-style panel-row-style-for-2411-5\" ><div id=\"pgc-2411-5-0\"  class=\"panel-grid-cell\" ><div id=\"panel-2411-5-0-0\" class=\"so-panel widget widget_sow-image panel-first-child panel-last-child\" data-index=\"7\" ><div\n\t\t\t\n\t\t\tclass=\"so-widget-sow-image so-widget-sow-image-default-8b5b6f678277-2411\"\n\t\t\t\n\t\t>\n<div class=\"sow-image-container\">\n\t\t<img \n\tsrc=\"https:\/\/i0.wp.com\/toutcourtfestival.fr\/wp-content\/uploads\/2017\/06\/ca-sent-la-releve-xavier-legrand-realsiateur-de-avant-que-de-tout-perdreM106879.jpg?fit=455%2C224&amp;ssl=1\" width=\"455\" height=\"224\" srcset=\"https:\/\/i0.wp.com\/toutcourtfestival.fr\/wp-content\/uploads\/2017\/06\/ca-sent-la-releve-xavier-legrand-realsiateur-de-avant-que-de-tout-perdreM106879.jpg?w=455&amp;ssl=1 455w, https:\/\/i0.wp.com\/toutcourtfestival.fr\/wp-content\/uploads\/2017\/06\/ca-sent-la-releve-xavier-legrand-realsiateur-de-avant-que-de-tout-perdreM106879.jpg?resize=300%2C148&amp;ssl=1 300w\" title=\"ca-sent-la-releve-xavier-legrand-realsiateur-de-avant-que-de-tout-perdre,M106879\" alt=\"\" \t\tclass=\"so-widget-image\"\/>\n\t<\/div>\n\n<\/div><\/div><\/div><div id=\"pgc-2411-5-1\"  class=\"panel-grid-cell\" ><div id=\"panel-2411-5-1-0\" class=\"so-panel widget widget_sow-editor panel-first-child panel-last-child\" data-index=\"8\" ><div\n\t\t\t\n\t\t\tclass=\"so-widget-sow-editor so-widget-sow-editor-base\"\n\t\t\t\n\t\t>\n<div class=\"siteorigin-widget-tinymce textwidget\">\n\t<h1 style=\"text-align: justify;\"><strong>Avant que de tout perdre<\/strong><\/h1>\n<p style=\"text-align: justify;\"><span style=\"font-size: 12pt;\"><em>Drame de <strong>Xavier Legrand<\/strong>&nbsp;- 31'<\/em><\/span><\/p>\n<p style=\"text-align: justify;\"><span style=\"font-size: 12pt;\">Un jeune gar\u00e7on fait mine de se rendre \u00e0 l'\u00e9cole et se cache sous un pont. Une adolescente en larmes attend prostr\u00e9e sur le banc d\u2019un arr\u00eat de bus. Une femme vient les chercher tour \u00e0 tour et les conduit sur le parking d'un hypermarch\u00e9. Les enfants sortent du v\u00e9hicule, la femme ouvre le coffre pour en extraire un gros sac poubelle. Ils entrent alors tous les trois pr\u00e9cipitamment dans le magasin\u2026<\/span><\/p>\n<p><span style=\"font-size: 12pt;\"><em>Avec l'aimable autorisation de KG Productions et Alexandre Gavras.<\/em><\/span><\/p>\n<\/div>\n<\/div><\/div><\/div><\/div><\/div><div id=\"pg-2411-6\"  class=\"panel-grid panel-no-style\" ><div id=\"pgc-2411-6-0\"  class=\"panel-grid-cell\" ><div id=\"panel-2411-6-0-0\" class=\"so-panel widget widget_text panel-first-child panel-last-child\" data-index=\"9\" >\t\t\t<div class=\"textwidget\"><style>.entry-title {display:none;}<\/style>\n<\/div>\n\t\t<\/div><\/div><\/div><\/div>","protected":false},"excerpt":{"rendered":"<p>C\u00e9r\u00e9monie d&#8217;ouverture <\/p>\n<p style=\"text-align: justify;\">Pour ouvrir le festival lors de la c\u00e9r\u00e9monie d&#8217;ouverture vendredi 7 au soir, nous vous projetons &#8220;Avant que de tout perdre&#8221;, court-m\u00e9trage de Xavier Legrand produit par notre parrain Alexandre Gavras, avec entre autres L\u00e9a Drucker et Denis M\u00e9nochet. Ce film a re\u00e7u de nombreux prix dans les plus grands festival &hellip; <\/p>\n<p><a class=\"more-link btn\" href=\"https:\/\/toutcourtfestival.fr\/index.php\/tout-court-2017\/selections-2017\/ceremonie-douverture\/\">Continue reading<\/a><\/p>\n","protected":false},"author":1,"featured_media":0,"parent":1654,"menu_order":0,"comment_status":"closed","ping_status":"closed","template":"","meta":{"ngg_post_thumbnail":0,"jetpack_post_was_ever_published":false,"footnotes":""},"class_list":["post-2411","page","type-page","status-publish","hentry","nodate","item-wrap"],"jetpack_sharing_enabled":true,"jetpack_shortlink":"https:\/\/wp.me\/P8k6iw-CT","jetpack_likes_enabled":true,"_links":{"self":[{"href":"https:\/\/toutcourtfestival.fr\/index.php\/wp-json\/wp\/v2\/pages\/2411","targetHints":{"allow":["GET"]}}],"collection":[{"href":"https:\/\/toutcourtfestival.fr\/index.php\/wp-json\/wp\/v2\/pages"}],"about":[{"href":"https:\/\/toutcourtfestival.fr\/index.php\/wp-json\/wp\/v2\/types\/page"}],"author":[{"embeddable":true,"href":"https:\/\/toutcourtfestival.fr\/index.php\/wp-json\/wp\/v2\/users\/1"}],"replies":[{"embeddable":true,"href":"https:\/\/toutcourtfestival.fr\/index.php\/wp-json\/wp\/v2\/comments?post=2411"}],"version-history":[{"count":0,"href":"https:\/\/toutcourtfestival.fr\/index.php\/wp-json\/wp\/v2\/pages\/2411\/revisions"}],"up":[{"embeddable":true,"href":"https:\/\/toutcourtfestival.fr\/index.php\/wp-json\/wp\/v2\/pages\/1654"}],"wp:attachment":[{"href":"https:\/\/toutcourtfestival.fr\/index.php\/wp-json\/wp\/v2\/media?parent=2411"}],"curies":[{"name":"wp","href":"https:\/\/api.w.org\/{rel}","templated":true}]}}