{"id":2784,"date":"2017-06-23T11:20:11","date_gmt":"2017-06-23T09:20:11","guid":{"rendered":"http:\/\/toutcourtfestival.fr\/?page_id=2784"},"modified":"2017-06-23T13:00:03","modified_gmt":"2017-06-23T11:00:03","slug":"atelierscinema","status":"publish","type":"page","link":"https:\/\/toutcourtfestival.fr\/index.php\/atelierscinema\/","title":{"rendered":"Ateliers Cin\u00e9ma"},"content":{"rendered":"<div id=\"pl-2784\"  class=\"panel-layout\" ><div id=\"pg-2784-0\"  class=\"panel-grid panel-no-style\" ><div id=\"pgc-2784-0-0\"  class=\"panel-grid-cell\" ><div id=\"panel-2784-0-0-0\" class=\"so-panel widget widget_sow-headline panel-first-child panel-last-child\" data-index=\"0\" ><div\n\t\t\t\n\t\t\tclass=\"so-widget-sow-headline so-widget-sow-headline-default-1a3c0a56c48b-2784\"\n\t\t\t\n\t\t><div class=\"sow-headline-container \">\n\t\t\t\t\t\t\t<h1 class=\"sow-headline\">\n\t\t\t\t\t\tAteliers pratiques: Animation et Effets Sp\u00e9ciaux\t\t\t\t\t\t<\/h1>\n\t\t\t\t\t\t\t\t\t\t\t<div class=\"decoration\">\n\t\t\t\t\t\t<div class=\"decoration-inside\"><\/div>\n\t\t\t\t\t<\/div>\n\t\t\t\t\t<\/div>\n<\/div><\/div><\/div><\/div><div id=\"pg-2784-1\"  class=\"panel-grid panel-no-style\" ><div id=\"pgc-2784-1-0\"  class=\"panel-grid-cell panel-grid-cell-empty\" ><\/div><div id=\"pgc-2784-1-1\"  class=\"panel-grid-cell panel-grid-cell-mobile-last\" ><div id=\"panel-2784-1-1-0\" class=\"so-panel widget widget_sow-editor panel-first-child panel-last-child\" data-index=\"1\" ><div\n\t\t\t\n\t\t\tclass=\"so-widget-sow-editor so-widget-sow-editor-base\"\n\t\t\t\n\t\t>\n<div class=\"siteorigin-widget-tinymce textwidget\">\n\t<p style=\"text-align: justify;\"><span style=\"font-size: 12pt;\">Le Tout Court ! vous propose des ateliers cin\u00e9ma! Anim\u00e9s par des professionnels, ils sont tr\u00e8s orient\u00e9s pratique: vous manipulez le mat\u00e9riel et vous apprenez \u00e0 cr\u00e9er par l'exemple ! Ils ont lieu le samedi 8 juillet au Lyc\u00e9e Louise Michel. Ils sont accessibles \u00e0 tous, adultes et enfants \u00e0 partir de 8\/9 ans environs.<\/span><\/p>\n<p style=\"text-align: justify;\"><span style=\"font-size: 12pt;\"><span style=\"text-decoration: underline;\">Attention<\/span>: nombre de places limit\u00e9es, ne tardez pas \u00e0 vous inscrire!<\/span><\/p>\n<p><span style=\"font-size: 12pt;\">Tarif: <strong>5\u20ac tarif unique<\/strong> par atelier. R\u00e9servations <a href=\"https:\/\/www.weezevent.com\/tout-court-festival-du-court-metrage-de-gisors\">en cliquant ici<\/a>, par le formulaire en bas de cette page, par email sur contact (arrobas) cinejeunesgisors.fr ou \u00e0 l\u2019accueil du festival Salle-des-F\u00eates pendant le festival (s'il reste des places!).&nbsp;<\/span><\/p>\n<h1 style=\"text-align: center;\"><strong>Ateliers Cin\u00e9ma :<\/strong><\/h1>\n<p style=\"text-align: center;\"><span style=\"font-size: 12pt;\"><strong>Atelier Animation :<\/strong> Samedi 08\/07 10h30-15h00 - Lyc\u00e9e Louise Michel, 47 route de Dieppe, Gisors<\/span><br \/><span style=\"font-size: 12pt;\"><strong>Atelier Effets Sp\u00e9ciaux :<\/strong> Samedi 08\/07 15h30-18h30 - Lyc\u00e9e Louise Michel,&nbsp;47 route de Dieppe, Gisors<\/span><\/p>\n<\/div>\n<\/div><\/div><\/div><div id=\"pgc-2784-1-2\"  class=\"panel-grid-cell panel-grid-cell-empty\" ><\/div><\/div><div id=\"pg-2784-2\"  class=\"panel-grid panel-no-style\" ><div id=\"pgc-2784-2-0\"  class=\"panel-grid-cell\" ><div id=\"panel-2784-2-0-0\" class=\"so-panel widget widget_sow-headline panel-first-child panel-last-child\" data-index=\"2\" ><div\n\t\t\t\n\t\t\tclass=\"so-widget-sow-headline so-widget-sow-headline-default-6090f20097d1-2784\"\n\t\t\t\n\t\t><div class=\"sow-headline-container \">\n\t\t\t\t\t\t<div class=\"decoration\">\n\t\t\t\t\t\t<div class=\"decoration-inside\"><\/div>\n\t\t\t\t\t<\/div>\n\t\t\t\t\t<\/div>\n<\/div><\/div><\/div><\/div><div id=\"pg-2784-3\"  class=\"panel-grid panel-has-style\" ><div class=\"panel-row-style panel-row-style-for-2784-3\" ><div id=\"pgc-2784-3-0\"  class=\"panel-grid-cell\" ><div id=\"panel-2784-3-0-0\" class=\"so-panel widget widget_sow-image panel-first-child panel-last-child\" data-index=\"3\" ><div\n\t\t\t\n\t\t\tclass=\"so-widget-sow-image so-widget-sow-image-default-8b5b6f678277-2784\"\n\t\t\t\n\t\t>\n<div class=\"sow-image-container\">\n\t\t<img \n\tsrc=\"https:\/\/i0.wp.com\/toutcourtfestival.fr\/wp-content\/uploads\/2017\/06\/20170429_1505041.jpg?fit=1400%2C787&amp;ssl=1\" width=\"1400\" height=\"787\" srcset=\"https:\/\/i0.wp.com\/toutcourtfestival.fr\/wp-content\/uploads\/2017\/06\/20170429_1505041.jpg?w=1400&amp;ssl=1 1400w, https:\/\/i0.wp.com\/toutcourtfestival.fr\/wp-content\/uploads\/2017\/06\/20170429_1505041.jpg?resize=300%2C169&amp;ssl=1 300w, https:\/\/i0.wp.com\/toutcourtfestival.fr\/wp-content\/uploads\/2017\/06\/20170429_1505041.jpg?resize=768%2C432&amp;ssl=1 768w, https:\/\/i0.wp.com\/toutcourtfestival.fr\/wp-content\/uploads\/2017\/06\/20170429_1505041.jpg?resize=1024%2C576&amp;ssl=1 1024w\" title=\"Atelier Animation (Nicolas Bellanger)\" alt=\"\" \t\tclass=\"so-widget-image\"\/>\n\t<\/div>\n\n<\/div><\/div><\/div><div id=\"pgc-2784-3-1\"  class=\"panel-grid-cell\" ><div id=\"panel-2784-3-1-0\" class=\"so-panel widget widget_sow-editor panel-first-child panel-last-child\" data-index=\"4\" ><div\n\t\t\t\n\t\t\tclass=\"so-widget-sow-editor so-widget-sow-editor-base\"\n\t\t\t\n\t\t>\n<div class=\"siteorigin-widget-tinymce textwidget\">\n\t<h1 style=\"text-align: justify;\"><strong>Atelier Animation<\/strong><\/h1>\n<p style=\"text-align: justify;\"><span style=\"font-size: 12pt;\"><em>Anim\u00e9 par le r\u00e9alisateur <strong>Nicolas Bellanger<\/strong> - Samedi 8 juillet 10h30 -15h<\/em><\/span><\/p>\n<p style=\"text-align: justify;\"><span style=\"font-size: 12pt;\">Animation, pixillation, stop-motion, pelure d'oignon... Tout cela n'aura plus de secret pour vous apr\u00e8s avoir manipul\u00e9 et cr\u00e9\u00e9 vos propres animations! &nbsp;<a href=\"http:\/\/ressources.acap-cinema.com\/atelier-cinema-danimation\/\">Voir plus de d\u00e9tails ici sur les ateliers de Nicolas Bellanger<\/a>. Limit\u00e9 \u00e0 10 participants. Pr\u00e9voir un sandwich pour votre d\u00e9jeuner!<\/span><\/p>\n<\/div>\n<\/div><\/div><\/div><\/div><\/div><div id=\"pg-2784-4\"  class=\"panel-grid panel-has-style\" ><div class=\"panel-row-style panel-row-style-for-2784-4\" ><div id=\"pgc-2784-4-0\"  class=\"panel-grid-cell\" ><div id=\"panel-2784-4-0-0\" class=\"so-panel widget widget_sow-image panel-first-child panel-last-child\" data-index=\"5\" ><div\n\t\t\t\n\t\t\tclass=\"so-widget-sow-image so-widget-sow-image-default-8b5b6f678277-2784\"\n\t\t\t\n\t\t>\n<div class=\"sow-image-container\">\n\t\t<img \n\tsrc=\"https:\/\/i0.wp.com\/toutcourtfestival.fr\/wp-content\/uploads\/2017\/06\/20170318_162605.jpg?fit=3264%2C1836&amp;ssl=1\" width=\"3264\" height=\"1836\" srcset=\"https:\/\/i0.wp.com\/toutcourtfestival.fr\/wp-content\/uploads\/2017\/06\/20170318_162605.jpg?w=3264&amp;ssl=1 3264w, https:\/\/i0.wp.com\/toutcourtfestival.fr\/wp-content\/uploads\/2017\/06\/20170318_162605.jpg?resize=300%2C169&amp;ssl=1 300w, https:\/\/i0.wp.com\/toutcourtfestival.fr\/wp-content\/uploads\/2017\/06\/20170318_162605.jpg?resize=768%2C432&amp;ssl=1 768w, https:\/\/i0.wp.com\/toutcourtfestival.fr\/wp-content\/uploads\/2017\/06\/20170318_162605.jpg?resize=1024%2C576&amp;ssl=1 1024w, https:\/\/i0.wp.com\/toutcourtfestival.fr\/wp-content\/uploads\/2017\/06\/20170318_162605.jpg?w=2740&amp;ssl=1 2740w\" title=\"Atelier Effets Sp\u00e9ciaux (Laurent Suter)\" alt=\"\" \t\tclass=\"so-widget-image\"\/>\n\t<\/div>\n\n<\/div><\/div><\/div><div id=\"pgc-2784-4-1\"  class=\"panel-grid-cell\" ><div id=\"panel-2784-4-1-0\" class=\"so-panel widget widget_sow-editor panel-first-child panel-last-child\" data-index=\"6\" ><div\n\t\t\t\n\t\t\tclass=\"so-widget-sow-editor so-widget-sow-editor-base\"\n\t\t\t\n\t\t>\n<div class=\"siteorigin-widget-tinymce textwidget\">\n\t<h1 style=\"text-align: justify;\"><strong>Atelier Effets Sp\u00e9ciaux<\/strong><\/h1>\n<p><span style=\"font-size: 12pt;\"><em>Anim\u00e9 par le r\u00e9alisateur <strong>Laurent Suter<\/strong> - Samedi 8 juillet de 15h30 - 18h30<\/em><\/span><\/p>\n<p style=\"text-align: justify;\"><span style=\"font-size: 12pt;\">Depuis M\u00e9li\u00e8s le cin\u00e9ma est une source in\u00e9puisable d'inventivit\u00e9: comment faire de la magie au Cin\u00e9ma et cr\u00e9er du r\u00eave ! Laurent Suter vous d\u00e9voilera quelques ficelles du m\u00e9tier par la pratique et l'exp\u00e9rimentation. Plus de d\u00e9tails concernant les ateliers de Laurent Suter <a href=\"https:\/\/vimeo.com\/183626649\">sur cette vid\u00e9o.<\/a><\/span><\/p>\n<\/div>\n<\/div><\/div><\/div><\/div><\/div><div id=\"pg-2784-5\"  class=\"panel-grid panel-no-style\" ><div id=\"pgc-2784-5-0\"  class=\"panel-grid-cell\" ><div id=\"panel-2784-5-0-0\" class=\"so-panel widget widget_sow-editor panel-first-child panel-last-child\" data-index=\"7\" ><div\n\t\t\t\n\t\t\tclass=\"so-widget-sow-editor so-widget-sow-editor-base\"\n\t\t\t\n\t\t>\n<div class=\"siteorigin-widget-tinymce textwidget\">\n\t<p><a title=\"Logiciel billetterie en ligne\" href=\"https:\/\/www.weezevent.com\/\/?c=sys_widget\" class=\"weezevent-widget-integration\" target=\"_blank\" data-src=\"https:\/\/www.weezevent.com\/widget_billeterie.php?id_evenement=257326&lg_billetterie=1&code=50867&resize=1&width_auto=1&color_primary=00AEEF\" data-width=\"650\" data-height=\"600\" data-id=\"257326\" data-resize=\"1\" data-width_auto=\"1\" data-noscroll=\"0\" data-nopb=\"0\">Billetterie Weezevent<\/a><script type=\"text\/javascript\" src=\"https:\/\/www.weezevent.com\/js\/widget\/min\/widget.min.js\"><\/script><\/p>\n<\/div>\n<\/div><\/div><\/div><\/div><div id=\"pg-2784-6\"  class=\"panel-grid panel-no-style\" ><div id=\"pgc-2784-6-0\"  class=\"panel-grid-cell\" ><div id=\"panel-2784-6-0-0\" class=\"so-panel widget widget_text panel-first-child panel-last-child\" data-index=\"8\" >\t\t\t<div class=\"textwidget\"><style>.entry-title {display:none;}<\/style>\n<\/div>\n\t\t<\/div><\/div><\/div><\/div>","protected":false},"excerpt":{"rendered":"<p>Ateliers pratiques: Animation et Effets Sp\u00e9ciaux <\/p>\n<p style=\"text-align: justify;\">Le Tout Court ! vous propose des ateliers cin\u00e9ma! Anim\u00e9s par des professionnels, ils sont tr\u00e8s orient\u00e9s pratique: vous manipulez le mat\u00e9riel et vous apprenez \u00e0 cr\u00e9er par l&#8217;exemple ! Ils ont lieu le samedi 8 juillet au Lyc\u00e9e Louise Michel. Ils sont accessibles \u00e0 tous, adultes &hellip; <\/p>\n<p><a class=\"more-link btn\" href=\"https:\/\/toutcourtfestival.fr\/index.php\/atelierscinema\/\">Continue reading<\/a><\/p>\n","protected":false},"author":1,"featured_media":0,"parent":0,"menu_order":0,"comment_status":"closed","ping_status":"closed","template":"","meta":{"ngg_post_thumbnail":0,"jetpack_post_was_ever_published":false,"footnotes":""},"class_list":["post-2784","page","type-page","status-publish","hentry","nodate","item-wrap"],"jetpack_sharing_enabled":true,"jetpack_shortlink":"https:\/\/wp.me\/P8k6iw-IU","jetpack_likes_enabled":true,"_links":{"self":[{"href":"https:\/\/toutcourtfestival.fr\/index.php\/wp-json\/wp\/v2\/pages\/2784","targetHints":{"allow":["GET"]}}],"collection":[{"href":"https:\/\/toutcourtfestival.fr\/index.php\/wp-json\/wp\/v2\/pages"}],"about":[{"href":"https:\/\/toutcourtfestival.fr\/index.php\/wp-json\/wp\/v2\/types\/page"}],"author":[{"embeddable":true,"href":"https:\/\/toutcourtfestival.fr\/index.php\/wp-json\/wp\/v2\/users\/1"}],"replies":[{"embeddable":true,"href":"https:\/\/toutcourtfestival.fr\/index.php\/wp-json\/wp\/v2\/comments?post=2784"}],"version-history":[{"count":0,"href":"https:\/\/toutcourtfestival.fr\/index.php\/wp-json\/wp\/v2\/pages\/2784\/revisions"}],"wp:attachment":[{"href":"https:\/\/toutcourtfestival.fr\/index.php\/wp-json\/wp\/v2\/media?parent=2784"}],"curies":[{"name":"wp","href":"https:\/\/api.w.org\/{rel}","templated":true}]}}