{"id":4178,"date":"2017-12-04T17:40:34","date_gmt":"2017-12-04T16:40:34","guid":{"rendered":"http:\/\/toutcourtfestival.fr\/?page_id=4178"},"modified":"2018-06-21T20:37:23","modified_gmt":"2018-06-21T18:37:23","slug":"concours-video-2018","status":"publish","type":"page","link":"https:\/\/toutcourtfestival.fr\/index.php\/appel-a-films-2018\/concours-video-2018\/","title":{"rendered":"Concours vid\u00e9o 2018"},"content":{"rendered":"<div id=\"pl-4178\"  class=\"panel-layout\" ><div id=\"pg-4178-0\"  class=\"panel-grid panel-has-style\" ><div class=\"panel-row-style panel-row-style-for-4178-0\" ><div id=\"pgc-4178-0-0\"  class=\"panel-grid-cell\" ><div id=\"panel-4178-0-0-0\" class=\"so-panel widget widget_sow-headline panel-first-child panel-last-child\" data-index=\"0\" ><div\n\t\t\t\n\t\t\tclass=\"so-widget-sow-headline so-widget-sow-headline-default-6090f20097d1-4178\"\n\t\t\t\n\t\t><div class=\"sow-headline-container \">\n\t\t\t\t\t\t\t<h1 class=\"sow-headline\">\n\t\t\t\t\t\tConcours vid\u00e9o du Tout Court ! \u00e9dition 2018\t\t\t\t\t\t<\/h1>\n\t\t\t\t\t\t\t\t\t\t\t<div class=\"decoration\">\n\t\t\t\t\t\t<div class=\"decoration-inside\"><\/div>\n\t\t\t\t\t<\/div>\n\t\t\t\t\t<\/div>\n<\/div><\/div><\/div><\/div><\/div><div id=\"pg-4178-1\"  class=\"panel-grid panel-no-style\" ><div id=\"pgc-4178-1-0\"  class=\"panel-grid-cell panel-grid-cell-empty\" ><\/div><div id=\"pgc-4178-1-1\"  class=\"panel-grid-cell\" ><div id=\"panel-4178-1-1-0\" class=\"so-panel widget widget_sow-editor panel-first-child panel-last-child\" data-index=\"1\" ><div class=\"panel-widget-style panel-widget-style-for-4178-1-1-0\" ><div\n\t\t\t\n\t\t\tclass=\"so-widget-sow-editor so-widget-sow-editor-base\"\n\t\t\t\n\t\t>\n<div class=\"siteorigin-widget-tinymce textwidget\">\n\t<p style=\"text-align: justify;\">Le Tout Court ! festival du court-m\u00e9trages de Gisors organise un concours vid\u00e9o !<\/p>\n<p style=\"text-align: justify;\"><span style=\"color: #ff0000;\"><strong>Inscriptions closes, merci aux participants !<\/strong><\/span><\/p>\n<p style=\"text-align: justify;\">La remise des prix aura lieu le 8 juillet 2017 pendant le Tout Court !<\/p>\n<p style=\"text-align: justify;\">Le sujet du concours est compos\u00e9 d\u2019un th\u00e8me impos\u00e9, d\u2019un \u00e9l\u00e9ment sc\u00e9naristique impos\u00e9 et d\u2019une phrase de dialogue impos\u00e9e. Cette derni\u00e8re peut \u00eatre prononc\u00e9e ou appara\u00eetre \u00e0 l\u2019\u00e9crit dans le film (hors g\u00e9n\u00e9rique) mais ne doit pas subir de modification.<\/p>\n<ul style=\"text-align: justify;\">\n<li style=\"text-align: justify;\"><strong>Th\u00e8me impos\u00e9 :<\/strong> J'ai menti.<\/li>\n<li style=\"text-align: justify;\"><strong>\u00c9l\u00e9ment sc\u00e9naristique impos\u00e9 :<\/strong> Un chapeau qui vole.<\/li>\n<li style=\"text-align: justify;\"><strong>Phrase de dialogue impos\u00e9e<\/strong> : \"Avec ou sans sucre ?\"<\/li>\n<\/ul>\n<p style=\"text-align: justify;\"><em>Chapeau<\/em> peut \u00eatre entendu au sens large: tout type de couvre-chef.<\/p>\n<p style=\"text-align: justify;\">Les films concourants devront r\u00e9pondre aux <strong>crit\u00e8res suivants :<\/strong><\/p>\n<ul style=\"text-align: justify;\">\n<li>Fiction.<\/li>\n<li>Dur\u00e9e maximale 15 minutes (g\u00e9n\u00e9rique non compris)<\/li>\n<li>Tout public.<\/li>\n<li>Sous-titres fran\u00e7ais pour les films non francophones.<\/li>\n<li>Production dans un contexte amateur. Notamment, le film ne doit pas avoir \u00e9t\u00e9 produit par une entreprise de production commerciale, un organisme de production professionnel (GREC, etc\u2026) ou un organisme de formation professionnelle aux m\u00e9tiers du cin\u00e9ma (\u00e9cole, etc\u2026).<\/li>\n<li>Respect du sujet (voir ci-dessus)<\/li>\n<\/ul>\n<p style=\"text-align: justify;\">Les films d\u2019animation sont accept\u00e9s tout comme les prises de vues r\u00e9elles, aucun genre n\u2019est impos\u00e9.<\/p>\n<\/div>\n<\/div><\/div><\/div><\/div><div id=\"pgc-4178-1-2\"  class=\"panel-grid-cell panel-grid-cell-mobile-last\" ><div id=\"panel-4178-1-2-0\" class=\"so-panel widget widget_sow-editor panel-first-child\" data-index=\"2\" ><div\n\t\t\t\n\t\t\tclass=\"so-widget-sow-editor so-widget-sow-editor-base\"\n\t\t\t\n\t\t>\n<div class=\"siteorigin-widget-tinymce textwidget\">\n\t<p><iframe loading=\"lazy\" src=\"\/\/www.youtube.com\/embed\/wwobku8MkkY\" width=\"560\" height=\"314\" allowfullscreen=\"allowfullscreen\"><\/iframe><\/p>\n<\/div>\n<\/div><\/div><div id=\"panel-4178-1-2-1\" class=\"so-panel widget widget_sow-editor panel-last-child\" data-index=\"3\" ><div\n\t\t\t\n\t\t\tclass=\"so-widget-sow-editor so-widget-sow-editor-base\"\n\t\t\t\n\t\t>\n<div class=\"siteorigin-widget-tinymce textwidget\">\n\t<h2 style=\"text-align: justify;\">Modalit\u00e9s d'inscriptions<\/h2>\n<ol style=\"text-align: justify;\">\n<li>Lire le r\u00e8glement (<a href=\"http:\/\/toutcourtfestival.fr\/wp-content\/uploads\/2017\/12\/Tout-court-R%C3%A8glement-appel-%C3%A0-films-%C3%A9dition-n%C2%B02.pdf\" target=\"_blank\" rel=\"noopener\">cliquez ici pour l'afficher<\/a>). Votre inscription vaut acceptation du r\u00e8glement.<\/li>\n<li>Remplissez le formulaire en ligne ci-dessous.<\/li>\n<li>Dans le formulaire vous pouvez indiquer un lien de t\u00e9l\u00e9chargement de votre vid\u00e9o. Alternativement, vous pouvez envoyer votre film par service de transfert de fichier \u00e0 l'adresse inscription[arrobas)toutcourtfestival.fr.\u00a0 Aucun film ne peut \u00eatre envoy\u00e9 sur support physique.\u00a0\u00a0<span style=\"color: #ff0000;\"><b style=\"color: #ff0000;\">Attention, nous devons <\/b><span style=\"color: #ff0000;\"><b>recevoir<\/b><\/span><b style=\"color: #ff0000;\">\u00a0votre film avant la date limite!<\/b><\/span><\/li>\n<li>Nos \u00e9quipe vont v\u00e9rifier votre inscription et vous envoyer un email de validation sous quelques jours. Le cas \u00e9ch\u00e9ant, des questions vous seront pos\u00e9es pour compl\u00e9ter votre inscription.<\/li>\n<\/ol>\n<p style=\"text-align: justify;\">Nouvelle date limite d'inscription: <strong>17 juin 2018 \u00e0 minuit.<\/strong><\/p>\n<p style=\"text-align: justify;\">\n<\/div>\n<\/div><\/div><\/div><div id=\"pgc-4178-1-3\"  class=\"panel-grid-cell panel-grid-cell-empty\" ><\/div><\/div><div id=\"pg-4178-2\"  class=\"panel-grid panel-no-style\" ><div id=\"pgc-4178-2-0\"  class=\"panel-grid-cell panel-grid-cell-empty\" ><\/div><div id=\"pgc-4178-2-1\"  class=\"panel-grid-cell panel-grid-cell-mobile-last\" ><div id=\"panel-4178-2-1-0\" class=\"so-panel widget widget_sow-headline panel-first-child panel-last-child\" data-index=\"4\" ><div\n\t\t\t\n\t\t\tclass=\"so-widget-sow-headline so-widget-sow-headline-default-ea0af4cf39ae-4178\"\n\t\t\t\n\t\t><div class=\"sow-headline-container \">\n\t\t\t\t\t\t<div class=\"decoration\">\n\t\t\t\t\t\t<div class=\"decoration-inside\"><\/div>\n\t\t\t\t\t<\/div>\n\t\t\t\t\t\t\t\t\t\t\t<h1 class=\"sow-headline\">\n\t\t\t\t\t\tFormulaire d'inscription\t\t\t\t\t\t<\/h1>\n\t\t\t\t\t\t<\/div>\n<\/div><\/div><\/div><div id=\"pgc-4178-2-2\"  class=\"panel-grid-cell panel-grid-cell-empty\" ><\/div><\/div><div id=\"pg-4178-3\"  class=\"panel-grid panel-no-style\" ><div id=\"pgc-4178-3-0\"  class=\"panel-grid-cell\" ><div id=\"panel-4178-3-0-0\" class=\"so-panel widget widget_text panel-first-child panel-last-child\" data-index=\"5\" >\t\t\t<div class=\"textwidget\"><style>.entry-title {display:none;}<\/style> <\/div>\n\t\t<\/div><\/div><\/div><\/div>","protected":false},"excerpt":{"rendered":"<p>Concours vid\u00e9o du Tout Court ! \u00e9dition 2018 <\/p>\n<p style=\"text-align: justify;\">Le Tout Court ! festival du court-m\u00e9trages de Gisors organise un concours vid\u00e9o !<\/p>\n<p style=\"text-align: justify;\"><strong>Inscriptions closes, merci aux participants !<\/strong><\/p>\n<p style=\"text-align: justify;\">La remise des prix aura lieu le 8 juillet 2017 pendant le Tout Court !<\/p>\n<p style=\"text-align: justify;\">Le sujet du concours &hellip; <\/p>\n<p><a class=\"more-link btn\" href=\"https:\/\/toutcourtfestival.fr\/index.php\/appel-a-films-2018\/concours-video-2018\/\">Continue reading<\/a><\/p>\n","protected":false},"author":1,"featured_media":0,"parent":4138,"menu_order":0,"comment_status":"closed","ping_status":"closed","template":"","meta":{"ngg_post_thumbnail":0,"jetpack_post_was_ever_published":false,"footnotes":""},"class_list":["post-4178","page","type-page","status-publish","hentry","nodate","item-wrap"],"jetpack_sharing_enabled":true,"jetpack_shortlink":"https:\/\/wp.me\/P8k6iw-15o","jetpack_likes_enabled":true,"_links":{"self":[{"href":"https:\/\/toutcourtfestival.fr\/index.php\/wp-json\/wp\/v2\/pages\/4178","targetHints":{"allow":["GET"]}}],"collection":[{"href":"https:\/\/toutcourtfestival.fr\/index.php\/wp-json\/wp\/v2\/pages"}],"about":[{"href":"https:\/\/toutcourtfestival.fr\/index.php\/wp-json\/wp\/v2\/types\/page"}],"author":[{"embeddable":true,"href":"https:\/\/toutcourtfestival.fr\/index.php\/wp-json\/wp\/v2\/users\/1"}],"replies":[{"embeddable":true,"href":"https:\/\/toutcourtfestival.fr\/index.php\/wp-json\/wp\/v2\/comments?post=4178"}],"version-history":[{"count":0,"href":"https:\/\/toutcourtfestival.fr\/index.php\/wp-json\/wp\/v2\/pages\/4178\/revisions"}],"up":[{"embeddable":true,"href":"https:\/\/toutcourtfestival.fr\/index.php\/wp-json\/wp\/v2\/pages\/4138"}],"wp:attachment":[{"href":"https:\/\/toutcourtfestival.fr\/index.php\/wp-json\/wp\/v2\/media?parent=4178"}],"curies":[{"name":"wp","href":"https:\/\/api.w.org\/{rel}","templated":true}]}}

Concours vidéo 2018

<div id="pl-4178"  class="panel-layout" ><div id="pg-4178-0"  class="panel-grid panel-has-style" ><div class="panel-row-style panel-row-style-for-4178-0" ><div id="pgc-4178-0-0"  class="panel-grid-cell" ><div id="panel-4178-0-0-0" class="so-panel widget widget_sow-headline panel-first-child panel-last-child" data-index="0" ><div
			
			class="so-widget-sow-headline so-widget-sow-headline-default-6090f20097d1-4178"
			
		><div class="sow-headline-container ">
							<h1 class="sow-headline">
						Concours vidéo du Tout Court ! édition 2018						</h1>
											<div class="decoration">
						<div class="decoration-inside"></div>
					</div>
					</div>
</div></div></div></div></div><div id="pg-4178-1"  class="panel-grid panel-no-style" ><div id="pgc-4178-1-0"  class="panel-grid-cell panel-grid-cell-empty" ></div><div id="pgc-4178-1-1"  class="panel-grid-cell" ><div id="panel-4178-1-1-0" class="so-panel widget widget_sow-editor panel-first-child panel-last-child" data-index="1" ><div class="panel-widget-style panel-widget-style-for-4178-1-1-0" ><div
			
			class="so-widget-sow-editor so-widget-sow-editor-base"
			
		>
<div class="siteorigin-widget-tinymce textwidget">
	<p style="text-align: justify;">Le Tout Court ! festival du court-métrages de Gisors organise un concours vidéo !</p>
<p style="text-align: justify;"><span style="color: #ff0000;"><strong>Inscriptions closes, merci aux participants !</strong></span></p>
<p style="text-align: justify;">La remise des prix aura lieu le 8 juillet 2017 pendant le Tout Court !</p>
<p style="text-align: justify;">Le sujet du concours est composé d’un thème imposé, d’un élément scénaristique imposé et d’une phrase de dialogue imposée. Cette dernière peut être prononcée ou apparaître à l’écrit dans le film (hors générique) mais ne doit pas subir de modification.</p>
<ul style="text-align: justify;">
<li style="text-align: justify;"><strong>Thème imposé :</strong> J'ai menti.</li>
<li style="text-align: justify;"><strong>Élément scénaristique imposé :</strong> Un chapeau qui vole.</li>
<li style="text-align: justify;"><strong>Phrase de dialogue imposée</strong> : "Avec ou sans sucre ?"</li>
</ul>
<p style="text-align: justify;"><em>Chapeau</em> peut être entendu au sens large: tout type de couvre-chef.</p>
<p style="text-align: justify;">Les films concourants devront répondre aux <strong>critères suivants :</strong></p>
<ul style="text-align: justify;">
<li>Fiction.</li>
<li>Durée maximale 15 minutes (générique non compris)</li>
<li>Tout public.</li>
<li>Sous-titres français pour les films non francophones.</li>
<li>Production dans un contexte amateur. Notamment, le film ne doit pas avoir été produit par une entreprise de production commerciale, un organisme de production professionnel (GREC, etc…) ou un organisme de formation professionnelle aux métiers du cinéma (école, etc…).</li>
<li>Respect du sujet (voir ci-dessus)</li>
</ul>
<p style="text-align: justify;">Les films d’animation sont acceptés tout comme les prises de vues réelles, aucun genre n’est imposé.</p>
</div>
</div></div></div></div><div id="pgc-4178-1-2"  class="panel-grid-cell panel-grid-cell-mobile-last" ><div id="panel-4178-1-2-0" class="so-panel widget widget_sow-editor panel-first-child" data-index="2" ><div
			
			class="so-widget-sow-editor so-widget-sow-editor-base"
			
		>
<div class="siteorigin-widget-tinymce textwidget">
	<p><iframe loading="lazy" src="//www.youtube.com/embed/wwobku8MkkY" width="560" height="314" allowfullscreen="allowfullscreen"></iframe></p>
</div>
</div></div><div id="panel-4178-1-2-1" class="so-panel widget widget_sow-editor panel-last-child" data-index="3" ><div
			
			class="so-widget-sow-editor so-widget-sow-editor-base"
			
		>
<div class="siteorigin-widget-tinymce textwidget">
	<h2 style="text-align: justify;">Modalités d'inscriptions</h2>
<ol style="text-align: justify;">
<li>Lire le règlement (<a href="http://toutcourtfestival.fr/wp-content/uploads/2017/12/Tout-court-R%C3%A8glement-appel-%C3%A0-films-%C3%A9dition-n%C2%B02.pdf" target="_blank" rel="noopener">cliquez ici pour l'afficher</a>). Votre inscription vaut acceptation du règlement.</li>
<li>Remplissez le formulaire en ligne ci-dessous.</li>
<li>Dans le formulaire vous pouvez indiquer un lien de téléchargement de votre vidéo. Alternativement, vous pouvez envoyer votre film par service de transfert de fichier à l'adresse inscription[arrobas)toutcourtfestival.fr.  Aucun film ne peut être envoyé sur support physique.  <span style="color: #ff0000;"><b style="color: #ff0000;">Attention, nous devons </b><span style="color: #ff0000;"><b>recevoir</b></span><b style="color: #ff0000;"> votre film avant la date limite!</b></span></li>
<li>Nos équipe vont vérifier votre inscription et vous envoyer un email de validation sous quelques jours. Le cas échéant, des questions vous seront posées pour compléter votre inscription.</li>
</ol>
<p style="text-align: justify;">Nouvelle date limite d'inscription: <strong>17 juin 2018 à minuit.</strong></p>
<p style="text-align: justify;">
</div>
</div></div></div><div id="pgc-4178-1-3"  class="panel-grid-cell panel-grid-cell-empty" ></div></div><div id="pg-4178-2"  class="panel-grid panel-no-style" ><div id="pgc-4178-2-0"  class="panel-grid-cell panel-grid-cell-empty" ></div><div id="pgc-4178-2-1"  class="panel-grid-cell panel-grid-cell-mobile-last" ><div id="panel-4178-2-1-0" class="so-panel widget widget_sow-headline panel-first-child panel-last-child" data-index="4" ><div
			
			class="so-widget-sow-headline so-widget-sow-headline-default-ea0af4cf39ae-4178"
			
		><div class="sow-headline-container ">
						<div class="decoration">
						<div class="decoration-inside"></div>
					</div>
											<h1 class="sow-headline">
						Formulaire d'inscription						</h1>
						</div>
</div></div></div><div id="pgc-4178-2-2"  class="panel-grid-cell panel-grid-cell-empty" ></div></div><div id="pg-4178-3"  class="panel-grid panel-no-style" ><div id="pgc-4178-3-0"  class="panel-grid-cell" ><div id="panel-4178-3-0-0" class="so-panel widget widget_text panel-first-child panel-last-child" data-index="5" >			<div class="textwidget"><style>.entry-title {display:none;}</style> </div>
		</div></div></div></div>

<p>Concours vidéo du Tout Court ! édition 2018 </p>
<p style="text-align: justify;">Le Tout Court ! festival du court-métrages de Gisors organise un concours vidéo !</p>
<p style="text-align: justify;"><strong>Inscriptions closes, merci aux participants !</strong></p>
<p style="text-align: justify;">La remise des prix aura lieu le 8 juillet 2017 pendant le Tout Court !</p>
<p style="text-align: justify;">Le sujet du concours &hellip; </p>
<p><a class="more-link btn" href="https://toutcourtfestival.fr/index.php/appel-a-films-2018/concours-video-2018/">Continue reading</a></p>
