{"id":5140,"date":"2018-05-20T10:30:01","date_gmt":"2018-05-20T08:30:01","guid":{"rendered":"http:\/\/toutcourtfestival.fr\/?page_id=5140"},"modified":"2018-05-30T21:33:30","modified_gmt":"2018-05-30T19:33:30","slug":"selection-des-encadrants","status":"publish","type":"page","link":"https:\/\/toutcourtfestival.fr\/index.php\/selections-2018\/selection-des-encadrants\/","title":{"rendered":"S\u00e9lections 2018 &#8211; Encadrants"},"content":{"rendered":"<div id=\"pl-5140\"  class=\"panel-layout\" ><div id=\"pg-5140-0\"  class=\"panel-grid panel-no-style\" ><div id=\"pgc-5140-0-0\"  class=\"panel-grid-cell\" ><div id=\"panel-5140-0-0-0\" class=\"so-panel widget widget_sow-headline panel-first-child panel-last-child\" data-index=\"0\" ><div\n\t\t\t\n\t\t\tclass=\"so-widget-sow-headline so-widget-sow-headline-default-9a0e1ed405c9-5140\"\n\t\t\t\n\t\t><div class=\"sow-headline-container \">\n\t\t\t\t\t\t\t<h1 class=\"sow-headline\">\n\t\t\t\t\t\tS\u00e9lection des encadrants\t\t\t\t\t\t<\/h1>\n\t\t\t\t\t\t\t\t\t\t\t<div class=\"decoration\">\n\t\t\t\t\t\t<div class=\"decoration-inside\"><\/div>\n\t\t\t\t\t<\/div>\n\t\t\t\t\t\t\t\t\t\t\t<h3 class=\"sow-sub-headline\">\n\t\t\t\t\t\tHors-comp\u00e9tition\t\t\t\t\t\t<\/h3>\n\t\t\t\t\t\t<\/div>\n<\/div><\/div><\/div><\/div><div id=\"pg-5140-1\"  class=\"panel-grid panel-no-style\" ><div id=\"pgc-5140-1-0\"  class=\"panel-grid-cell panel-grid-cell-empty\" ><\/div><div id=\"pgc-5140-1-1\"  class=\"panel-grid-cell panel-grid-cell-mobile-last\" ><div id=\"panel-5140-1-1-0\" class=\"so-panel widget widget_sow-editor panel-first-child panel-last-child\" data-index=\"1\" ><div\n\t\t\t\n\t\t\tclass=\"so-widget-sow-editor so-widget-sow-editor-base\"\n\t\t\t\n\t\t>\n<div class=\"siteorigin-widget-tinymce textwidget\">\n\t<p style=\"text-align: justify;\"><span style=\"font-size: 12pt;\">Plusieurs adultes ont encadr\u00e9 les jeunes des deux comit\u00e9s de s\u00e9lection: animateurs du service jeunesse de Gisors et b\u00e9n\u00e9voles du Tout Court !. Ils ont visionn\u00e9, v\u00e9rifi\u00e9 et filtr\u00e9 des centaines de films avant de les montrer aux jeunes s\u00e9lectionneurs. Ils ont \u00e9t\u00e9 touch\u00e9, \u00e9mus, amus\u00e9s par des \u0153uvres qui ont parfois moins convaincu les jeunes - question d'\u00e2ge, de g\u00e9n\u00e9ration... Ils ont souhait\u00e9 offrir au public du festival une s\u00e9lection hors-comp\u00e9tition des films qui les ont le plus enthousiasm\u00e9 : la s\u00e9lection des encadrants !<\/span><\/p>\n<p style=\"text-align: center;\"><span style=\"font-size: 12pt;\"><em><strong>7 films<\/strong> - Dur\u00e9e 1'18 plus \u00e9changes avec les artistes.<\/em><\/span><\/p>\n<h1 style=\"text-align: center;\"><strong>Projections:<\/strong><\/h1>\n<p style=\"text-align: center;\"><em><span style=\"font-size: 12pt;\">Dates, horaires et lieux seront pr\u00e9cis\u00e9s ult\u00e9rieurement.<\/span><\/em><\/p>\n<\/div>\n<\/div><\/div><\/div><div id=\"pgc-5140-1-2\"  class=\"panel-grid-cell panel-grid-cell-empty\" ><\/div><\/div><div id=\"pg-5140-2\"  class=\"panel-grid panel-no-style\" ><div id=\"pgc-5140-2-0\"  class=\"panel-grid-cell\" ><div id=\"panel-5140-2-0-0\" class=\"so-panel widget widget_sow-headline panel-first-child panel-last-child\" data-index=\"2\" ><div\n\t\t\t\n\t\t\tclass=\"so-widget-sow-headline so-widget-sow-headline-default-6090f20097d1-5140\"\n\t\t\t\n\t\t><div class=\"sow-headline-container \">\n\t\t\t\t\t\t<div class=\"decoration\">\n\t\t\t\t\t\t<div class=\"decoration-inside\"><\/div>\n\t\t\t\t\t<\/div>\n\t\t\t\t\t<\/div>\n<\/div><\/div><\/div><\/div><div id=\"pg-5140-3\"  class=\"panel-grid panel-has-style\" ><div class=\"panel-row-style panel-row-style-for-5140-3\" ><div id=\"pgc-5140-3-0\"  class=\"panel-grid-cell\" ><div id=\"panel-5140-3-0-0\" class=\"so-panel widget widget_sow-editor panel-first-child\" data-index=\"3\" ><div class=\"panel-widget-style panel-widget-style-for-5140-3-0-0\" ><div\n\t\t\t\n\t\t\tclass=\"so-widget-sow-editor so-widget-sow-editor-base\"\n\t\t\t\n\t\t>\n<div class=\"siteorigin-widget-tinymce textwidget\">\n\t<h1 style=\"text-align: justify;\"><span style=\"color: #e6e6e6;\"><strong>En apn\u00e9e<\/strong><\/span><\/h1>\n<\/div>\n<\/div><\/div><\/div><div id=\"panel-5140-3-0-1\" class=\"so-panel widget widget_siteorigin-panels-builder panel-last-child\" data-index=\"4\" ><div id=\"pl-w5b0c705564a41\"  class=\"panel-layout\" ><div id=\"pg-w5b0c705564a41-0\"  class=\"panel-grid panel-no-style\" ><div id=\"pgc-w5b0c705564a41-0-0\"  class=\"panel-grid-cell panel-grid-cell-empty\" ><\/div><div id=\"pgc-w5b0c705564a41-0-1\"  class=\"panel-grid-cell\" ><div id=\"panel-w5b0c705564a41-0-1-0\" class=\"so-panel widget widget_sow-image panel-first-child panel-last-child\" data-index=\"0\" ><div class=\"panel-widget-style panel-widget-style-for-w5b0c705564a41-0-1-0\" ><div\n\t\t\t\n\t\t\tclass=\"so-widget-sow-image so-widget-sow-image-default-4e6925654b7a\"\n\t\t\t\n\t\t>\n<div class=\"sow-image-container\">\n\t\t<img \n\tsrc=\"https:\/\/i0.wp.com\/toutcourtfestival.fr\/wp-content\/uploads\/2018\/05\/photo1_en_apn%C3%A9e.jpeg?resize=272%2C182&amp;ssl=1\" width=\"272\" height=\"182\" alt=\"\" \t\tclass=\"so-widget-image\"\/>\n\t<\/div>\n\n<\/div><\/div><\/div><\/div><div id=\"pgc-w5b0c705564a41-0-2\"  class=\"panel-grid-cell\" ><div id=\"panel-w5b0c705564a41-0-2-0\" class=\"so-panel widget widget_sow-editor panel-first-child panel-last-child\" data-index=\"1\" ><div\n\t\t\t\n\t\t\tclass=\"so-widget-sow-editor so-widget-sow-editor-base\"\n\t\t\t\n\t\t>\n<div class=\"siteorigin-widget-tinymce textwidget\">\n\t<p style=\"text-align: justify;\"><span style=\"font-size: 12pt; color: #e6e6e6;\"><em>Com\u00e9die sentimentale de <strong>N'Gouda Prince Ba<\/strong> - 14:50<br \/>\n<\/em><\/span><\/p>\n<p style=\"text-align: justify;\"><span style=\"font-size: 12pt; color: #e6e6e6;\">Chlo\u00e9 et Lola pr\u00e9parent ensemble le concours d'entr\u00e9e d'une \u00e9cole de th\u00e9\u00e2tre. Les r\u00e9p\u00e9titions se succ\u00e8dent avec des hauts et des bas en attendant le jour J.<\/span><\/p>\n<\/div>\n<\/div><\/div><\/div><\/div><\/div><\/div><\/div><\/div><\/div><div id=\"pg-5140-4\"  class=\"panel-grid panel-has-style\" ><div class=\"panel-row-style panel-row-style-for-5140-4\" ><div id=\"pgc-5140-4-0\"  class=\"panel-grid-cell\" ><div id=\"panel-5140-4-0-0\" class=\"so-panel widget widget_sow-editor panel-first-child\" data-index=\"5\" ><div class=\"panel-widget-style panel-widget-style-for-5140-4-0-0\" ><div\n\t\t\t\n\t\t\tclass=\"so-widget-sow-editor so-widget-sow-editor-base\"\n\t\t\t\n\t\t>\n<div class=\"siteorigin-widget-tinymce textwidget\">\n\t<h1 style=\"text-align: justify;\"><b>Benidorm<\/b><\/h1>\n<\/div>\n<\/div><\/div><\/div><div id=\"panel-5140-4-0-1\" class=\"so-panel widget widget_siteorigin-panels-builder panel-last-child\" data-index=\"6\" ><div id=\"pl-w5b0c705569645\"  class=\"panel-layout\" ><div id=\"pg-w5b0c705569645-0\"  class=\"panel-grid panel-no-style\" ><div id=\"pgc-w5b0c705569645-0-0\"  class=\"panel-grid-cell panel-grid-cell-empty\" ><\/div><div id=\"pgc-w5b0c705569645-0-1\"  class=\"panel-grid-cell\" ><div id=\"panel-w5b0c705569645-0-1-0\" class=\"so-panel widget widget_sow-image panel-first-child panel-last-child\" data-index=\"0\" ><div class=\"panel-widget-style panel-widget-style-for-w5b0c705569645-0-1-0\" ><div\n\t\t\t\n\t\t\tclass=\"so-widget-sow-image so-widget-sow-image-default-4e6925654b7a\"\n\t\t\t\n\t\t>\n<div class=\"sow-image-container\">\n\t\t<img \n\tsrc=\"https:\/\/i0.wp.com\/toutcourtfestival.fr\/wp-content\/uploads\/2018\/05\/photo1_Benidorm-1.jpeg?resize=272%2C182&amp;ssl=1\" width=\"272\" height=\"182\" srcset=\"https:\/\/i0.wp.com\/toutcourtfestival.fr\/wp-content\/uploads\/2018\/05\/photo1_Benidorm-1.jpeg?resize=272%2C182&amp;ssl=1 272w, https:\/\/i0.wp.com\/toutcourtfestival.fr\/wp-content\/uploads\/2018\/05\/photo1_Benidorm-1.jpeg?zoom=2&amp;resize=272%2C182&amp;ssl=1 544w, https:\/\/i0.wp.com\/toutcourtfestival.fr\/wp-content\/uploads\/2018\/05\/photo1_Benidorm-1.jpeg?zoom=3&amp;resize=272%2C182&amp;ssl=1 816w\" title=\"photo1_Benidorm\" alt=\"\" \t\tclass=\"so-widget-image\"\/>\n\t<\/div>\n\n<\/div><\/div><\/div><\/div><div id=\"pgc-w5b0c705569645-0-2\"  class=\"panel-grid-cell\" ><div id=\"panel-w5b0c705569645-0-2-0\" class=\"so-panel widget widget_sow-editor panel-first-child panel-last-child\" data-index=\"1\" ><div\n\t\t\t\n\t\t\tclass=\"so-widget-sow-editor so-widget-sow-editor-base\"\n\t\t\t\n\t\t>\n<div class=\"siteorigin-widget-tinymce textwidget\">\n\t<p style=\"text-align: justify;\"><span style=\"font-size: 12pt;\"><em>Drame de <strong>Raphaelle Tinland<\/strong> - 14:37<br \/>\n<\/em><\/span><\/p>\n<p style=\"text-align: justify;\"><span style=\"font-size: 12pt;\">Dans une station baln\u00e9aire,\u00a0vivent une jeune m\u00e8re et sa fille. L\u2019une travaille de nuit dans un h\u00f4tel, l\u2019autre va \u00e0 l\u2019\u00e9cole. Elles ne se croisent jamais et le seul lien qui leur permet de garder une illusion de vie commune est un talkie-walkie.<\/span><\/p>\n<\/div>\n<\/div><\/div><\/div><\/div><\/div><\/div><\/div><\/div><\/div><div id=\"pg-5140-5\"  class=\"panel-grid panel-has-style\" ><div class=\"panel-row-style panel-row-style-for-5140-5\" ><div id=\"pgc-5140-5-0\"  class=\"panel-grid-cell\" ><div id=\"panel-5140-5-0-0\" class=\"so-panel widget widget_sow-editor panel-first-child\" data-index=\"7\" ><div class=\"panel-widget-style panel-widget-style-for-5140-5-0-0\" ><div\n\t\t\t\n\t\t\tclass=\"so-widget-sow-editor so-widget-sow-editor-base\"\n\t\t\t\n\t\t>\n<div class=\"siteorigin-widget-tinymce textwidget\">\n\t<h1 style=\"text-align: justify;\"><span style=\"color: #e6e6e6;\"><b>Ces p'tites heures<\/b><\/span><b><\/b><\/h1>\n<\/div>\n<\/div><\/div><\/div><div id=\"panel-5140-5-0-1\" class=\"so-panel widget widget_siteorigin-panels-builder panel-last-child\" data-index=\"8\" ><div id=\"pl-w5b0c70556ac94\"  class=\"panel-layout\" ><div id=\"pg-w5b0c70556ac94-0\"  class=\"panel-grid panel-no-style\" ><div id=\"pgc-w5b0c70556ac94-0-0\"  class=\"panel-grid-cell panel-grid-cell-empty\" ><\/div><div id=\"pgc-w5b0c70556ac94-0-1\"  class=\"panel-grid-cell\" ><div id=\"panel-w5b0c70556ac94-0-1-0\" class=\"so-panel widget widget_sow-image panel-first-child panel-last-child\" data-index=\"0\" ><div class=\"panel-widget-style panel-widget-style-for-w5b0c70556ac94-0-1-0\" ><div\n\t\t\t\n\t\t\tclass=\"so-widget-sow-image so-widget-sow-image-default-4e6925654b7a\"\n\t\t\t\n\t\t>\n<div class=\"sow-image-container\">\n\t\t<img \n\tsrc=\"https:\/\/i0.wp.com\/toutcourtfestival.fr\/wp-content\/uploads\/2018\/05\/photo1_Ces_ptites_heures-1.jpeg?resize=272%2C182&amp;ssl=1\" width=\"272\" height=\"182\" srcset=\"https:\/\/i0.wp.com\/toutcourtfestival.fr\/wp-content\/uploads\/2018\/05\/photo1_Ces_ptites_heures-1.jpeg?resize=272%2C182&amp;ssl=1 272w, https:\/\/i0.wp.com\/toutcourtfestival.fr\/wp-content\/uploads\/2018\/05\/photo1_Ces_ptites_heures-1.jpeg?zoom=2&amp;resize=272%2C182&amp;ssl=1 544w, https:\/\/i0.wp.com\/toutcourtfestival.fr\/wp-content\/uploads\/2018\/05\/photo1_Ces_ptites_heures-1.jpeg?zoom=3&amp;resize=272%2C182&amp;ssl=1 816w\" title=\"photo1_Ces_p&#8217;tites_heures\" alt=\"\" \t\tclass=\"so-widget-image\"\/>\n\t<\/div>\n\n<\/div><\/div><\/div><\/div><div id=\"pgc-w5b0c70556ac94-0-2\"  class=\"panel-grid-cell\" ><div id=\"panel-w5b0c70556ac94-0-2-0\" class=\"so-panel widget widget_sow-editor panel-first-child panel-last-child\" data-index=\"1\" ><div\n\t\t\t\n\t\t\tclass=\"so-widget-sow-editor so-widget-sow-editor-base\"\n\t\t\t\n\t\t>\n<div class=\"siteorigin-widget-tinymce textwidget\">\n\t<p style=\"text-align: justify;\"><span style=\"font-size: 12pt; color: #e6e6e6;\"><em>Com\u00e9die de <strong>Judith Herbeth, In\u00e8s Brini, Julien Cortey, L\u00e9a-Caroline Larcher <\/strong>\u00a0- 04:20 [Film d'animation] -\u00a0Ecole Georges M\u00e9li\u00e8s<\/em><\/span><\/p>\n<p style=\"text-align: justify;\"><span style=\"font-size: 12pt; color: #e6e6e6;\">A Paris, une nuit d'\u00e9t\u00e9, une femme \u00e0 sa fen\u00eatre r\u00eave les activit\u00e9s nocturnes de son voisinage.<\/span><\/p>\n<\/div>\n<\/div><\/div><\/div><\/div><\/div><\/div><\/div><\/div><\/div><div id=\"pg-5140-6\"  class=\"panel-grid panel-has-style\" ><div class=\"panel-row-style panel-row-style-for-5140-6\" ><div id=\"pgc-5140-6-0\"  class=\"panel-grid-cell\" ><div id=\"panel-5140-6-0-0\" class=\"so-panel widget widget_sow-editor panel-first-child\" data-index=\"9\" ><div class=\"panel-widget-style panel-widget-style-for-5140-6-0-0\" ><div\n\t\t\t\n\t\t\tclass=\"so-widget-sow-editor so-widget-sow-editor-base\"\n\t\t\t\n\t\t>\n<div class=\"siteorigin-widget-tinymce textwidget\">\n\t<h1 style=\"text-align: justify;\"><b>Raisa<\/b><\/h1>\n<\/div>\n<\/div><\/div><\/div><div id=\"panel-5140-6-0-1\" class=\"so-panel widget widget_siteorigin-panels-builder panel-last-child\" data-index=\"10\" ><div id=\"pl-w5b0c70556c1a9\"  class=\"panel-layout\" ><div id=\"pg-w5b0c70556c1a9-0\"  class=\"panel-grid panel-no-style\" ><div id=\"pgc-w5b0c70556c1a9-0-0\"  class=\"panel-grid-cell panel-grid-cell-empty\" ><\/div><div id=\"pgc-w5b0c70556c1a9-0-1\"  class=\"panel-grid-cell\" ><div id=\"panel-w5b0c70556c1a9-0-1-0\" class=\"so-panel widget widget_sow-image panel-first-child panel-last-child\" data-index=\"0\" ><div class=\"panel-widget-style panel-widget-style-for-w5b0c70556c1a9-0-1-0\" ><div\n\t\t\t\n\t\t\tclass=\"so-widget-sow-image so-widget-sow-image-default-4e6925654b7a\"\n\t\t\t\n\t\t>\n<div class=\"sow-image-container\">\n\t\t<img \n\tsrc=\"https:\/\/i0.wp.com\/toutcourtfestival.fr\/wp-content\/uploads\/2018\/05\/photo1_RAISA-1.jpeg?resize=272%2C182&amp;ssl=1\" width=\"272\" height=\"182\" srcset=\"https:\/\/i0.wp.com\/toutcourtfestival.fr\/wp-content\/uploads\/2018\/05\/photo1_RAISA-1.jpeg?resize=272%2C182&amp;ssl=1 272w, https:\/\/i0.wp.com\/toutcourtfestival.fr\/wp-content\/uploads\/2018\/05\/photo1_RAISA-1.jpeg?zoom=2&amp;resize=272%2C182&amp;ssl=1 544w, https:\/\/i0.wp.com\/toutcourtfestival.fr\/wp-content\/uploads\/2018\/05\/photo1_RAISA-1.jpeg?zoom=3&amp;resize=272%2C182&amp;ssl=1 816w\" title=\"photo1_RAISA\" alt=\"\" \t\tclass=\"so-widget-image\"\/>\n\t<\/div>\n\n<\/div><\/div><\/div><\/div><div id=\"pgc-w5b0c70556c1a9-0-2\"  class=\"panel-grid-cell\" ><div id=\"panel-w5b0c70556c1a9-0-2-0\" class=\"so-panel widget widget_sow-editor panel-first-child panel-last-child\" data-index=\"1\" ><div\n\t\t\t\n\t\t\tclass=\"so-widget-sow-editor so-widget-sow-editor-base\"\n\t\t\t\n\t\t>\n<div class=\"siteorigin-widget-tinymce textwidget\">\n\t<p style=\"text-align: justify;\"><span style=\"font-size: 12pt; font-family: arial, helvetica, sans-serif;\"><em>Drame de <strong>Pavel Cuzuioc<\/strong> - 15:00 (Moldavie)<\/em><\/span><\/p>\n<p style=\"text-align: justify;\"><span style=\"font-size: 12pt;\">L\u2019hiver moldave en toile de fond, Raisa chemine vers quelque chose qui pourrait vraiment changer sa vie de mani\u00e8re unique.<\/span><\/p>\n<\/div>\n<\/div><\/div><\/div><\/div><\/div><\/div><\/div><\/div><\/div><div id=\"pg-5140-7\"  class=\"panel-grid panel-has-style\" ><div class=\"panel-row-style panel-row-style-for-5140-7\" ><div id=\"pgc-5140-7-0\"  class=\"panel-grid-cell\" ><div id=\"panel-5140-7-0-0\" class=\"so-panel widget widget_sow-editor panel-first-child\" data-index=\"11\" ><div class=\"panel-widget-style panel-widget-style-for-5140-7-0-0\" ><div\n\t\t\t\n\t\t\tclass=\"so-widget-sow-editor so-widget-sow-editor-base\"\n\t\t\t\n\t\t>\n<div class=\"siteorigin-widget-tinymce textwidget\">\n\t<h1 style=\"text-align: justify;\"><span style=\"color: #e6e6e6;\"><b>Lui dire<\/b><\/span><\/h1>\n<\/div>\n<\/div><\/div><\/div><div id=\"panel-5140-7-0-1\" class=\"so-panel widget widget_siteorigin-panels-builder panel-last-child\" data-index=\"12\" ><div id=\"pl-w5b0c70556d59a\"  class=\"panel-layout\" ><div id=\"pg-w5b0c70556d59a-0\"  class=\"panel-grid panel-no-style\" ><div id=\"pgc-w5b0c70556d59a-0-0\"  class=\"panel-grid-cell panel-grid-cell-empty\" ><\/div><div id=\"pgc-w5b0c70556d59a-0-1\"  class=\"panel-grid-cell\" ><div id=\"panel-w5b0c70556d59a-0-1-0\" class=\"so-panel widget widget_sow-image panel-first-child panel-last-child\" data-index=\"0\" ><div class=\"panel-widget-style panel-widget-style-for-w5b0c70556d59a-0-1-0\" ><div\n\t\t\t\n\t\t\tclass=\"so-widget-sow-image so-widget-sow-image-default-4e6925654b7a\"\n\t\t\t\n\t\t>\n<div class=\"sow-image-container\">\n\t\t<img \n\tsrc=\"https:\/\/i0.wp.com\/toutcourtfestival.fr\/wp-content\/uploads\/2018\/05\/photo3_Lui_DIRE.png?resize=272%2C182&amp;ssl=1\" width=\"272\" height=\"182\" srcset=\"https:\/\/i0.wp.com\/toutcourtfestival.fr\/wp-content\/uploads\/2018\/05\/photo3_Lui_DIRE.png?resize=272%2C182&amp;ssl=1 272w, https:\/\/i0.wp.com\/toutcourtfestival.fr\/wp-content\/uploads\/2018\/05\/photo3_Lui_DIRE.png?zoom=2&amp;resize=272%2C182&amp;ssl=1 544w, https:\/\/i0.wp.com\/toutcourtfestival.fr\/wp-content\/uploads\/2018\/05\/photo3_Lui_DIRE.png?zoom=3&amp;resize=272%2C182&amp;ssl=1 816w\" alt=\"\" \t\tclass=\"so-widget-image\"\/>\n\t<\/div>\n\n<\/div><\/div><\/div><\/div><div id=\"pgc-w5b0c70556d59a-0-2\"  class=\"panel-grid-cell\" ><div id=\"panel-w5b0c70556d59a-0-2-0\" class=\"so-panel widget widget_sow-editor panel-first-child panel-last-child\" data-index=\"1\" ><div\n\t\t\t\n\t\t\tclass=\"so-widget-sow-editor so-widget-sow-editor-base\"\n\t\t\t\n\t\t>\n<div class=\"siteorigin-widget-tinymce textwidget\">\n\t<p style=\"text-align: justify;\"><span style=\"font-size: 12pt; color: #e6e6e6;\"><em>Drame de <strong>Virginia Bach<\/strong> - 14:39<\/em><\/span><\/p>\n<p style=\"text-align: justify;\"><span style=\"font-size: 12pt; color: #e6e6e6;\">Comment annoncer la mort \u00e0 un enfant ? Comment lui dire l'impensable ? Philippe ne sait pas, ne peut pas. Il continue le quotidien et fait croire \u00e0 Maxime que sa m\u00e8re est toujours \u00e0 l'h\u00f4pital. Mais Maxime sait lui, que quelque chose de grave est arriv\u00e9.<\/span><\/p>\n<\/div>\n<\/div><\/div><\/div><\/div><\/div><\/div><\/div><\/div><\/div><div id=\"pg-5140-8\"  class=\"panel-grid panel-has-style\" ><div class=\"panel-row-style panel-row-style-for-5140-8\" ><div id=\"pgc-5140-8-0\"  class=\"panel-grid-cell\" ><div id=\"panel-5140-8-0-0\" class=\"so-panel widget widget_sow-editor panel-first-child\" data-index=\"13\" ><div class=\"panel-widget-style panel-widget-style-for-5140-8-0-0\" ><div\n\t\t\t\n\t\t\tclass=\"so-widget-sow-editor so-widget-sow-editor-base\"\n\t\t\t\n\t\t>\n<div class=\"siteorigin-widget-tinymce textwidget\">\n\t<h1 style=\"text-align: justify;\">Amos Beauty<\/h1>\n<\/div>\n<\/div><\/div><\/div><div id=\"panel-5140-8-0-1\" class=\"so-panel widget widget_siteorigin-panels-builder panel-last-child\" data-index=\"14\" ><div id=\"pl-w5b0c70556ec5b\"  class=\"panel-layout\" ><div id=\"pg-w5b0c70556ec5b-0\"  class=\"panel-grid panel-no-style\" ><div id=\"pgc-w5b0c70556ec5b-0-0\"  class=\"panel-grid-cell panel-grid-cell-empty\" ><\/div><div id=\"pgc-w5b0c70556ec5b-0-1\"  class=\"panel-grid-cell\" ><div id=\"panel-w5b0c70556ec5b-0-1-0\" class=\"so-panel widget widget_sow-image panel-first-child panel-last-child\" data-index=\"0\" ><div class=\"panel-widget-style panel-widget-style-for-w5b0c70556ec5b-0-1-0\" ><div\n\t\t\t\n\t\t\tclass=\"so-widget-sow-image so-widget-sow-image-default-4e6925654b7a\"\n\t\t\t\n\t\t>\n<div class=\"sow-image-container\">\n\t\t<img \n\tsrc=\"https:\/\/i0.wp.com\/toutcourtfestival.fr\/wp-content\/uploads\/2018\/05\/photo1_Amos_Beauty-1.png?resize=272%2C182&amp;ssl=1\" width=\"272\" height=\"182\" srcset=\"https:\/\/i0.wp.com\/toutcourtfestival.fr\/wp-content\/uploads\/2018\/05\/photo1_Amos_Beauty-1.png?resize=272%2C182&amp;ssl=1 272w, https:\/\/i0.wp.com\/toutcourtfestival.fr\/wp-content\/uploads\/2018\/05\/photo1_Amos_Beauty-1.png?zoom=2&amp;resize=272%2C182&amp;ssl=1 544w, https:\/\/i0.wp.com\/toutcourtfestival.fr\/wp-content\/uploads\/2018\/05\/photo1_Amos_Beauty-1.png?zoom=3&amp;resize=272%2C182&amp;ssl=1 816w\" title=\"photo1_Amos_Beauty\" alt=\"\" \t\tclass=\"so-widget-image\"\/>\n\t<\/div>\n\n<\/div><\/div><\/div><\/div><div id=\"pgc-w5b0c70556ec5b-0-2\"  class=\"panel-grid-cell\" ><div id=\"panel-w5b0c70556ec5b-0-2-0\" class=\"so-panel widget widget_sow-editor panel-first-child panel-last-child\" data-index=\"1\" ><div\n\t\t\t\n\t\t\tclass=\"so-widget-sow-editor so-widget-sow-editor-base\"\n\t\t\t\n\t\t>\n<div class=\"siteorigin-widget-tinymce textwidget\">\n\t<p style=\"text-align: justify;\"><span style=\"font-size: 12pt;\"><em>Com\u00e9die des\u00a0<strong>Fr\u00e8res Lazer<\/strong> - 09:35 (Quebec)<\/em><\/span><\/p>\n<p style=\"text-align: justify;\"><span style=\"font-size: 12pt;\">Fin des ann\u00e9es 1980. Le d\u00e9m\u00e9nagement du vieux cimeti\u00e8re d\u2019Amos provoque une s\u00e9rie d\u2019\u00e9v\u00e9nements myst\u00e9rieux dans cette petite ville d\u2019Abitibi, au Qu\u00e9bec. Pr\u00e8s de quarante ans plus tard, trois documentaristes retournent questionner les habitants sur leur adaptation aux bouleversements de l\u2019\u00e9poque.<\/span><\/p>\n<\/div>\n<\/div><\/div><\/div><\/div><\/div><\/div><\/div><\/div><\/div><div id=\"pg-5140-9\"  class=\"panel-grid panel-has-style\" ><div class=\"panel-row-style panel-row-style-for-5140-9\" ><div id=\"pgc-5140-9-0\"  class=\"panel-grid-cell\" ><div id=\"panel-5140-9-0-0\" class=\"so-panel widget widget_sow-editor panel-first-child\" data-index=\"15\" ><div class=\"panel-widget-style panel-widget-style-for-5140-9-0-0\" ><div\n\t\t\t\n\t\t\tclass=\"so-widget-sow-editor so-widget-sow-editor-base\"\n\t\t\t\n\t\t>\n<div class=\"siteorigin-widget-tinymce textwidget\">\n\t<h1 style=\"text-align: justify;\"><span style=\"color: #e6e6e6;\">Nik Summer<\/span><\/h1>\n<\/div>\n<\/div><\/div><\/div><div id=\"panel-5140-9-0-1\" class=\"so-panel widget widget_siteorigin-panels-builder panel-last-child\" data-index=\"16\" ><div id=\"pl-w5b0c70557032b\"  class=\"panel-layout\" ><div id=\"pg-w5b0c70557032b-0\"  class=\"panel-grid panel-no-style\" ><div id=\"pgc-w5b0c70557032b-0-0\"  class=\"panel-grid-cell panel-grid-cell-empty\" ><\/div><div id=\"pgc-w5b0c70557032b-0-1\"  class=\"panel-grid-cell\" ><div id=\"panel-w5b0c70557032b-0-1-0\" class=\"so-panel widget widget_sow-image panel-first-child panel-last-child\" data-index=\"0\" ><div class=\"panel-widget-style panel-widget-style-for-w5b0c70557032b-0-1-0\" ><div\n\t\t\t\n\t\t\tclass=\"so-widget-sow-image so-widget-sow-image-default-4e6925654b7a\"\n\t\t\t\n\t\t>\n<div class=\"sow-image-container\">\n\t\t<img \n\tsrc=\"https:\/\/i0.wp.com\/toutcourtfestival.fr\/wp-content\/uploads\/2018\/05\/photo1_Nik_Summer_.png?resize=272%2C182&amp;ssl=1\" width=\"272\" height=\"182\" srcset=\"https:\/\/i0.wp.com\/toutcourtfestival.fr\/wp-content\/uploads\/2018\/05\/photo1_Nik_Summer_.png?resize=272%2C182&amp;ssl=1 272w, https:\/\/i0.wp.com\/toutcourtfestival.fr\/wp-content\/uploads\/2018\/05\/photo1_Nik_Summer_.png?zoom=2&amp;resize=272%2C182&amp;ssl=1 544w, https:\/\/i0.wp.com\/toutcourtfestival.fr\/wp-content\/uploads\/2018\/05\/photo1_Nik_Summer_.png?zoom=3&amp;resize=272%2C182&amp;ssl=1 816w\" alt=\"\" \t\tclass=\"so-widget-image\"\/>\n\t<\/div>\n\n<\/div><\/div><\/div><\/div><div id=\"pgc-w5b0c70557032b-0-2\"  class=\"panel-grid-cell\" ><div id=\"panel-w5b0c70557032b-0-2-0\" class=\"so-panel widget widget_sow-editor panel-first-child panel-last-child\" data-index=\"1\" ><div\n\t\t\t\n\t\t\tclass=\"so-widget-sow-editor so-widget-sow-editor-base\"\n\t\t\t\n\t\t>\n<div class=\"siteorigin-widget-tinymce textwidget\">\n\t<p style=\"text-align: justify;\"><span style=\"font-size: 12pt; color: #e6e6e6;\"><em>Com\u00e9die de <strong>Oscar aubry, Tom Goyon, Elie Martens, Helo\u00efse Solt<\/strong>\u00a0- 05:36 [Film d'animation]<br \/>\n<\/em><\/span><\/p>\n<p style=\"text-align: justify;\"><span style=\"font-size: 12pt; color: #e6e6e6;\">C'est l\u2019\u00e9t\u00e9, les potes, les aventures, ou plut\u00f4t les non-aventures. C'est les hormones, les coups de soleil, la plage et les bords de routes; \"Nik Summer\" c\u2019est tous ces petits moments d\u2019absence qui nous font perdre le contr\u00f4le de nos vacances tant attendues.<br \/>\n<\/span><\/p>\n<\/div>\n<\/div><\/div><\/div><\/div><\/div><\/div><\/div><\/div><\/div><div id=\"pg-5140-10\"  class=\"panel-grid panel-no-style\" ><div id=\"pgc-5140-10-0\"  class=\"panel-grid-cell\" ><div id=\"panel-5140-10-0-0\" class=\"so-panel widget widget_text panel-first-child panel-last-child\" data-index=\"17\" >\t\t\t<div class=\"textwidget\"><style>.entry-title {display:none;}<\/style> <\/div>\n\t\t<\/div><\/div><\/div><\/div>","protected":false},"excerpt":{"rendered":"<p>S\u00e9lection des encadrants Hors-comp\u00e9tition <\/p>\n<p style=\"text-align: justify;\">Plusieurs adultes ont encadr\u00e9 les jeunes des deux comit\u00e9s de s\u00e9lection: animateurs du service jeunesse de Gisors et b\u00e9n\u00e9voles du Tout Court !. Ils ont visionn\u00e9, v\u00e9rifi\u00e9 et filtr\u00e9 des centaines de films avant de les montrer aux jeunes s\u00e9lectionneurs. Ils ont \u00e9t\u00e9 touch\u00e9, \u00e9mus, amus\u00e9s par des \u0153uvres &hellip; <\/p>\n<p><a class=\"more-link btn\" href=\"https:\/\/toutcourtfestival.fr\/index.php\/selections-2018\/selection-des-encadrants\/\">Continue reading<\/a><\/p>\n","protected":false},"author":1,"featured_media":5128,"parent":4881,"menu_order":0,"comment_status":"closed","ping_status":"closed","template":"","meta":{"ngg_post_thumbnail":0,"jetpack_post_was_ever_published":false,"footnotes":""},"class_list":["post-5140","page","type-page","status-publish","has-post-thumbnail","hentry","nodate","item-wrap"],"jetpack_sharing_enabled":true,"jetpack_shortlink":"https:\/\/wp.me\/P8k6iw-1kU","jetpack_likes_enabled":true,"_links":{"self":[{"href":"https:\/\/toutcourtfestival.fr\/index.php\/wp-json\/wp\/v2\/pages\/5140","targetHints":{"allow":["GET"]}}],"collection":[{"href":"https:\/\/toutcourtfestival.fr\/index.php\/wp-json\/wp\/v2\/pages"}],"about":[{"href":"https:\/\/toutcourtfestival.fr\/index.php\/wp-json\/wp\/v2\/types\/page"}],"author":[{"embeddable":true,"href":"https:\/\/toutcourtfestival.fr\/index.php\/wp-json\/wp\/v2\/users\/1"}],"replies":[{"embeddable":true,"href":"https:\/\/toutcourtfestival.fr\/index.php\/wp-json\/wp\/v2\/comments?post=5140"}],"version-history":[{"count":0,"href":"https:\/\/toutcourtfestival.fr\/index.php\/wp-json\/wp\/v2\/pages\/5140\/revisions"}],"up":[{"embeddable":true,"href":"https:\/\/toutcourtfestival.fr\/index.php\/wp-json\/wp\/v2\/pages\/4881"}],"wp:featuredmedia":[{"embeddable":true,"href":"https:\/\/toutcourtfestival.fr\/index.php\/wp-json\/wp\/v2\/media\/5128"}],"wp:attachment":[{"href":"https:\/\/toutcourtfestival.fr\/index.php\/wp-json\/wp\/v2\/media?parent=5140"}],"curies":[{"name":"wp","href":"https:\/\/api.w.org\/{rel}","templated":true}]}}