{"id":6646,"date":"2019-03-20T16:56:13","date_gmt":"2019-03-20T15:56:13","guid":{"rendered":"http:\/\/toutcourtfestival.fr\/?page_id=6646"},"modified":"2019-04-22T16:19:11","modified_gmt":"2019-04-22T14:19:11","slug":"selection-2019-cine-concert","status":"publish","type":"page","link":"https:\/\/toutcourtfestival.fr\/index.php\/selections-2019\/selection-2019-cine-concert\/","title":{"rendered":"S\u00e9lection 2019 &#8211; Cin\u00e9-Concert"},"content":{"rendered":"<div id=\"pl-6646\"  class=\"panel-layout\" ><div id=\"pg-6646-0\"  class=\"panel-grid panel-no-style\" ><div id=\"pgc-6646-0-0\"  class=\"panel-grid-cell\" ><div id=\"panel-6646-0-0-0\" class=\"so-panel widget widget_sow-headline panel-first-child panel-last-child\" data-index=\"0\" ><div\n\t\t\t\n\t\t\tclass=\"so-widget-sow-headline so-widget-sow-headline-default-1a3c0a56c48b-6646\"\n\t\t\t\n\t\t><div class=\"sow-headline-container \">\n\t\t\t\t\t\t\t<h1 class=\"sow-headline\">\n\t\t\t\t\t\tCin\u00e9-Concert\t\t\t\t\t\t<\/h1>\n\t\t\t\t\t\t\t\t\t\t\t<div class=\"decoration\">\n\t\t\t\t\t\t<div class=\"decoration-inside\"><\/div>\n\t\t\t\t\t<\/div>\n\t\t\t\t\t\t\t\t\t\t\t<h3 class=\"sow-sub-headline\">\n\t\t\t\t\t\tSamedi 11 mai 2019 - 20h30 - Nouvelle salle polyvalente de Gisors\t\t\t\t\t\t<\/h3>\n\t\t\t\t\t\t<\/div>\n<\/div><\/div><\/div><\/div><div id=\"pg-6646-1\"  class=\"panel-grid panel-no-style\" ><div id=\"pgc-6646-1-0\"  class=\"panel-grid-cell panel-grid-cell-empty\" ><\/div><div id=\"pgc-6646-1-1\"  class=\"panel-grid-cell panel-grid-cell-mobile-last\" ><div id=\"panel-6646-1-1-0\" class=\"so-panel widget widget_sow-editor panel-first-child panel-last-child\" data-index=\"1\" ><div\n\t\t\t\n\t\t\tclass=\"so-widget-sow-editor so-widget-sow-editor-base\"\n\t\t\t\n\t\t>\n<div class=\"siteorigin-widget-tinymce textwidget\">\n\t<p style=\"text-align: justify;\">Une soir\u00e9e exceptionnelle Cin\u00e9-Concert Georges M\u00e9li\u00e8s !<\/p>\n<p style=\"text-align: justify;\"><strong>Boniments<\/strong> d\u2019apr\u00e8s Georges M\u00e9li\u00e8s interpr\u00e9t\u00e9s par Marie-H\u00e9l\u00e8ne Leh\u00e9rissey ;<strong> musique originale<\/strong> compos\u00e9e et interpr\u00e9t\u00e9e par Lawrence Leh\u00e9rissey (tous deux descendants de M\u00e9li\u00e8s). Par Zamora Production.&nbsp;<\/p>\n<p><a href=\"https:\/\/i0.wp.com\/toutcourtfestival.fr\/wp-content\/uploads\/2019\/04\/Affiche-Cin%C3%A9-Concert-M%C3%A9li%C3%A8s-PNG.png\"><img data-recalc-dims=\"1\" loading=\"lazy\" decoding=\"async\" class=\"alignnone wp-image-6980 size-large\" src=\"https:\/\/i0.wp.com\/toutcourtfestival.fr\/wp-content\/uploads\/2019\/04\/Affiche-Cin%C3%A9-Concert-M%C3%A9li%C3%A8s-PNG-724x1024.png?resize=724%2C1024\" alt=\"\" width=\"724\" height=\"1024\" srcset=\"https:\/\/i0.wp.com\/toutcourtfestival.fr\/wp-content\/uploads\/2019\/04\/Affiche-Cin%C3%A9-Concert-M%C3%A9li%C3%A8s-PNG.png?resize=724%2C1024&amp;ssl=1 724w, https:\/\/i0.wp.com\/toutcourtfestival.fr\/wp-content\/uploads\/2019\/04\/Affiche-Cin%C3%A9-Concert-M%C3%A9li%C3%A8s-PNG.png?resize=212%2C300&amp;ssl=1 212w, https:\/\/i0.wp.com\/toutcourtfestival.fr\/wp-content\/uploads\/2019\/04\/Affiche-Cin%C3%A9-Concert-M%C3%A9li%C3%A8s-PNG.png?resize=768%2C1086&amp;ssl=1 768w, https:\/\/i0.wp.com\/toutcourtfestival.fr\/wp-content\/uploads\/2019\/04\/Affiche-Cin%C3%A9-Concert-M%C3%A9li%C3%A8s-PNG.png?w=1191&amp;ssl=1 1191w\" sizes=\"auto, (max-width: 724px) 100vw, 724px\" \/><\/a><\/p>\n<p style=\"text-align: justify;\">Georges M\u00e9li\u00e8s<a href=\"https:\/\/i0.wp.com\/toutcourtfestival.fr\/wp-content\/uploads\/2019\/03\/George_Melies.jpg\"><img data-recalc-dims=\"1\" loading=\"lazy\" decoding=\"async\" class=\"wp-image-6648 alignleft\" src=\"https:\/\/i0.wp.com\/toutcourtfestival.fr\/wp-content\/uploads\/2019\/03\/George_Melies-213x300.jpg?resize=102%2C144\" alt=\"\" width=\"102\" height=\"144\" srcset=\"https:\/\/i0.wp.com\/toutcourtfestival.fr\/wp-content\/uploads\/2019\/03\/George_Melies.jpg?resize=213%2C300&amp;ssl=1 213w, https:\/\/i0.wp.com\/toutcourtfestival.fr\/wp-content\/uploads\/2019\/03\/George_Melies.jpg?resize=768%2C1082&amp;ssl=1 768w, https:\/\/i0.wp.com\/toutcourtfestival.fr\/wp-content\/uploads\/2019\/03\/George_Melies.jpg?resize=727%2C1024&amp;ssl=1 727w, https:\/\/i0.wp.com\/toutcourtfestival.fr\/wp-content\/uploads\/2019\/03\/George_Melies.jpg?w=1988&amp;ssl=1 1988w\" sizes=\"auto, (max-width: 102px) 100vw, 102px\" \/><\/a> (1861-1938) est l\u2019une des figures les plus \u00e9tonnantes du cin\u00e9ma. Entre 1896 et 1912 il r\u00e9alise 520 films dont il est le producteur, le distributeur et dans lesquels il joue. Premier \u00e0 utiliser la cam\u00e9ra pour raconter une histoire avec mise en sc\u00e8ne et d\u00e9cors, il invente toutes sortes de trucages qui sont encore la base des effets sp\u00e9ciaux modernes. Cet artisan de g\u00e9nie est un homme-orchestre qui aborde tous les genres&nbsp;: actualit\u00e9s reconstitu\u00e9es, bandes publicitaires, f\u00e9eries en couleurs, m\u00e9lodrames, burlesque, science-fiction, etc.<\/p>\n<p><img data-recalc-dims=\"1\" loading=\"lazy\" decoding=\"async\" class=\"wp-image-6425 size-medium alignright\" src=\"https:\/\/i0.wp.com\/toutcourtfestival.fr\/wp-content\/uploads\/2019\/03\/CINE_CONCERT_GEORGES_MELIES-300x214.jpg?resize=300%2C214\" alt=\"\" width=\"300\" height=\"214\" srcset=\"https:\/\/i0.wp.com\/toutcourtfestival.fr\/wp-content\/uploads\/2019\/03\/CINE_CONCERT_GEORGES_MELIES.jpg?resize=300%2C214&amp;ssl=1 300w, https:\/\/i0.wp.com\/toutcourtfestival.fr\/wp-content\/uploads\/2019\/03\/CINE_CONCERT_GEORGES_MELIES.jpg?resize=768%2C548&amp;ssl=1 768w, https:\/\/i0.wp.com\/toutcourtfestival.fr\/wp-content\/uploads\/2019\/03\/CINE_CONCERT_GEORGES_MELIES.jpg?w=804&amp;ssl=1 804w\" sizes=\"auto, (max-width: 300px) 100vw, 300px\" \/><\/p>\n<p style=\"text-align: justify;\">L\u2019association \u00ab Les Amis de Georges M\u00e9li\u00e8s - Cin\u00e9math\u00e8que M\u00e9li\u00e8s \u00bb propose plusieurs programmes exclusifs de films \u00e0 partir des bobines originales qu\u2019elle retrouve, conserve et montre. Les cin\u00e9-concerts rendent hommage \u00e0 ce g\u00e9nial prestidigitateur, \u00e0 travers des spectacles boniment\u00e9s et accompagn\u00e9s au piano car, si le cin\u00e9ma naissant \u00e9tait muet, il n\u2019a jamais \u00e9t\u00e9 silencieux&nbsp;!<\/p>\n<p style=\"text-align: justify;\">En 2011 l\u2019\u00c9tat a inscrit Georges M\u00e9li\u00e8s au titre des C\u00e9l\u00e9brations Nationales pour les 150 ans de sa naissance. Martin Scorsese a adapt\u00e9 \u00e0 l\u2019\u00e9cran, sous le titre \u00ab&nbsp;Hugo&nbsp;\u00bb, le best-seller de Brian Selznick, L\u2019invention d\u2019Hugo Cabret, qui retrace une partie de la vie de M\u00e9li\u00e8s \u00e0 Paris.<\/p>\n<p style=\"text-align: justify;\">La soir\u00e9e d\u00e9butera avec la remise des prix de la section Pro du festival.<\/p>\n<p>&nbsp;<\/p>\n<\/div>\n<\/div><\/div><\/div><div id=\"pgc-6646-1-2\"  class=\"panel-grid-cell panel-grid-cell-empty\" ><\/div><\/div><div id=\"pg-6646-2\"  class=\"panel-grid panel-no-style\" ><div id=\"pgc-6646-2-0\"  class=\"panel-grid-cell panel-grid-cell-empty\" ><\/div><div id=\"pgc-6646-2-1\"  class=\"panel-grid-cell panel-grid-cell-mobile-last\" ><div id=\"panel-6646-2-1-0\" class=\"so-panel widget widget_sow-editor panel-first-child panel-last-child\" data-index=\"2\" ><div\n\t\t\t\n\t\t\tclass=\"so-widget-sow-editor so-widget-sow-editor-base\"\n\t\t\t\n\t\t>\n<div class=\"siteorigin-widget-tinymce textwidget\">\n\t<p style=\"text-align: justify;\">Vous pourrez acheter vos billets sur place au moment du festival (en esp\u00e8ces) ou r\u00e9server d\u00e8s maintenant en ligne avec le formulaire ci-dessous (par CB).&nbsp; <span style=\"text-decoration: underline;\">Attention<\/span>: le nombre de place pour les ateliers est limit\u00e9 !<\/p>\n<p>Propuls\u00e9 par <a href=\"https:\/\/www.helloasso.com\" rel=\"nofollow\">HelloAsso<\/a><br \/>\n<iframe id=\"haWidget\" style=\"width: 100%; height: 850px; border: none;\" src=\"https:\/\/www.helloasso.com\/associations\/tout-court-eure\/evenements\/tout-court-festival-du-court-metrage-de-gisors-edition-3\/widget\" scrolling=\"auto\"><\/iframe><\/p>\n<\/div>\n<\/div><\/div><\/div><div id=\"pgc-6646-2-2\"  class=\"panel-grid-cell panel-grid-cell-empty\" ><\/div><\/div><div id=\"pg-6646-3\"  class=\"panel-grid panel-no-style\" ><div id=\"pgc-6646-3-0\"  class=\"panel-grid-cell\" ><div id=\"panel-6646-3-0-0\" class=\"so-panel widget widget_text panel-first-child panel-last-child\" data-index=\"3\" >\t\t\t<div class=\"textwidget\"><style>.entry-title {display:none;}<\/style> <\/div>\n\t\t<\/div><\/div><\/div><\/div>","protected":false},"excerpt":{"rendered":"<p>Cin\u00e9-Concert Samedi 11 mai 2019 &#8211; 20h30 &#8211; Nouvelle salle polyvalente de Gisors <\/p>\n<p style=\"text-align: justify;\">Une soir\u00e9e exceptionnelle Cin\u00e9-Concert Georges M\u00e9li\u00e8s !<\/p>\n<p style=\"text-align: justify;\"><strong>Boniments<\/strong> d\u2019apr\u00e8s Georges M\u00e9li\u00e8s interpr\u00e9t\u00e9s par Marie-H\u00e9l\u00e8ne Leh\u00e9rissey ;<strong> musique originale<\/strong> compos\u00e9e et interpr\u00e9t\u00e9e par Lawrence Leh\u00e9rissey (tous deux descendants de M\u00e9li\u00e8s). Par Zamora Production.&nbsp;<\/p>\n<p><a href=\"https:\/\/i0.wp.com\/toutcourtfestival.fr\/wp-content\/uploads\/2019\/04\/Affiche-Cin%C3%A9-Concert-M%C3%A9li%C3%A8s-PNG.png\"><\/a><\/p>\n<p style=\"text-align: justify;\">Georges M\u00e9li\u00e8s<a &hellip; <\/p>\n<p><a class=\"more-link btn\" href=\"https:\/\/toutcourtfestival.fr\/index.php\/selections-2019\/selection-2019-cine-concert\/\">Continue reading<\/a><\/p>\n<p><\/a><\/p>\n","protected":false},"author":1,"featured_media":0,"parent":6480,"menu_order":0,"comment_status":"closed","ping_status":"closed","template":"","meta":{"ngg_post_thumbnail":0,"jetpack_post_was_ever_published":false,"footnotes":""},"class_list":["post-6646","page","type-page","status-publish","hentry","nodate","item-wrap"],"jetpack_sharing_enabled":true,"jetpack_shortlink":"https:\/\/wp.me\/P8k6iw-1Jc","jetpack_likes_enabled":true,"_links":{"self":[{"href":"https:\/\/toutcourtfestival.fr\/index.php\/wp-json\/wp\/v2\/pages\/6646","targetHints":{"allow":["GET"]}}],"collection":[{"href":"https:\/\/toutcourtfestival.fr\/index.php\/wp-json\/wp\/v2\/pages"}],"about":[{"href":"https:\/\/toutcourtfestival.fr\/index.php\/wp-json\/wp\/v2\/types\/page"}],"author":[{"embeddable":true,"href":"https:\/\/toutcourtfestival.fr\/index.php\/wp-json\/wp\/v2\/users\/1"}],"replies":[{"embeddable":true,"href":"https:\/\/toutcourtfestival.fr\/index.php\/wp-json\/wp\/v2\/comments?post=6646"}],"version-history":[{"count":0,"href":"https:\/\/toutcourtfestival.fr\/index.php\/wp-json\/wp\/v2\/pages\/6646\/revisions"}],"up":[{"embeddable":true,"href":"https:\/\/toutcourtfestival.fr\/index.php\/wp-json\/wp\/v2\/pages\/6480"}],"wp:attachment":[{"href":"https:\/\/toutcourtfestival.fr\/index.php\/wp-json\/wp\/v2\/media?parent=6646"}],"curies":[{"name":"wp","href":"https:\/\/api.w.org\/{rel}","templated":true}]}}

Sélection 2019 &#8211; Ciné-Concert

<div id="pl-6646"  class="panel-layout" ><div id="pg-6646-0"  class="panel-grid panel-no-style" ><div id="pgc-6646-0-0"  class="panel-grid-cell" ><div id="panel-6646-0-0-0" class="so-panel widget widget_sow-headline panel-first-child panel-last-child" data-index="0" ><div
			
			class="so-widget-sow-headline so-widget-sow-headline-default-1a3c0a56c48b-6646"
			
		><div class="sow-headline-container ">
							<h1 class="sow-headline">
						Ciné-Concert						</h1>
											<div class="decoration">
						<div class="decoration-inside"></div>
					</div>
											<h3 class="sow-sub-headline">
						Samedi 11 mai 2019 - 20h30 - Nouvelle salle polyvalente de Gisors						</h3>
						</div>
</div></div></div></div><div id="pg-6646-1"  class="panel-grid panel-no-style" ><div id="pgc-6646-1-0"  class="panel-grid-cell panel-grid-cell-empty" ></div><div id="pgc-6646-1-1"  class="panel-grid-cell panel-grid-cell-mobile-last" ><div id="panel-6646-1-1-0" class="so-panel widget widget_sow-editor panel-first-child panel-last-child" data-index="1" ><div
			
			class="so-widget-sow-editor so-widget-sow-editor-base"
			
		>
<div class="siteorigin-widget-tinymce textwidget">
	<p style="text-align: justify;">Une soirée exceptionnelle Ciné-Concert Georges Méliès !</p>
<p style="text-align: justify;"><strong>Boniments</strong> d’après Georges Méliès interprétés par Marie-Hélène Lehérissey ;<strong> musique originale</strong> composée et interprétée par Lawrence Lehérissey (tous deux descendants de Méliès). Par Zamora Production.&nbsp;</p>
<p><a href="https://i0.wp.com/toutcourtfestival.fr/wp-content/uploads/2019/04/Affiche-Cin%C3%A9-Concert-M%C3%A9li%C3%A8s-PNG.png"><img data-recalc-dims="1" loading="lazy" decoding="async" class="alignnone wp-image-6980 size-large" src="https://i0.wp.com/toutcourtfestival.fr/wp-content/uploads/2019/04/Affiche-Cin%C3%A9-Concert-M%C3%A9li%C3%A8s-PNG-724x1024.png?resize=724%2C1024" alt="" width="724" height="1024" srcset="https://i0.wp.com/toutcourtfestival.fr/wp-content/uploads/2019/04/Affiche-Cin%C3%A9-Concert-M%C3%A9li%C3%A8s-PNG.png?resize=724%2C1024&amp;ssl=1 724w, https://i0.wp.com/toutcourtfestival.fr/wp-content/uploads/2019/04/Affiche-Cin%C3%A9-Concert-M%C3%A9li%C3%A8s-PNG.png?resize=212%2C300&amp;ssl=1 212w, https://i0.wp.com/toutcourtfestival.fr/wp-content/uploads/2019/04/Affiche-Cin%C3%A9-Concert-M%C3%A9li%C3%A8s-PNG.png?resize=768%2C1086&amp;ssl=1 768w, https://i0.wp.com/toutcourtfestival.fr/wp-content/uploads/2019/04/Affiche-Cin%C3%A9-Concert-M%C3%A9li%C3%A8s-PNG.png?w=1191&amp;ssl=1 1191w" sizes="auto, (max-width: 724px) 100vw, 724px" /></a></p>
<p style="text-align: justify;">Georges Méliès<a href="https://i0.wp.com/toutcourtfestival.fr/wp-content/uploads/2019/03/George_Melies.jpg"><img data-recalc-dims="1" loading="lazy" decoding="async" class="wp-image-6648 alignleft" src="https://i0.wp.com/toutcourtfestival.fr/wp-content/uploads/2019/03/George_Melies-213x300.jpg?resize=102%2C144" alt="" width="102" height="144" srcset="https://i0.wp.com/toutcourtfestival.fr/wp-content/uploads/2019/03/George_Melies.jpg?resize=213%2C300&amp;ssl=1 213w, https://i0.wp.com/toutcourtfestival.fr/wp-content/uploads/2019/03/George_Melies.jpg?resize=768%2C1082&amp;ssl=1 768w, https://i0.wp.com/toutcourtfestival.fr/wp-content/uploads/2019/03/George_Melies.jpg?resize=727%2C1024&amp;ssl=1 727w, https://i0.wp.com/toutcourtfestival.fr/wp-content/uploads/2019/03/George_Melies.jpg?w=1988&amp;ssl=1 1988w" sizes="auto, (max-width: 102px) 100vw, 102px" /></a> (1861-1938) est l’une des figures les plus étonnantes du cinéma. Entre 1896 et 1912 il réalise 520 films dont il est le producteur, le distributeur et dans lesquels il joue. Premier à utiliser la caméra pour raconter une histoire avec mise en scène et décors, il invente toutes sortes de trucages qui sont encore la base des effets spéciaux modernes. Cet artisan de génie est un homme-orchestre qui aborde tous les genres&nbsp;: actualités reconstituées, bandes publicitaires, féeries en couleurs, mélodrames, burlesque, science-fiction, etc.</p>
<p><img data-recalc-dims="1" loading="lazy" decoding="async" class="wp-image-6425 size-medium alignright" src="https://i0.wp.com/toutcourtfestival.fr/wp-content/uploads/2019/03/CINE_CONCERT_GEORGES_MELIES-300x214.jpg?resize=300%2C214" alt="" width="300" height="214" srcset="https://i0.wp.com/toutcourtfestival.fr/wp-content/uploads/2019/03/CINE_CONCERT_GEORGES_MELIES.jpg?resize=300%2C214&amp;ssl=1 300w, https://i0.wp.com/toutcourtfestival.fr/wp-content/uploads/2019/03/CINE_CONCERT_GEORGES_MELIES.jpg?resize=768%2C548&amp;ssl=1 768w, https://i0.wp.com/toutcourtfestival.fr/wp-content/uploads/2019/03/CINE_CONCERT_GEORGES_MELIES.jpg?w=804&amp;ssl=1 804w" sizes="auto, (max-width: 300px) 100vw, 300px" /></p>
<p style="text-align: justify;">L’association « Les Amis de Georges Méliès - Cinémathèque Méliès » propose plusieurs programmes exclusifs de films à partir des bobines originales qu’elle retrouve, conserve et montre. Les ciné-concerts rendent hommage à ce génial prestidigitateur, à travers des spectacles bonimentés et accompagnés au piano car, si le cinéma naissant était muet, il n’a jamais été silencieux&nbsp;!</p>
<p style="text-align: justify;">En 2011 l’État a inscrit Georges Méliès au titre des Célébrations Nationales pour les 150 ans de sa naissance. Martin Scorsese a adapté à l’écran, sous le titre «&nbsp;Hugo&nbsp;», le best-seller de Brian Selznick, L’invention d’Hugo Cabret, qui retrace une partie de la vie de Méliès à Paris.</p>
<p style="text-align: justify;">La soirée débutera avec la remise des prix de la section Pro du festival.</p>
<p>&nbsp;</p>
</div>
</div></div></div><div id="pgc-6646-1-2"  class="panel-grid-cell panel-grid-cell-empty" ></div></div><div id="pg-6646-2"  class="panel-grid panel-no-style" ><div id="pgc-6646-2-0"  class="panel-grid-cell panel-grid-cell-empty" ></div><div id="pgc-6646-2-1"  class="panel-grid-cell panel-grid-cell-mobile-last" ><div id="panel-6646-2-1-0" class="so-panel widget widget_sow-editor panel-first-child panel-last-child" data-index="2" ><div
			
			class="so-widget-sow-editor so-widget-sow-editor-base"
			
		>
<div class="siteorigin-widget-tinymce textwidget">
	<p style="text-align: justify;">Vous pourrez acheter vos billets sur place au moment du festival (en espèces) ou réserver dès maintenant en ligne avec le formulaire ci-dessous (par CB).&nbsp; <span style="text-decoration: underline;">Attention</span>: le nombre de place pour les ateliers est limité !</p>
<p>Propulsé par <a href="https://www.helloasso.com" rel="nofollow">HelloAsso</a><br />
<iframe id="haWidget" style="width: 100%; height: 850px; border: none;" src="https://www.helloasso.com/associations/tout-court-eure/evenements/tout-court-festival-du-court-metrage-de-gisors-edition-3/widget" scrolling="auto"></iframe></p>
</div>
</div></div></div><div id="pgc-6646-2-2"  class="panel-grid-cell panel-grid-cell-empty" ></div></div><div id="pg-6646-3"  class="panel-grid panel-no-style" ><div id="pgc-6646-3-0"  class="panel-grid-cell" ><div id="panel-6646-3-0-0" class="so-panel widget widget_text panel-first-child panel-last-child" data-index="3" >			<div class="textwidget"><style>.entry-title {display:none;}</style> </div>
		</div></div></div></div>

<p>Ciné-Concert Samedi 11 mai 2019 &#8211; 20h30 &#8211; Nouvelle salle polyvalente de Gisors </p>
<p style="text-align: justify;">Une soirée exceptionnelle Ciné-Concert Georges Méliès !</p>
<p style="text-align: justify;"><strong>Boniments</strong> d’après Georges Méliès interprétés par Marie-Hélène Lehérissey ;<strong> musique originale</strong> composée et interprétée par Lawrence Lehérissey (tous deux descendants de Méliès). Par Zamora Production.&nbsp;</p>
<p><a href="https://i0.wp.com/toutcourtfestival.fr/wp-content/uploads/2019/04/Affiche-Cin%C3%A9-Concert-M%C3%A9li%C3%A8s-PNG.png"></a></p>
<p style="text-align: justify;">Georges Méliès<a &hellip; </p>
<p><a class="more-link btn" href="https://toutcourtfestival.fr/index.php/selections-2019/selection-2019-cine-concert/">Continue reading</a></p>
<p></a></p>
