{"id":7952,"date":"2020-02-07T23:53:09","date_gmt":"2020-02-07T22:53:09","guid":{"rendered":"https:\/\/toutcourtfestival.fr\/?page_id=7952"},"modified":"2020-03-13T14:56:53","modified_gmt":"2020-03-13T13:56:53","slug":"billetterie-2020","status":"publish","type":"page","link":"https:\/\/toutcourtfestival.fr\/index.php\/billetterie-2020\/","title":{"rendered":"Billetterie 2020"},"content":{"rendered":"<div id=\"pl-7952\"  class=\"panel-layout\" ><div id=\"pg-7952-0\"  class=\"panel-grid panel-has-style\" ><div class=\"panel-row-style panel-row-style-for-7952-0\" ><div id=\"pgc-7952-0-0\"  class=\"panel-grid-cell\" ><div id=\"panel-7952-0-0-0\" class=\"so-panel widget widget_sow-headline panel-first-child panel-last-child\" data-index=\"0\" ><div\n\t\t\t\n\t\t\tclass=\"so-widget-sow-headline so-widget-sow-headline-default-6090f20097d1-7952\"\n\t\t\t\n\t\t><div class=\"sow-headline-container \">\n\t\t\t\t\t\t\t<h1 class=\"sow-headline\">\n\t\t\t\t\t\tBilletterie en ligne\t\t\t\t\t\t<\/h1>\n\t\t\t\t\t\t\t\t\t\t\t<div class=\"decoration\">\n\t\t\t\t\t\t<div class=\"decoration-inside\"><\/div>\n\t\t\t\t\t<\/div>\n\t\t\t\t\t\t\t\t\t\t\t<h3 class=\"sow-sub-headline\">\n\t\t\t\t\t\tTout Court ! \u00e9dition 4 - report\u00e9, nouvelle date \u00e0 d\u00e9terminer\t\t\t\t\t\t<\/h3>\n\t\t\t\t\t\t<\/div>\n<\/div><\/div><\/div><\/div><\/div><div id=\"pg-7952-1\"  class=\"panel-grid panel-no-style\" ><div id=\"pgc-7952-1-0\"  class=\"panel-grid-cell panel-grid-cell-empty\" ><\/div><div id=\"pgc-7952-1-1\"  class=\"panel-grid-cell panel-grid-cell-mobile-last\" ><div id=\"panel-7952-1-1-0\" class=\"so-panel widget widget_sow-editor panel-first-child panel-last-child\" data-index=\"1\" ><div\n\t\t\t\n\t\t\tclass=\"so-widget-sow-editor so-widget-sow-editor-base\"\n\t\t\t\n\t\t>\n<div class=\"siteorigin-widget-tinymce textwidget\">\n\t<p style=\"text-align: justify;\">Vous pourrez acheter vos billets sur place au moment du festival (en esp\u00e8ces) ou r\u00e9server d\u00e8s maintenant en ligne avec le formulaire ci-dessous (par CB).&nbsp; <span style=\"text-decoration: underline;\">Attention<\/span>: le nombre de place pour les ateliers est limit\u00e9 !<\/p>\n<p>Propuls\u00e9 par <a href=\"https:\/\/www.helloasso.com\" rel=\"nofollow\">HelloAsso<\/a><br \/>\n<iframe id=\"haWidget\" style=\"width: 100%; height: 1000px; border: none;\" src=\"https:\/\/www.helloasso.com\/associations\/tout-court-eure\/evenements\/tout-court-festival-du-court-metrage-de-gisors-edition-4\/widget\" scrolling=\"auto\"><\/iframe><\/p>\n<div style=\"width: 100%; text-align: center;\">Propuls\u00e9 par <a href=\"https:\/\/www.helloasso.com\" rel=\"nofollow\">HelloAsso<\/a><\/div>\n<\/div>\n<\/div><\/div><\/div><div id=\"pgc-7952-1-2\"  class=\"panel-grid-cell panel-grid-cell-empty\" ><\/div><\/div><div id=\"pg-7952-2\"  class=\"panel-grid panel-no-style\" ><div id=\"pgc-7952-2-0\"  class=\"panel-grid-cell\" ><div id=\"panel-7952-2-0-0\" class=\"so-panel widget widget_text panel-first-child panel-last-child\" data-index=\"2\" >\t\t\t<div class=\"textwidget\"><style>.entry-title {display:none;}<\/style> <\/div>\n\t\t<\/div><\/div><\/div><\/div>","protected":false},"excerpt":{"rendered":"<p>Billetterie en ligne Tout Court ! \u00e9dition 4 &#8211; report\u00e9, nouvelle date \u00e0 d\u00e9terminer <\/p>\n<p style=\"text-align: justify;\">Vous pourrez acheter vos billets sur place au moment du festival (en esp\u00e8ces) ou r\u00e9server d\u00e8s maintenant en ligne avec le formulaire ci-dessous (par CB).&nbsp; Attention: le nombre de place pour les ateliers est limit\u00e9 !<\/p>\n<p>Propuls\u00e9 par <a &hellip; <\/p>\n<p><a class=\"more-link btn\" href=\"https:\/\/toutcourtfestival.fr\/index.php\/billetterie-2020\/\">Continue reading<\/a><\/p>\n<p><\/a><\/p>\n","protected":false},"author":1,"featured_media":0,"parent":0,"menu_order":0,"comment_status":"closed","ping_status":"closed","template":"","meta":{"ngg_post_thumbnail":0,"jetpack_post_was_ever_published":false,"footnotes":""},"class_list":["post-7952","page","type-page","status-publish","hentry","nodate","item-wrap"],"jetpack_sharing_enabled":true,"jetpack_shortlink":"https:\/\/wp.me\/P8k6iw-24g","jetpack_likes_enabled":true,"_links":{"self":[{"href":"https:\/\/toutcourtfestival.fr\/index.php\/wp-json\/wp\/v2\/pages\/7952","targetHints":{"allow":["GET"]}}],"collection":[{"href":"https:\/\/toutcourtfestival.fr\/index.php\/wp-json\/wp\/v2\/pages"}],"about":[{"href":"https:\/\/toutcourtfestival.fr\/index.php\/wp-json\/wp\/v2\/types\/page"}],"author":[{"embeddable":true,"href":"https:\/\/toutcourtfestival.fr\/index.php\/wp-json\/wp\/v2\/users\/1"}],"replies":[{"embeddable":true,"href":"https:\/\/toutcourtfestival.fr\/index.php\/wp-json\/wp\/v2\/comments?post=7952"}],"version-history":[{"count":0,"href":"https:\/\/toutcourtfestival.fr\/index.php\/wp-json\/wp\/v2\/pages\/7952\/revisions"}],"wp:attachment":[{"href":"https:\/\/toutcourtfestival.fr\/index.php\/wp-json\/wp\/v2\/media?parent=7952"}],"curies":[{"name":"wp","href":"https:\/\/api.w.org\/{rel}","templated":true}]}}