{"id":8561,"date":"2023-02-20T01:39:17","date_gmt":"2023-02-20T00:39:17","guid":{"rendered":"https:\/\/toutcourtfestival.fr\/?page_id=8561"},"modified":"2023-02-20T23:46:31","modified_gmt":"2023-02-20T22:46:31","slug":"selections-2023-selection-competition-n2","status":"publish","type":"page","link":"https:\/\/toutcourtfestival.fr\/index.php\/selections-2023\/selections-2023-selection-competition-n2\/","title":{"rendered":"S\u00e9lections 2023 &#8211; S\u00e9lection comp\u00e9tition n\u00b02"},"content":{"rendered":"<div id=\"pl-8561\"  class=\"panel-layout\" ><div id=\"pg-8561-0\"  class=\"panel-grid panel-no-style\" ><div id=\"pgc-8561-0-0\"  class=\"panel-grid-cell\" ><div id=\"panel-8561-0-0-0\" class=\"so-panel widget widget_sow-headline panel-first-child panel-last-child\" data-index=\"0\" ><div\n\t\t\t\n\t\t\tclass=\"so-widget-sow-headline so-widget-sow-headline-default-88db78fa6322-8561\"\n\t\t\t\n\t\t><div class=\"sow-headline-container \">\n\t\t\t\t\t\t\t<h1 class=\"sow-headline\">\n\t\t\t\t\t\tS\u00e9lection comp\u00e9tition n\u00b02\t\t\t\t\t\t<\/h1>\n\t\t\t\t\t\t\t\t\t\t\t<div class=\"decoration\">\n\t\t\t\t\t\t<div class=\"decoration-inside\"><\/div>\n\t\t\t\t\t<\/div>\n\t\t\t\t\t\t\t\t\t\t\t<h3 class=\"sow-sub-headline\">\n\t\t\t\t\t\tS\u00e9lections comp\u00e9tition\t\t\t\t\t\t<\/h3>\n\t\t\t\t\t\t<\/div>\n<\/div><\/div><\/div><\/div><div id=\"pg-8561-1\"  class=\"panel-grid panel-no-style\" ><div id=\"pgc-8561-1-0\"  class=\"panel-grid-cell panel-grid-cell-empty\" ><\/div><div id=\"pgc-8561-1-1\"  class=\"panel-grid-cell panel-grid-cell-mobile-last\" ><div id=\"panel-8561-1-1-0\" class=\"so-panel widget widget_sow-editor panel-first-child panel-last-child\" data-index=\"1\" ><div\n\t\t\t\n\t\t\tclass=\"so-widget-sow-editor so-widget-sow-editor-base\"\n\t\t\t\n\t\t>\n<div class=\"siteorigin-widget-tinymce textwidget\">\n\t<p style=\"text-align: justify;\"><span style=\"font-size: 12pt;\">Deuxi\u00e8me s\u00e9ance de films s\u00e9lectionn\u00e9s pour la comp\u00e9tition par les ados de l'association Tout Court ! Encadr\u00e9s par leurs a\u00een\u00e9s et les b\u00e9n\u00e9voles, Ils ont fait leur choix parmis une cinquantaine de films pr\u00e9s\u00e9lectionn\u00e9s par les adultes de l'association. <\/span><span style=\"font-size: 12pt;\">Pendant 4 mois, ils ont patiemment regard\u00e9, not\u00e9 et d\u00e9battu des court-m\u00e9trages lors des s\u00e9ances du samedi des Ateliers Cin\u00e9ma du Tout Court ! avant d'arriver peu \u00e0 peu \u00e0 leur s\u00e9lection finale \u00e0 l'issue de trois tables rondes.<\/span><\/p>\n<p style=\"text-align: center;\"><span style=\"font-size: 12pt;\"><em><strong>4 films<\/strong> - Dur\u00e9e 1h23 plus \u00e9changes avec les artistes.<\/em><\/span><\/p>\n<p style=\"text-align: center;\"><em>Projection le <strong>samedi 25 mars 2023 <\/strong>\u00e0&nbsp;<strong>17h30<\/strong> \u00e0 la&nbsp;<strong>salle polyvalente de Gisors<\/strong><\/em><\/p>\n<\/div>\n<\/div><\/div><\/div><div id=\"pgc-8561-1-2\"  class=\"panel-grid-cell panel-grid-cell-empty\" ><\/div><\/div><div id=\"pg-8561-2\"  class=\"panel-grid panel-no-style\" ><div id=\"pgc-8561-2-0\"  class=\"panel-grid-cell\" ><div id=\"panel-8561-2-0-0\" class=\"so-panel widget widget_sow-headline panel-first-child panel-last-child\" data-index=\"2\" ><div\n\t\t\t\n\t\t\tclass=\"so-widget-sow-headline so-widget-sow-headline-default-6090f20097d1-8561\"\n\t\t\t\n\t\t><div class=\"sow-headline-container \">\n\t\t\t\t\t\t<div class=\"decoration\">\n\t\t\t\t\t\t<div class=\"decoration-inside\"><\/div>\n\t\t\t\t\t<\/div>\n\t\t\t\t\t<\/div>\n<\/div><\/div><\/div><\/div><div id=\"pg-8561-3\"  class=\"panel-grid panel-has-style\" ><div class=\"panel-row-style panel-row-style-for-8561-3\" ><div id=\"pgc-8561-3-0\"  class=\"panel-grid-cell\" ><div id=\"panel-8561-3-0-0\" class=\"so-panel widget widget_sow-editor panel-first-child\" data-index=\"3\" ><div class=\"panel-widget-style panel-widget-style-for-8561-3-0-0\" ><div\n\t\t\t\n\t\t\tclass=\"so-widget-sow-editor so-widget-sow-editor-base\"\n\t\t\t\n\t\t>\n<div class=\"siteorigin-widget-tinymce textwidget\">\n\t<h1 style=\"text-align: justify;\"><span style=\"color: #e6e6e6;\"><b>Fairplay<br \/>\n<\/b><\/span><\/h1>\n<\/div>\n<\/div><\/div><\/div><div id=\"panel-8561-3-0-1\" class=\"so-panel widget widget_siteorigin-panels-builder panel-last-child\" data-index=\"4\" ><div id=\"pl-w63f2c135b1dd8\"  class=\"panel-layout\" ><div id=\"pg-w63f2c135b1dd8-0\"  class=\"panel-grid panel-no-style\" ><div id=\"pgc-w63f2c135b1dd8-0-0\"  class=\"panel-grid-cell panel-grid-cell-empty\" ><\/div><div id=\"pgc-w63f2c135b1dd8-0-1\"  class=\"panel-grid-cell\" ><div id=\"panel-w63f2c135b1dd8-0-1-0\" class=\"so-panel widget widget_sow-image panel-first-child panel-last-child\" data-index=\"0\" ><div class=\"panel-widget-style panel-widget-style-for-w63f2c135b1dd8-0-1-0\" ><div\n\t\t\t\n\t\t\tclass=\"so-widget-sow-image so-widget-sow-image-default-4e6925654b7a\"\n\t\t\t\n\t\t>\n<div class=\"sow-image-container\">\n\t\t<img \n\tsrc=\"https:\/\/i0.wp.com\/toutcourtfestival.fr\/wp-content\/uploads\/2023\/02\/FAIRPLAY_Dino-Berguglia_018-scaled.jpg?resize=272%2C182&amp;ssl=1\" width=\"272\" height=\"182\" srcset=\"https:\/\/i0.wp.com\/toutcourtfestival.fr\/wp-content\/uploads\/2023\/02\/FAIRPLAY_Dino-Berguglia_018-scaled.jpg?resize=272%2C182&amp;ssl=1 272w, https:\/\/i0.wp.com\/toutcourtfestival.fr\/wp-content\/uploads\/2023\/02\/FAIRPLAY_Dino-Berguglia_018-scaled.jpg?zoom=2&amp;resize=272%2C182&amp;ssl=1 544w, https:\/\/i0.wp.com\/toutcourtfestival.fr\/wp-content\/uploads\/2023\/02\/FAIRPLAY_Dino-Berguglia_018-scaled.jpg?zoom=3&amp;resize=272%2C182&amp;ssl=1 816w\" title=\"FAIRPLAY_Dino-Berguglia_018\" alt=\"\" \t\tclass=\"so-widget-image\"\/>\n\t<\/div>\n\n<\/div><\/div><\/div><\/div><div id=\"pgc-w63f2c135b1dd8-0-2\"  class=\"panel-grid-cell\" ><div id=\"panel-w63f2c135b1dd8-0-2-0\" class=\"so-panel widget widget_sow-editor panel-first-child panel-last-child\" data-index=\"1\" ><div\n\t\t\t\n\t\t\tclass=\"so-widget-sow-editor so-widget-sow-editor-base\"\n\t\t\t\n\t\t>\n<div class=\"siteorigin-widget-tinymce textwidget\">\n\t<p style=\"text-align: justify;\"><span style=\"font-size: 12pt; color: #e6e6e6;\"><em>Com\u00e9die de Zoel Aeschbacher - Suisse, France - 17\u201932\u201d<br \/>\n<\/em><\/span><\/p>\n<p style=\"text-align: justify;\"><span style=\"font-size: 12pt; color: #e6e6e6;\">Un adolescent en qu\u00eate de reconnaissance, un ouvrier pr\u00eat \u00e0 tout pour d\u00e9crocher le jackpot, un cadre sup\u00e9rieur en fin de carri\u00e8re qui veut se prouver \u00e0 lui-m\u00eame qu'il est encore en vie. Trois personnages en perte de vitesse sur l'autoroute de la comp\u00e9tition...<br \/>\n<\/span><\/p>\n<p>&nbsp;<\/p>\n<\/div>\n<\/div><\/div><\/div><\/div><\/div><\/div><\/div><\/div><\/div><div id=\"pg-8561-4\"  class=\"panel-grid panel-has-style\" ><div class=\"panel-row-style panel-row-style-for-8561-4\" ><div id=\"pgc-8561-4-0\"  class=\"panel-grid-cell\" ><div id=\"panel-8561-4-0-0\" class=\"so-panel widget widget_sow-editor panel-first-child\" data-index=\"5\" ><div class=\"panel-widget-style panel-widget-style-for-8561-4-0-0\" ><div\n\t\t\t\n\t\t\tclass=\"so-widget-sow-editor so-widget-sow-editor-base\"\n\t\t\t\n\t\t>\n<div class=\"siteorigin-widget-tinymce textwidget\">\n\t<h1 style=\"text-align: justify;\">TNT<\/h1>\n<\/div>\n<\/div><\/div><\/div><div id=\"panel-8561-4-0-1\" class=\"so-panel widget widget_siteorigin-panels-builder panel-last-child\" data-index=\"6\" ><div id=\"pl-w63f2c2cb4f48c\"  class=\"panel-layout\" ><div id=\"pg-w63f2c2cb4f48c-0\"  class=\"panel-grid panel-no-style\" ><div id=\"pgc-w63f2c2cb4f48c-0-0\"  class=\"panel-grid-cell panel-grid-cell-empty\" ><\/div><div id=\"pgc-w63f2c2cb4f48c-0-1\"  class=\"panel-grid-cell\" ><div id=\"panel-w63f2c2cb4f48c-0-1-0\" class=\"so-panel widget widget_sow-image panel-first-child panel-last-child\" data-index=\"0\" ><div class=\"panel-widget-style panel-widget-style-for-w63f2c2cb4f48c-0-1-0\" ><div\n\t\t\t\n\t\t\tclass=\"so-widget-sow-image so-widget-sow-image-default-4e6925654b7a\"\n\t\t\t\n\t\t>\n<div class=\"sow-image-container\">\n\t\t<img \n\tsrc=\"https:\/\/i0.wp.com\/toutcourtfestival.fr\/wp-content\/uploads\/2023\/02\/2.-TNT-25.mp4_20230220_014544.491.jpg?resize=272%2C182&amp;ssl=1\" width=\"272\" height=\"182\" srcset=\"https:\/\/i0.wp.com\/toutcourtfestival.fr\/wp-content\/uploads\/2023\/02\/2.-TNT-25.mp4_20230220_014544.491.jpg?resize=272%2C182&amp;ssl=1 272w, https:\/\/i0.wp.com\/toutcourtfestival.fr\/wp-content\/uploads\/2023\/02\/2.-TNT-25.mp4_20230220_014544.491.jpg?zoom=2&amp;resize=272%2C182&amp;ssl=1 544w, https:\/\/i0.wp.com\/toutcourtfestival.fr\/wp-content\/uploads\/2023\/02\/2.-TNT-25.mp4_20230220_014544.491.jpg?zoom=3&amp;resize=272%2C182&amp;ssl=1 816w\" title=\"2. TNT &#8211; 25.mp4_20230220_014544.491\" alt=\"\" \t\tclass=\"so-widget-image\"\/>\n\t<\/div>\n\n<\/div><\/div><\/div><\/div><div id=\"pgc-w63f2c2cb4f48c-0-2\"  class=\"panel-grid-cell\" ><div id=\"panel-w63f2c2cb4f48c-0-2-0\" class=\"so-panel widget widget_sow-editor panel-first-child panel-last-child\" data-index=\"1\" ><div\n\t\t\t\n\t\t\tclass=\"so-widget-sow-editor so-widget-sow-editor-base\"\n\t\t\t\n\t\t>\n<div class=\"siteorigin-widget-tinymce textwidget\">\n\t<p style=\"text-align: justify;\"><span style=\"font-size: 12pt;\">Fantastique de Olivier GANDRILLE - France - 25\u2019<br \/>\n<\/span><\/p>\n<p style=\"text-align: justify;\"><span style=\"font-size: 12pt;\">Pendant les \u00e9meutes de 2005, quatre jeunes coll\u00e9giens de banlieue entendent parler d\u2019une vieille l\u00e9gende urbaine : celle de Paupaul, \u00ab le violeur des bois \u00bb, qui s\u2019attaquerait aux jeunes des quartiers pauvres pour les tenir \u00e9loign\u00e9s des quartiers riches.<\/span><\/p>\n<\/div>\n<\/div><\/div><\/div><\/div><\/div><\/div><\/div><\/div><\/div><div id=\"pg-8561-5\"  class=\"panel-grid panel-has-style\" ><div class=\"panel-row-style panel-row-style-for-8561-5\" ><div id=\"pgc-8561-5-0\"  class=\"panel-grid-cell\" ><div id=\"panel-8561-5-0-0\" class=\"so-panel widget widget_sow-editor panel-first-child\" data-index=\"7\" ><div class=\"panel-widget-style panel-widget-style-for-8561-5-0-0\" ><div\n\t\t\t\n\t\t\tclass=\"so-widget-sow-editor so-widget-sow-editor-base\"\n\t\t\t\n\t\t>\n<div class=\"siteorigin-widget-tinymce textwidget\">\n\t<h1 style=\"text-align: justify;\"><span style=\"color: #e6e6e6;\"><b>Du bout des doigts<br \/>\n<\/b><\/span><b><\/b><\/h1>\n<\/div>\n<\/div><\/div><\/div><div id=\"panel-8561-5-0-1\" class=\"so-panel widget widget_siteorigin-panels-builder panel-last-child\" data-index=\"8\" ><div id=\"pl-w63f2c3da24606\"  class=\"panel-layout\" ><div id=\"pg-w63f2c3da24606-0\"  class=\"panel-grid panel-no-style\" ><div id=\"pgc-w63f2c3da24606-0-0\"  class=\"panel-grid-cell panel-grid-cell-empty\" ><\/div><div id=\"pgc-w63f2c3da24606-0-1\"  class=\"panel-grid-cell\" ><div id=\"panel-w63f2c3da24606-0-1-0\" class=\"so-panel widget widget_sow-image panel-first-child panel-last-child\" data-index=\"0\" ><div class=\"panel-widget-style panel-widget-style-for-w63f2c3da24606-0-1-0\" ><div\n\t\t\t\n\t\t\tclass=\"so-widget-sow-image so-widget-sow-image-default-4e6925654b7a\"\n\t\t\t\n\t\t>\n<div class=\"sow-image-container\">\n\t\t<img \n\tsrc=\"https:\/\/i0.wp.com\/toutcourtfestival.fr\/wp-content\/uploads\/2023\/02\/3.-Du-bout-des-doigts-16.03.mp4_20230219_232841.061-e1676854227544.jpg?resize=272%2C182&amp;ssl=1\" width=\"272\" height=\"182\" srcset=\"https:\/\/i0.wp.com\/toutcourtfestival.fr\/wp-content\/uploads\/2023\/02\/3.-Du-bout-des-doigts-16.03.mp4_20230219_232841.061-e1676854227544.jpg?resize=272%2C182&amp;ssl=1 272w, https:\/\/i0.wp.com\/toutcourtfestival.fr\/wp-content\/uploads\/2023\/02\/3.-Du-bout-des-doigts-16.03.mp4_20230219_232841.061-e1676854227544.jpg?zoom=2&amp;resize=272%2C182&amp;ssl=1 544w, https:\/\/i0.wp.com\/toutcourtfestival.fr\/wp-content\/uploads\/2023\/02\/3.-Du-bout-des-doigts-16.03.mp4_20230219_232841.061-e1676854227544.jpg?zoom=3&amp;resize=272%2C182&amp;ssl=1 816w\" title=\"3. Du bout des doigts &#8211; 16.03.mp4_20230219_232841.061\" alt=\"\" \t\tclass=\"so-widget-image\"\/>\n\t<\/div>\n\n<\/div><\/div><\/div><\/div><div id=\"pgc-w63f2c3da24606-0-2\"  class=\"panel-grid-cell\" ><div id=\"panel-w63f2c3da24606-0-2-0\" class=\"so-panel widget widget_sow-editor panel-first-child panel-last-child\" data-index=\"1\" ><div\n\t\t\t\n\t\t\tclass=\"so-widget-sow-editor so-widget-sow-editor-base\"\n\t\t\t\n\t\t>\n<div class=\"siteorigin-widget-tinymce textwidget\">\n\t<p style=\"text-align: justify;\"><span style=\"font-size: 12pt; color: #e6e6e6;\"><em>Drame de l'\u00e9cole 3IS - L\u00e9o Poignard - France - 16\u20193\u201d<br \/>\n<\/em><\/span><\/p>\n<p style=\"text-align: justify;\"><span style=\"font-size: 12pt; color: #e6e6e6;\">Au milieu du printemps, un gar\u00e7on de 7 ans passe le week-end chez son p\u00e8re dans la campagne fran\u00e7aise. Ils partent ensemble en for\u00eat s\u2019adonner \u00e0 une activit\u00e9 qui viendra brusquer son innocence, avec la nature comme seule t\u00e9moin.<\/span><\/p>\n<\/div>\n<\/div><\/div><\/div><\/div><\/div><\/div><\/div><\/div><\/div><div id=\"pg-8561-6\"  class=\"panel-grid panel-has-style\" ><div class=\"panel-row-style panel-row-style-for-8561-6\" ><div id=\"pgc-8561-6-0\"  class=\"panel-grid-cell\" ><div id=\"panel-8561-6-0-0\" class=\"so-panel widget widget_sow-editor panel-first-child\" data-index=\"9\" ><div class=\"panel-widget-style panel-widget-style-for-8561-6-0-0\" ><div\n\t\t\t\n\t\t\tclass=\"so-widget-sow-editor so-widget-sow-editor-base\"\n\t\t\t\n\t\t>\n<div class=\"siteorigin-widget-tinymce textwidget\">\n\t<h1 style=\"text-align: justify;\"><b>Sami la fugue<br \/>\n<\/b><\/h1>\n<\/div>\n<\/div><\/div><\/div><div id=\"panel-8561-6-0-1\" class=\"so-panel widget widget_siteorigin-panels-builder panel-last-child\" data-index=\"10\" ><div id=\"pl-w63f2c58be1c74\"  class=\"panel-layout\" ><div id=\"pg-w63f2c58be1c74-0\"  class=\"panel-grid panel-no-style\" ><div id=\"pgc-w63f2c58be1c74-0-0\"  class=\"panel-grid-cell panel-grid-cell-empty\" ><\/div><div id=\"pgc-w63f2c58be1c74-0-1\"  class=\"panel-grid-cell\" ><div id=\"panel-w63f2c58be1c74-0-1-0\" class=\"so-panel widget widget_sow-image panel-first-child panel-last-child\" data-index=\"0\" ><div class=\"panel-widget-style panel-widget-style-for-w63f2c58be1c74-0-1-0\" ><div\n\t\t\t\n\t\t\tclass=\"so-widget-sow-image so-widget-sow-image-default-4e6925654b7a\"\n\t\t\t\n\t\t>\n<div class=\"sow-image-container\">\n\t\t<img \n\tsrc=\"https:\/\/i0.wp.com\/toutcourtfestival.fr\/wp-content\/uploads\/2023\/02\/3-copie.jpg?resize=272%2C182&amp;ssl=1\" width=\"272\" height=\"182\" srcset=\"https:\/\/i0.wp.com\/toutcourtfestival.fr\/wp-content\/uploads\/2023\/02\/3-copie.jpg?resize=272%2C182&amp;ssl=1 272w, https:\/\/i0.wp.com\/toutcourtfestival.fr\/wp-content\/uploads\/2023\/02\/3-copie.jpg?zoom=2&amp;resize=272%2C182&amp;ssl=1 544w, https:\/\/i0.wp.com\/toutcourtfestival.fr\/wp-content\/uploads\/2023\/02\/3-copie.jpg?zoom=3&amp;resize=272%2C182&amp;ssl=1 816w\" title=\"3 copie\" alt=\"\" \t\tclass=\"so-widget-image\"\/>\n\t<\/div>\n\n<\/div><\/div><\/div><\/div><div id=\"pgc-w63f2c58be1c74-0-2\"  class=\"panel-grid-cell\" ><div id=\"panel-w63f2c58be1c74-0-2-0\" class=\"so-panel widget widget_sow-editor panel-first-child panel-last-child\" data-index=\"1\" ><div\n\t\t\t\n\t\t\tclass=\"so-widget-sow-editor so-widget-sow-editor-base\"\n\t\t\t\n\t\t>\n<div class=\"siteorigin-widget-tinymce textwidget\">\n\t<p style=\"text-align: justify;\"><span style=\"font-size: 12pt;\"><em>Com\u00e9die dramatique de Vincent Tricon - France - 24\u201955\u201d<br \/>\n<\/em><\/span><\/p>\n<p style=\"text-align: justify;\"><span style=\"font-size: 12pt;\">C\u2019est l\u2019hiver en Franche-Comt\u00e9.\u00a0\u00a0Sami est intern\u00e9 en centre psychiatrique.\u00a0Un jour de visite, sa m\u00e8re et sa petite s\u0153ur lui apprennent que leur cheval est mort.<\/p>\n<p><\/span><\/p>\n<\/div>\n<\/div><\/div><\/div><\/div><\/div><\/div><\/div><\/div><\/div><div id=\"pg-8561-7\"  class=\"panel-grid panel-no-style\" ><div id=\"pgc-8561-7-0\"  class=\"panel-grid-cell\" ><div id=\"panel-8561-7-0-0\" class=\"so-panel widget widget_text panel-first-child panel-last-child\" data-index=\"11\" >\t\t\t<div class=\"textwidget\"><style>.entry-title {display:none;}<\/style> <\/div>\n\t\t<\/div><\/div><\/div><\/div>","protected":false},"excerpt":{"rendered":"<p>S\u00e9lection comp\u00e9tition n\u00b02 S\u00e9lections comp\u00e9tition <\/p>\n<p style=\"text-align: justify;\">Deuxi\u00e8me s\u00e9ance de films s\u00e9lectionn\u00e9s pour la comp\u00e9tition par les ados de l&#8217;association Tout Court ! Encadr\u00e9s par leurs a\u00een\u00e9s et les b\u00e9n\u00e9voles, Ils ont fait leur choix parmis une cinquantaine de films pr\u00e9s\u00e9lectionn\u00e9s par les adultes de l&#8217;association. Pendant 4 mois, ils ont patiemment regard\u00e9, not\u00e9 et &hellip; <\/p>\n<p><a class=\"more-link btn\" href=\"https:\/\/toutcourtfestival.fr\/index.php\/selections-2023\/selections-2023-selection-competition-n2\/\">Continue reading<\/a><\/p>\n","protected":false},"author":1,"featured_media":8571,"parent":8395,"menu_order":0,"comment_status":"closed","ping_status":"closed","template":"","meta":{"ngg_post_thumbnail":0,"jetpack_post_was_ever_published":false,"footnotes":""},"class_list":["post-8561","page","type-page","status-publish","has-post-thumbnail","hentry","nodate","item-wrap"],"jetpack_sharing_enabled":true,"jetpack_shortlink":"https:\/\/wp.me\/P8k6iw-2e5","jetpack_likes_enabled":true,"_links":{"self":[{"href":"https:\/\/toutcourtfestival.fr\/index.php\/wp-json\/wp\/v2\/pages\/8561","targetHints":{"allow":["GET"]}}],"collection":[{"href":"https:\/\/toutcourtfestival.fr\/index.php\/wp-json\/wp\/v2\/pages"}],"about":[{"href":"https:\/\/toutcourtfestival.fr\/index.php\/wp-json\/wp\/v2\/types\/page"}],"author":[{"embeddable":true,"href":"https:\/\/toutcourtfestival.fr\/index.php\/wp-json\/wp\/v2\/users\/1"}],"replies":[{"embeddable":true,"href":"https:\/\/toutcourtfestival.fr\/index.php\/wp-json\/wp\/v2\/comments?post=8561"}],"version-history":[{"count":0,"href":"https:\/\/toutcourtfestival.fr\/index.php\/wp-json\/wp\/v2\/pages\/8561\/revisions"}],"up":[{"embeddable":true,"href":"https:\/\/toutcourtfestival.fr\/index.php\/wp-json\/wp\/v2\/pages\/8395"}],"wp:featuredmedia":[{"embeddable":true,"href":"https:\/\/toutcourtfestival.fr\/index.php\/wp-json\/wp\/v2\/media\/8571"}],"wp:attachment":[{"href":"https:\/\/toutcourtfestival.fr\/index.php\/wp-json\/wp\/v2\/media?parent=8561"}],"curies":[{"name":"wp","href":"https:\/\/api.w.org\/{rel}","templated":true}]}}