{"id":8965,"date":"2023-03-05T19:45:52","date_gmt":"2023-03-05T18:45:52","guid":{"rendered":"https:\/\/toutcourtfestival.fr\/?page_id=8965"},"modified":"2023-03-05T19:51:27","modified_gmt":"2023-03-05T18:51:27","slug":"rencontres-jeune-creation-2023","status":"publish","type":"page","link":"https:\/\/toutcourtfestival.fr\/index.php\/selections-2023\/rencontres-jeune-creation-2023\/","title":{"rendered":"Rencontres &#8220;Jeune cr\u00e9ation&#8221; 2023"},"content":{"rendered":"<div id=\"pl-8965\"  class=\"panel-layout\" ><div id=\"pg-8965-0\"  class=\"panel-grid panel-no-style\" ><div id=\"pgc-8965-0-0\"  class=\"panel-grid-cell\" ><div id=\"panel-8965-0-0-0\" class=\"so-panel widget widget_sow-headline panel-first-child panel-last-child\" data-index=\"0\" ><div\n\t\t\t\n\t\t\tclass=\"so-widget-sow-headline so-widget-sow-headline-default-8afa24fa421a-8965\"\n\t\t\t\n\t\t><div class=\"sow-headline-container \">\n\t\t\t\t\t\t\t<h1 class=\"sow-headline\">\n\t\t\t\t\t\tRencontres Jeune cr\u00e9ation 2023\t\t\t\t\t\t<\/h1>\n\t\t\t\t\t\t\t\t\t\t\t<div class=\"decoration\">\n\t\t\t\t\t\t<div class=\"decoration-inside\"><\/div>\n\t\t\t\t\t<\/div>\n\t\t\t\t\t\t\t\t\t\t\t<h3 class=\"sow-sub-headline\">\n\t\t\t\t\t\tSamedi 25 mars 2023 - 11h - Salle polyvalente de Gisors\t\t\t\t\t\t<\/h3>\n\t\t\t\t\t\t<\/div>\n<\/div><\/div><\/div><\/div><div id=\"pg-8965-1\"  class=\"panel-grid panel-no-style\" ><div id=\"pgc-8965-1-0\"  class=\"panel-grid-cell panel-grid-cell-empty\" ><\/div><div id=\"pgc-8965-1-1\"  class=\"panel-grid-cell panel-grid-cell-mobile-last\" ><div id=\"panel-8965-1-1-0\" class=\"so-panel widget widget_sow-editor panel-first-child panel-last-child\" data-index=\"1\" ><div\n\t\t\t\n\t\t\tclass=\"so-widget-sow-editor so-widget-sow-editor-base\"\n\t\t\t\n\t\t>\n<div class=\"siteorigin-widget-tinymce textwidget\">\n\t<p style=\"text-align: justify;\">Fid\u00e8le \u00e0 ses principe, Le Tout Court ! met en avant la jeune cr\u00e9ation \u00e0 travers une rencontre annuelle, un moment fort du festival ! De jeunes cr\u00e9ateurs en herbe, seuls ou en ateliers, sont invit\u00e9s \u00e0 venir pr\u00e9senter leur production et \u00e9changer avec le public et les artistes cin\u00e9astes professionnels invit\u00e9s au festival.<\/p>\n<p style=\"text-align: justify;\">Les jeunes sont ensuite convi\u00e9 \u00e0 un repas avec les artistes afin de poursuivre les \u00e9changes, puis on leur remet un badge qui donne acc\u00e8s \u00e0 l'ensemble des s\u00e9ances. Ils peuvent ainsi rester toute la journ\u00e9e - et m\u00eame revenir le lendemain, pour \u00e9changer avec des artistes, participer \u00e0 des ateliers, voir des films...<\/p>\n<p style=\"text-align: justify;\"><a href=\"https:\/\/i0.wp.com\/toutcourtfestival.fr\/wp-content\/uploads\/2019\/06\/P1044308.MOV_20190610_183258.395.jpg?ssl=1\"><img data-recalc-dims=\"1\" loading=\"lazy\" decoding=\"async\" class=\"alignnone size-large wp-image-7248\" src=\"https:\/\/i0.wp.com\/toutcourtfestival.fr\/wp-content\/uploads\/2019\/06\/P1044308.MOV_20190610_183258.395.jpg?resize=1024%2C576&#038;ssl=1\" alt=\"\" width=\"1024\" height=\"576\" srcset=\"https:\/\/i0.wp.com\/toutcourtfestival.fr\/wp-content\/uploads\/2019\/06\/P1044308.MOV_20190610_183258.395.jpg?resize=1024%2C576&amp;ssl=1 1024w, https:\/\/i0.wp.com\/toutcourtfestival.fr\/wp-content\/uploads\/2019\/06\/P1044308.MOV_20190610_183258.395.jpg?resize=300%2C169&amp;ssl=1 300w, https:\/\/i0.wp.com\/toutcourtfestival.fr\/wp-content\/uploads\/2019\/06\/P1044308.MOV_20190610_183258.395.jpg?resize=768%2C432&amp;ssl=1 768w, https:\/\/i0.wp.com\/toutcourtfestival.fr\/wp-content\/uploads\/2019\/06\/P1044308.MOV_20190610_183258.395.jpg?w=1920&amp;ssl=1 1920w\" sizes=\"auto, (max-width: 1024px) 100vw, 1024px\" \/><\/a><\/p>\n<p style=\"text-align: center;\"><strong>Rencontres Jeune cr\u00e9ation<\/strong>&nbsp;- Samedi 25 mars 2023 - 11h - salle Polyvalente de Gisors<\/p>\n<\/div>\n<\/div><\/div><\/div><div id=\"pgc-8965-1-2\"  class=\"panel-grid-cell panel-grid-cell-empty\" ><\/div><\/div><div id=\"pg-8965-2\"  class=\"panel-grid panel-no-style\" ><div id=\"pgc-8965-2-0\"  class=\"panel-grid-cell\" ><div id=\"panel-8965-2-0-0\" class=\"so-panel widget widget_text panel-first-child panel-last-child\" data-index=\"2\" >\t\t\t<div class=\"textwidget\"><style>.entry-title {display:none;}<\/style> <\/div>\n\t\t<\/div><\/div><\/div><\/div>","protected":false},"excerpt":{"rendered":"<p>Rencontres Jeune cr\u00e9ation 2023 Samedi 25 mars 2023 &#8211; 11h &#8211; Salle polyvalente de Gisors <\/p>\n<p style=\"text-align: justify;\">Fid\u00e8le \u00e0 ses principe, Le Tout Court ! met en avant la jeune cr\u00e9ation \u00e0 travers une rencontre annuelle, un moment fort du festival ! De jeunes cr\u00e9ateurs en herbe, seuls ou en ateliers, sont invit\u00e9s \u00e0 venir &hellip; <\/p>\n<p><a class=\"more-link btn\" href=\"https:\/\/toutcourtfestival.fr\/index.php\/selections-2023\/rencontres-jeune-creation-2023\/\">Continue reading<\/a><\/p>\n","protected":false},"author":1,"featured_media":0,"parent":8395,"menu_order":0,"comment_status":"closed","ping_status":"closed","template":"","meta":{"ngg_post_thumbnail":0,"jetpack_post_was_ever_published":false,"footnotes":""},"class_list":["post-8965","page","type-page","status-publish","hentry","nodate","item-wrap"],"jetpack_sharing_enabled":true,"jetpack_shortlink":"https:\/\/wp.me\/P8k6iw-2kB","jetpack_likes_enabled":true,"_links":{"self":[{"href":"https:\/\/toutcourtfestival.fr\/index.php\/wp-json\/wp\/v2\/pages\/8965","targetHints":{"allow":["GET"]}}],"collection":[{"href":"https:\/\/toutcourtfestival.fr\/index.php\/wp-json\/wp\/v2\/pages"}],"about":[{"href":"https:\/\/toutcourtfestival.fr\/index.php\/wp-json\/wp\/v2\/types\/page"}],"author":[{"embeddable":true,"href":"https:\/\/toutcourtfestival.fr\/index.php\/wp-json\/wp\/v2\/users\/1"}],"replies":[{"embeddable":true,"href":"https:\/\/toutcourtfestival.fr\/index.php\/wp-json\/wp\/v2\/comments?post=8965"}],"version-history":[{"count":7,"href":"https:\/\/toutcourtfestival.fr\/index.php\/wp-json\/wp\/v2\/pages\/8965\/revisions"}],"predecessor-version":[{"id":8972,"href":"https:\/\/toutcourtfestival.fr\/index.php\/wp-json\/wp\/v2\/pages\/8965\/revisions\/8972"}],"up":[{"embeddable":true,"href":"https:\/\/toutcourtfestival.fr\/index.php\/wp-json\/wp\/v2\/pages\/8395"}],"wp:attachment":[{"href":"https:\/\/toutcourtfestival.fr\/index.php\/wp-json\/wp\/v2\/media?parent=8965"}],"curies":[{"name":"wp","href":"https:\/\/api.w.org\/{rel}","templated":true}]}}