{"id":9963,"date":"2026-02-20T08:05:59","date_gmt":"2026-02-20T07:05:59","guid":{"rendered":"https:\/\/toutcourtfestival.fr\/?page_id=9963"},"modified":"2026-03-06T12:26:10","modified_gmt":"2026-03-06T11:26:10","slug":"selection-douverture-2026","status":"publish","type":"page","link":"https:\/\/toutcourtfestival.fr\/index.php\/selections-2026\/selection-douverture-2026\/","title":{"rendered":"S\u00e9lection d&#8217;ouverture 2026"},"content":{"rendered":"<div id=\"pl-9963\"  class=\"panel-layout\" ><div id=\"pg-9963-0\"  class=\"panel-grid panel-no-style\" ><div id=\"pgc-9963-0-0\"  class=\"panel-grid-cell\" ><div id=\"panel-9963-0-0-0\" class=\"so-panel widget widget_sow-headline panel-first-child panel-last-child\" data-index=\"0\" ><div\n\t\t\t\n\t\t\tclass=\"so-widget-sow-headline so-widget-sow-headline-default-3c6557d8c08b-9963\"\n\t\t\t\n\t\t><div class=\"sow-headline-container \">\n\t\t\t\t\t\t\t<h1 class=\"sow-headline\">\n\t\t\t\t\t\tS\u00e9lection d'ouverture 2026\t\t\t\t\t\t<\/h1>\n\t\t\t\t\t\t\t\t\t\t\t<div class=\"decoration\">\n\t\t\t\t\t\t<div class=\"decoration-inside\"><\/div>\n\t\t\t\t\t<\/div>\n\t\t\t\t\t\t\t\t\t\t\t<h3 class=\"sow-sub-headline\">\n\t\t\t\t\t\tS\u00e9lections parall\u00e8les\t\t\t\t\t\t<\/h3>\n\t\t\t\t\t\t<\/div>\n<\/div><\/div><\/div><\/div><div id=\"pg-9963-1\"  class=\"panel-grid panel-no-style\" ><div id=\"pgc-9963-1-0\"  class=\"panel-grid-cell panel-grid-cell-empty\" ><\/div><div id=\"pgc-9963-1-1\"  class=\"panel-grid-cell panel-grid-cell-mobile-last\" ><div id=\"panel-9963-1-1-0\" class=\"so-panel widget widget_sow-editor panel-first-child panel-last-child\" data-index=\"1\" ><div\n\t\t\t\n\t\t\tclass=\"so-widget-sow-editor so-widget-sow-editor-base\"\n\t\t\t\n\t\t>\n<div class=\"siteorigin-widget-tinymce textwidget\">\n\t<p style=\"text-align: justify;\"><span style=\"font-size: 12pt;\">Plusieurs adultes b\u00e9n\u00e9voles du Tout Court ! ont encadr\u00e9 les jeunes du comit\u00e9 de s\u00e9lection. Ils ont visionn\u00e9, v\u00e9rifi\u00e9 et filtr\u00e9 845 films avant de montrer aux jeunes une pr\u00e9s\u00e9lection d'une cinquantaine de films. Ils ont \u00e9t\u00e9 touch\u00e9s, \u00e9mus, amus\u00e9s par des \u0153uvres qui ont parfois moins convaincu les jeunes - question d'\u00e2ge, de g\u00e9n\u00e9ration\u2026 Ils ont souhait\u00e9 offrir au public du festival une s\u00e9lection hors comp\u00e9tition des films qui les ont le plus enthousiasm\u00e9s : la s\u00e9lection des encadrants !<\/span><\/p>\n<p style=\"text-align: center;\"><span style=\"font-size: 12pt;\"><em><strong>&nbsp;6 films<\/strong> - Dur\u00e9e 1h13 plus \u00e9changes avec les artistes.<\/em><\/span><\/p>\n<p style=\"text-align: center;\"><em><span style=\"font-size: 12pt;\">Projection le <strong>vendredi 27 mars 2026<\/strong>&nbsp;\u00e0 <strong>19h30<\/strong> en ouverture du festival au nouveau <strong>Cin\u00e9ma du Vexin Normand Jour de F\u00eate \u00e0 Gisors<\/strong><\/span><\/em><\/p>\n<\/div>\n<\/div><\/div><\/div><div id=\"pgc-9963-1-2\"  class=\"panel-grid-cell panel-grid-cell-empty\" ><\/div><\/div><div id=\"pg-9963-2\"  class=\"panel-grid panel-no-style\" ><div id=\"pgc-9963-2-0\"  class=\"panel-grid-cell\" ><div id=\"panel-9963-2-0-0\" class=\"so-panel widget widget_sow-headline panel-first-child panel-last-child\" data-index=\"2\" ><div\n\t\t\t\n\t\t\tclass=\"so-widget-sow-headline so-widget-sow-headline-default-fb75b4ca24a1-9963\"\n\t\t\t\n\t\t><div class=\"sow-headline-container \">\n\t\t\t\t\t\t<div class=\"decoration\">\n\t\t\t\t\t\t<div class=\"decoration-inside\"><\/div>\n\t\t\t\t\t<\/div>\n\t\t\t\t\t<\/div>\n<\/div><\/div><\/div><\/div><div id=\"pg-9963-3\"  class=\"panel-grid panel-has-style\" ><div class=\"panel-row-style panel-row-style-for-9963-3\" ><div id=\"pgc-9963-3-0\"  class=\"panel-grid-cell\" ><div id=\"panel-9963-3-0-0\" class=\"so-panel widget widget_sow-editor panel-first-child\" data-index=\"3\" ><div class=\"panel-widget-style panel-widget-style-for-9963-3-0-0\" ><div\n\t\t\t\n\t\t\tclass=\"so-widget-sow-editor so-widget-sow-editor-base\"\n\t\t\t\n\t\t>\n<div class=\"siteorigin-widget-tinymce textwidget\">\n\t<h1 style=\"text-align: justify;\"><span style=\"color: #e6e6e6;\"><b>Le doute<\/b><\/span><\/h1>\n<p>&nbsp;<\/p>\n<\/div>\n<\/div><\/div><\/div><div id=\"panel-9963-3-0-1\" class=\"so-panel widget widget_siteorigin-panels-builder panel-last-child\" data-index=\"4\" ><div id=\"pl-w6990cc5dd796c\"  class=\"panel-layout\" ><div id=\"pg-w6990cc5dd796c-0\"  class=\"panel-grid panel-no-style\" ><div id=\"pgc-w6990cc5dd796c-0-0\"  class=\"panel-grid-cell panel-grid-cell-empty\" ><\/div><div id=\"pgc-w6990cc5dd796c-0-1\"  class=\"panel-grid-cell\" ><div id=\"panel-w6990cc5dd796c-0-1-0\" class=\"so-panel widget widget_sow-image panel-first-child panel-last-child\" data-index=\"0\" ><div class=\"panel-widget-style panel-widget-style-for-w6990cc5dd796c-0-1-0\" ><div\n\t\t\t\n\t\t\tclass=\"so-widget-sow-image so-widget-sow-image-default-4e6925654b7a\"\n\t\t\t\n\t\t>\n<div class=\"sow-image-container\">\n\t\t<img \n\tsrc=\"https:\/\/i0.wp.com\/toutcourtfestival.fr\/wp-content\/uploads\/2026\/02\/9560_thumb-e1771096891115.png?resize=272%2C182&amp;ssl=1\" width=\"272\" height=\"182\" srcset=\"https:\/\/i0.wp.com\/toutcourtfestival.fr\/wp-content\/uploads\/2026\/02\/9560_thumb-e1771096891115.png?resize=272%2C182&amp;ssl=1 272w, https:\/\/i0.wp.com\/toutcourtfestival.fr\/wp-content\/uploads\/2026\/02\/9560_thumb-e1771096891115.png?zoom=2&amp;resize=272%2C182&amp;ssl=1 544w, https:\/\/i0.wp.com\/toutcourtfestival.fr\/wp-content\/uploads\/2026\/02\/9560_thumb-e1771096891115.png?zoom=3&amp;resize=272%2C182&amp;ssl=1 816w\" title=\"le doute\" alt=\"\" \t\tclass=\"so-widget-image\"\/>\n\t<\/div>\n\n<\/div><\/div><\/div><\/div><div id=\"pgc-w6990cc5dd796c-0-2\"  class=\"panel-grid-cell\" ><div id=\"panel-w6990cc5dd796c-0-2-0\" class=\"so-panel widget widget_sow-editor panel-first-child panel-last-child\" data-index=\"1\" ><div\n\t\t\t\n\t\t\tclass=\"so-widget-sow-editor so-widget-sow-editor-base\"\n\t\t\t\n\t\t>\n<div class=\"siteorigin-widget-tinymce textwidget\">\n\t<p style=\"text-align: justify;\"><span style=\"font-size: 12pt; color: #e6e6e6;\"><em>Com\u00e9die de Sara Rosenberg - France - 14\u201953\u201d<\/em><\/span><\/p>\n<p style=\"text-align: justify;\"><span style=\"font-size: 12pt; color: #e6e6e6;\">Pour Manon, Tristan n\u2019est qu\u2019un ami. Aucune ambigu\u00eft\u00e9. Du moins\u2026 jusqu\u2019au jour o\u00f9, en l\u2019imaginant autrement une fraction de seconde, le doute s\u2019invite. Litt\u00e9ralement. Envoy\u00e9 par la brigade d\u2019investigation de l\u2019ambigu\u00eft\u00e9, Daniel \u2014 un brin envahissant \u2014 emm\u00e9nage chez elle. Sa mission : aider Manon \u00e0 y voir clair. En attendant, il pose beaucoup, vraiment beaucoup de questions.<\/span><\/p>\n<p>&nbsp;<\/p>\n<\/div>\n<\/div><\/div><\/div><\/div><\/div><\/div><\/div><\/div><\/div><div id=\"pg-9963-4\"  class=\"panel-grid panel-has-style\" ><div class=\"panel-row-style panel-row-style-for-9963-4\" ><div id=\"pgc-9963-4-0\"  class=\"panel-grid-cell\" ><div id=\"panel-9963-4-0-0\" class=\"so-panel widget widget_sow-editor panel-first-child\" data-index=\"5\" ><div class=\"panel-widget-style panel-widget-style-for-9963-4-0-0\" ><div\n\t\t\t\n\t\t\tclass=\"so-widget-sow-editor so-widget-sow-editor-base\"\n\t\t\t\n\t\t>\n<div class=\"siteorigin-widget-tinymce textwidget\">\n\t<h1 style=\"text-align: justify;\"><b>Pentest<\/b><\/h1>\n<\/div>\n<\/div><\/div><\/div><div id=\"panel-9963-4-0-1\" class=\"so-panel widget widget_siteorigin-panels-builder panel-last-child\" data-index=\"6\" ><div id=\"pl-w6990ceac35bf3\"  class=\"panel-layout\" ><div id=\"pg-w6990ceac35bf3-0\"  class=\"panel-grid panel-no-style\" ><div id=\"pgc-w6990ceac35bf3-0-0\"  class=\"panel-grid-cell panel-grid-cell-empty\" ><\/div><div id=\"pgc-w6990ceac35bf3-0-1\"  class=\"panel-grid-cell\" ><div id=\"panel-w6990ceac35bf3-0-1-0\" class=\"so-panel widget widget_sow-image panel-first-child panel-last-child\" data-index=\"0\" ><div class=\"panel-widget-style panel-widget-style-for-w6990ceac35bf3-0-1-0\" ><div\n\t\t\t\n\t\t\tclass=\"so-widget-sow-image so-widget-sow-image-default-4e6925654b7a\"\n\t\t\t\n\t\t>\n<div class=\"sow-image-container\">\n\t\t<img \n\tsrc=\"https:\/\/i0.wp.com\/toutcourtfestival.fr\/wp-content\/uploads\/2026\/02\/8683_thumb-scaled.png?resize=272%2C182&amp;ssl=1\" width=\"272\" height=\"182\" srcset=\"https:\/\/i0.wp.com\/toutcourtfestival.fr\/wp-content\/uploads\/2026\/02\/8683_thumb-scaled.png?resize=272%2C182&amp;ssl=1 272w, https:\/\/i0.wp.com\/toutcourtfestival.fr\/wp-content\/uploads\/2026\/02\/8683_thumb-scaled.png?zoom=2&amp;resize=272%2C182&amp;ssl=1 544w, https:\/\/i0.wp.com\/toutcourtfestival.fr\/wp-content\/uploads\/2026\/02\/8683_thumb-scaled.png?zoom=3&amp;resize=272%2C182&amp;ssl=1 816w\" title=\"8683_thumb\" alt=\"\" \t\tclass=\"so-widget-image\"\/>\n\t<\/div>\n\n<\/div><\/div><\/div><\/div><div id=\"pgc-w6990ceac35bf3-0-2\"  class=\"panel-grid-cell\" ><div id=\"panel-w6990ceac35bf3-0-2-0\" class=\"so-panel widget widget_sow-editor panel-first-child panel-last-child\" data-index=\"1\" ><div\n\t\t\t\n\t\t\tclass=\"so-widget-sow-editor so-widget-sow-editor-base\"\n\t\t\t\n\t\t>\n<div class=\"siteorigin-widget-tinymce textwidget\">\n\t<p style=\"text-align: justify;\"><span style=\"font-size: 12pt;\"><em>Polar de Benjamin Chevallier , Tristan Lhomme - France - 19\u201934\u201d<\/em><\/span><\/p>\n<p style=\"text-align: justify;\"><span style=\"font-size: 12pt;\">Nabil s'appr\u00eate \u00e0 livrer un repas dans les bureaux d\u2019une grande banque, mais l'h\u00f4tesse d'accueil lui refuse s\u00e8chement l'acc\u00e8s. Touch\u00e9 par la d\u00e9tresse du jeune homme, un vigile lui ouvre discr\u00e8tement une issue de secours. Nabil s'enfonce dans le b\u00e2timent.<\/span><\/p>\n<p>&nbsp;<\/p>\n<\/div>\n<\/div><\/div><\/div><\/div><\/div><\/div><\/div><\/div><\/div><div id=\"pg-9963-5\"  class=\"panel-grid panel-has-style\" ><div class=\"panel-row-style panel-row-style-for-9963-5\" ><div id=\"pgc-9963-5-0\"  class=\"panel-grid-cell\" ><div id=\"panel-9963-5-0-0\" class=\"so-panel widget widget_sow-editor panel-first-child\" data-index=\"7\" ><div class=\"panel-widget-style panel-widget-style-for-9963-5-0-0\" ><div\n\t\t\t\n\t\t\tclass=\"so-widget-sow-editor so-widget-sow-editor-base\"\n\t\t\t\n\t\t>\n<div class=\"siteorigin-widget-tinymce textwidget\">\n\t<h1 style=\"text-align: justify;\"><span style=\"color: #e6e6e6;\"><b>Le casting<\/b><\/span><\/h1>\n<p>&nbsp;<\/p>\n<\/div>\n<\/div><\/div><\/div><div id=\"panel-9963-5-0-1\" class=\"so-panel widget widget_siteorigin-panels-builder panel-last-child\" data-index=\"8\" ><div id=\"pl-w69aab764db55e\"  class=\"panel-layout\" ><div id=\"pg-w69aab764db55e-0\"  class=\"panel-grid panel-no-style\" ><div id=\"pgc-w69aab764db55e-0-0\"  class=\"panel-grid-cell panel-grid-cell-empty\" ><\/div><div id=\"pgc-w69aab764db55e-0-1\"  class=\"panel-grid-cell\" ><div id=\"panel-w69aab764db55e-0-1-0\" class=\"so-panel widget widget_sow-image panel-first-child panel-last-child\" data-index=\"0\" ><div class=\"panel-widget-style panel-widget-style-for-w69aab764db55e-0-1-0\" ><div\n\t\t\t\n\t\t\tclass=\"so-widget-sow-image so-widget-sow-image-default-4e6925654b7a\"\n\t\t\t\n\t\t>\n<div class=\"sow-image-container\">\n\t\t<img \n\tsrc=\"https:\/\/i0.wp.com\/toutcourtfestival.fr\/wp-content\/uploads\/2026\/02\/581_thumb.png?resize=272%2C182&amp;ssl=1\" width=\"272\" height=\"182\" srcset=\"https:\/\/i0.wp.com\/toutcourtfestival.fr\/wp-content\/uploads\/2026\/02\/581_thumb.png?resize=272%2C182&amp;ssl=1 272w, https:\/\/i0.wp.com\/toutcourtfestival.fr\/wp-content\/uploads\/2026\/02\/581_thumb.png?zoom=2&amp;resize=272%2C182&amp;ssl=1 544w, https:\/\/i0.wp.com\/toutcourtfestival.fr\/wp-content\/uploads\/2026\/02\/581_thumb.png?zoom=3&amp;resize=272%2C182&amp;ssl=1 816w\" alt=\"\" \t\tclass=\"so-widget-image\"\/>\n\t<\/div>\n\n<\/div><\/div><\/div><\/div><div id=\"pgc-w69aab764db55e-0-2\"  class=\"panel-grid-cell\" ><div id=\"panel-w69aab764db55e-0-2-0\" class=\"so-panel widget widget_sow-editor panel-first-child panel-last-child\" data-index=\"1\" ><div\n\t\t\t\n\t\t\tclass=\"so-widget-sow-editor so-widget-sow-editor-base\"\n\t\t\t\n\t\t>\n<div class=\"siteorigin-widget-tinymce textwidget\">\n\t<p style=\"text-align: justify;\"><span style=\"font-size: 12pt; color: #e6e6e6;\"><em>Com\u00e9die de Camille Britte - Belgique - 2\u201948\u201d [Film d'animation]<\/em><\/span><\/p>\n<p style=\"text-align: justify;\"><span style=\"font-size: 12pt; color: #e6e6e6;\">Benjamin semble stress\u00e9 : il est pr\u00eat \u00e0 passer son tout premier casting. Entre malaise et absurdit\u00e9, cette audition se r\u00e9v\u00e8le assez peu commune.<\/span><\/p>\n<p>&nbsp;<\/p>\n<\/div>\n<\/div><\/div><\/div><\/div><\/div><\/div><\/div><\/div><\/div><div id=\"pg-9963-6\"  class=\"panel-grid panel-has-style\" ><div class=\"panel-row-style panel-row-style-for-9963-6\" ><div id=\"pgc-9963-6-0\"  class=\"panel-grid-cell\" ><div id=\"panel-9963-6-0-0\" class=\"so-panel widget widget_sow-editor panel-first-child\" data-index=\"9\" ><div class=\"panel-widget-style panel-widget-style-for-9963-6-0-0\" ><div\n\t\t\t\n\t\t\tclass=\"so-widget-sow-editor so-widget-sow-editor-base\"\n\t\t\t\n\t\t>\n<div class=\"siteorigin-widget-tinymce textwidget\">\n\t<h1 style=\"text-align: justify;\"><b>04:00<br \/>\n<\/b><\/h1>\n<\/div>\n<\/div><\/div><\/div><div id=\"panel-9963-6-0-1\" class=\"so-panel widget widget_siteorigin-panels-builder panel-last-child\" data-index=\"10\" ><div id=\"pl-w69aab764dc420\"  class=\"panel-layout\" ><div id=\"pg-w69aab764dc420-0\"  class=\"panel-grid panel-no-style\" ><div id=\"pgc-w69aab764dc420-0-0\"  class=\"panel-grid-cell panel-grid-cell-empty\" ><\/div><div id=\"pgc-w69aab764dc420-0-1\"  class=\"panel-grid-cell\" ><div id=\"panel-w69aab764dc420-0-1-0\" class=\"so-panel widget widget_sow-image panel-first-child panel-last-child\" data-index=\"0\" ><div class=\"panel-widget-style panel-widget-style-for-w69aab764dc420-0-1-0\" ><div\n\t\t\t\n\t\t\tclass=\"so-widget-sow-image so-widget-sow-image-default-4e6925654b7a\"\n\t\t\t\n\t\t>\n<div class=\"sow-image-container\">\n\t\t<img \n\tsrc=\"https:\/\/i0.wp.com\/toutcourtfestival.fr\/wp-content\/uploads\/2026\/03\/0400-scaled.png?resize=272%2C182&amp;ssl=1\" width=\"272\" height=\"182\" srcset=\"https:\/\/i0.wp.com\/toutcourtfestival.fr\/wp-content\/uploads\/2026\/03\/0400-scaled.png?resize=272%2C182&amp;ssl=1 272w, https:\/\/i0.wp.com\/toutcourtfestival.fr\/wp-content\/uploads\/2026\/03\/0400-scaled.png?zoom=2&amp;resize=272%2C182&amp;ssl=1 544w, https:\/\/i0.wp.com\/toutcourtfestival.fr\/wp-content\/uploads\/2026\/03\/0400-scaled.png?zoom=3&amp;resize=272%2C182&amp;ssl=1 816w\" title=\"04&#8217;00\" alt=\"\" \t\tclass=\"so-widget-image\"\/>\n\t<\/div>\n\n<\/div><\/div><\/div><\/div><div id=\"pgc-w69aab764dc420-0-2\"  class=\"panel-grid-cell\" ><div id=\"panel-w69aab764dc420-0-2-0\" class=\"so-panel widget widget_sow-editor panel-first-child panel-last-child\" data-index=\"1\" ><div\n\t\t\t\n\t\t\tclass=\"so-widget-sow-editor so-widget-sow-editor-base\"\n\t\t\t\n\t\t>\n<div class=\"siteorigin-widget-tinymce textwidget\">\n\t<p style=\"text-align: justify;\"><span style=\"font-size: 12pt;\"><em>Humour burlesque de William Mangeon, SEBASTIEN SALAMAND - France - 4\u201d<br \/>\n<\/em><\/span><\/p>\n<p style=\"text-align: justify;\"><span style=\"font-size: 12pt;\">Une horloge d\u00e9clenche un tournage impr\u00e9vu : une \u00e9quipe improvis\u00e9e lutte contre le temps pour sauver leur film.<\/span><\/p>\n<p>&nbsp;<\/p>\n<\/div>\n<\/div><\/div><\/div><\/div><\/div><\/div><\/div><\/div><\/div><div id=\"pg-9963-7\"  class=\"panel-grid panel-has-style\" ><div class=\"panel-row-style panel-row-style-for-9963-7\" ><div id=\"pgc-9963-7-0\"  class=\"panel-grid-cell\" ><div id=\"panel-9963-7-0-0\" class=\"so-panel widget widget_sow-editor panel-first-child\" data-index=\"11\" ><div class=\"panel-widget-style panel-widget-style-for-9963-7-0-0\" ><div\n\t\t\t\n\t\t\tclass=\"so-widget-sow-editor so-widget-sow-editor-base\"\n\t\t\t\n\t\t>\n<div class=\"siteorigin-widget-tinymce textwidget\">\n\t<h1 style=\"text-align: justify;\"><span style=\"color: #e6e6e6;\"><b>Fort comme un lion<\/b><\/span><\/h1>\n<p>&nbsp;<\/p>\n<\/div>\n<\/div><\/div><\/div><div id=\"panel-9963-7-0-1\" class=\"so-panel widget widget_siteorigin-panels-builder panel-last-child\" data-index=\"12\" ><div id=\"pl-w69aab764ded95\"  class=\"panel-layout\" ><div id=\"pg-w69aab764ded95-0\"  class=\"panel-grid panel-no-style\" ><div id=\"pgc-w69aab764ded95-0-0\"  class=\"panel-grid-cell panel-grid-cell-empty\" ><\/div><div id=\"pgc-w69aab764ded95-0-1\"  class=\"panel-grid-cell\" ><div id=\"panel-w69aab764ded95-0-1-0\" class=\"so-panel widget widget_sow-image panel-first-child panel-last-child\" data-index=\"0\" ><div class=\"panel-widget-style panel-widget-style-for-w69aab764ded95-0-1-0\" ><div\n\t\t\t\n\t\t\tclass=\"so-widget-sow-image so-widget-sow-image-default-4e6925654b7a\"\n\t\t\t\n\t\t>\n<div class=\"sow-image-container\">\n\t\t<img \n\tsrc=\"https:\/\/i0.wp.com\/toutcourtfestival.fr\/wp-content\/uploads\/2026\/02\/6762_thumb-e1771098557279.jpg?resize=272%2C182&amp;ssl=1\" width=\"272\" height=\"182\" srcset=\"https:\/\/i0.wp.com\/toutcourtfestival.fr\/wp-content\/uploads\/2026\/02\/6762_thumb-e1771098557279.jpg?resize=272%2C182&amp;ssl=1 272w, https:\/\/i0.wp.com\/toutcourtfestival.fr\/wp-content\/uploads\/2026\/02\/6762_thumb-e1771098557279.jpg?zoom=2&amp;resize=272%2C182&amp;ssl=1 544w, https:\/\/i0.wp.com\/toutcourtfestival.fr\/wp-content\/uploads\/2026\/02\/6762_thumb-e1771098557279.jpg?zoom=3&amp;resize=272%2C182&amp;ssl=1 816w\" title=\"6762_thumb\" alt=\"\" \t\tclass=\"so-widget-image\"\/>\n\t<\/div>\n\n<\/div><\/div><\/div><\/div><div id=\"pgc-w69aab764ded95-0-2\"  class=\"panel-grid-cell\" ><div id=\"panel-w69aab764ded95-0-2-0\" class=\"so-panel widget widget_sow-editor panel-first-child panel-last-child\" data-index=\"1\" ><div\n\t\t\t\n\t\t\tclass=\"so-widget-sow-editor so-widget-sow-editor-base\"\n\t\t\t\n\t\t>\n<div class=\"siteorigin-widget-tinymce textwidget\">\n\t<p style=\"text-align: justify;\"><span style=\"font-size: 12pt; color: #e6e6e6;\"><em>Suspense de Nathan Villanneau - France - 14\u2019<\/em><\/span><\/p>\n<p style=\"text-align: justify;\"><span style=\"font-size: 12pt; color: #e6e6e6;\">L\u00e9onard est victime de harc\u00e8lement, un matin d\u2019automne, une temp\u00eate l\u2019emp\u00eache de prendre son v\u00e9lo et l\u2019oblige \u00e0 monter dans le car de ramassage scolaire.<\/span><\/p>\n<p>&nbsp;<\/p>\n<\/div>\n<\/div><\/div><\/div><\/div><\/div><\/div><\/div><\/div><\/div><div id=\"pg-9963-8\"  class=\"panel-grid panel-has-style\" ><div class=\"panel-row-style panel-row-style-for-9963-8\" ><div id=\"pgc-9963-8-0\"  class=\"panel-grid-cell\" ><div id=\"panel-9963-8-0-0\" class=\"so-panel widget widget_sow-editor panel-first-child\" data-index=\"13\" ><div class=\"panel-widget-style panel-widget-style-for-9963-8-0-0\" ><div\n\t\t\t\n\t\t\tclass=\"so-widget-sow-editor so-widget-sow-editor-base\"\n\t\t\t\n\t\t>\n<div class=\"siteorigin-widget-tinymce textwidget\">\n\t<h1 style=\"text-align: justify;\"><b>Le Bateleur<\/b><\/h1>\n<\/div>\n<\/div><\/div><\/div><div id=\"panel-9963-8-0-1\" class=\"so-panel widget widget_siteorigin-panels-builder panel-last-child\" data-index=\"14\" ><div id=\"pl-w69aab764e00bd\"  class=\"panel-layout\" ><div id=\"pg-w69aab764e00bd-0\"  class=\"panel-grid panel-no-style\" ><div id=\"pgc-w69aab764e00bd-0-0\"  class=\"panel-grid-cell panel-grid-cell-empty\" ><\/div><div id=\"pgc-w69aab764e00bd-0-1\"  class=\"panel-grid-cell\" ><div id=\"panel-w69aab764e00bd-0-1-0\" class=\"so-panel widget widget_sow-image panel-first-child panel-last-child\" data-index=\"0\" ><div class=\"panel-widget-style panel-widget-style-for-w69aab764e00bd-0-1-0\" ><div\n\t\t\t\n\t\t\tclass=\"so-widget-sow-image so-widget-sow-image-default-4e6925654b7a\"\n\t\t\t\n\t\t>\n<div class=\"sow-image-container\">\n\t\t<img \n\tsrc=\"https:\/\/i0.wp.com\/toutcourtfestival.fr\/wp-content\/uploads\/2026\/02\/7338_picture.png?resize=272%2C182&amp;ssl=1\" width=\"272\" height=\"182\" srcset=\"https:\/\/i0.wp.com\/toutcourtfestival.fr\/wp-content\/uploads\/2026\/02\/7338_picture.png?resize=272%2C182&amp;ssl=1 272w, https:\/\/i0.wp.com\/toutcourtfestival.fr\/wp-content\/uploads\/2026\/02\/7338_picture.png?zoom=2&amp;resize=272%2C182&amp;ssl=1 544w\" title=\"bateleur\" alt=\"\" \t\tclass=\"so-widget-image\"\/>\n\t<\/div>\n\n<\/div><\/div><\/div><\/div><div id=\"pgc-w69aab764e00bd-0-2\"  class=\"panel-grid-cell\" ><div id=\"panel-w69aab764e00bd-0-2-0\" class=\"so-panel widget widget_sow-editor panel-first-child panel-last-child\" data-index=\"1\" ><div\n\t\t\t\n\t\t\tclass=\"so-widget-sow-editor so-widget-sow-editor-base\"\n\t\t\t\n\t\t>\n<div class=\"siteorigin-widget-tinymce textwidget\">\n\t<p style=\"text-align: justify;\"><span style=\"font-size: 12pt;\"><em>Com\u00e9die dramatique de Jennifer Fanjeaux - France - 18\u2019<\/em><\/span><\/p>\n<p style=\"text-align: justify;\"><span style=\"font-size: 12pt;\">Villeneuve-L\u00e8s-Maguelone, un samedi matin. Raoul, jeune ado, attend Serge, avec qui il doit passer le week-end. Partag\u00e9 entre l\u2019envie de renouer avec ce p\u00e8re atypique, d\u00e9jant\u00e9 et tout juste sorti de prison, et le m\u00e9pris qu\u2019il lui inspire, il devra trouver sa voie au fil d\u2019un road trip dans les bas-fonds des \u00e9tangs de son enfance. <\/span><\/p>\n<p>&nbsp;<\/p>\n<\/div>\n<\/div><\/div><\/div><\/div><\/div><\/div><\/div><\/div><\/div><div id=\"pg-9963-9\"  class=\"panel-grid panel-no-style\" ><div id=\"pgc-9963-9-0\"  class=\"panel-grid-cell\" ><div id=\"panel-9963-9-0-0\" class=\"so-panel widget widget_text panel-first-child panel-last-child\" data-index=\"15\" >\t\t\t<div class=\"textwidget\"><style>.entry-title {display:none;}<\/style> <\/div>\n\t\t<\/div><\/div><\/div><\/div>","protected":false},"excerpt":{"rendered":"<p>S\u00e9lection d&#8217;ouverture 2026 S\u00e9lections parall\u00e8les <\/p>\n<p style=\"text-align: justify;\">Plusieurs adultes b\u00e9n\u00e9voles du Tout Court ! ont encadr\u00e9 les jeunes du comit\u00e9 de s\u00e9lection. Ils ont visionn\u00e9, v\u00e9rifi\u00e9 et filtr\u00e9 845 films avant de montrer aux jeunes une pr\u00e9s\u00e9lection d&#8217;une cinquantaine de films. Ils ont \u00e9t\u00e9 touch\u00e9s, \u00e9mus, amus\u00e9s par des \u0153uvres qui ont parfois moins convaincu &hellip; <\/p>\n<p><a class=\"more-link btn\" href=\"https:\/\/toutcourtfestival.fr\/index.php\/selections-2026\/selection-douverture-2026\/\">Continue reading<\/a><\/p>\n","protected":false},"author":4,"featured_media":0,"parent":9949,"menu_order":0,"comment_status":"closed","ping_status":"closed","template":"","meta":{"ngg_post_thumbnail":0,"jetpack_post_was_ever_published":false,"footnotes":""},"class_list":["post-9963","page","type-page","status-publish","hentry","nodate","item-wrap"],"jetpack_sharing_enabled":true,"jetpack_shortlink":"https:\/\/wp.me\/P8k6iw-2AH","jetpack_likes_enabled":true,"_links":{"self":[{"href":"https:\/\/toutcourtfestival.fr\/index.php\/wp-json\/wp\/v2\/pages\/9963","targetHints":{"allow":["GET"]}}],"collection":[{"href":"https:\/\/toutcourtfestival.fr\/index.php\/wp-json\/wp\/v2\/pages"}],"about":[{"href":"https:\/\/toutcourtfestival.fr\/index.php\/wp-json\/wp\/v2\/types\/page"}],"author":[{"embeddable":true,"href":"https:\/\/toutcourtfestival.fr\/index.php\/wp-json\/wp\/v2\/users\/4"}],"replies":[{"embeddable":true,"href":"https:\/\/toutcourtfestival.fr\/index.php\/wp-json\/wp\/v2\/comments?post=9963"}],"version-history":[{"count":17,"href":"https:\/\/toutcourtfestival.fr\/index.php\/wp-json\/wp\/v2\/pages\/9963\/revisions"}],"predecessor-version":[{"id":10263,"href":"https:\/\/toutcourtfestival.fr\/index.php\/wp-json\/wp\/v2\/pages\/9963\/revisions\/10263"}],"up":[{"embeddable":true,"href":"https:\/\/toutcourtfestival.fr\/index.php\/wp-json\/wp\/v2\/pages\/9949"}],"wp:attachment":[{"href":"https:\/\/toutcourtfestival.fr\/index.php\/wp-json\/wp\/v2\/media?parent=9963"}],"curies":[{"name":"wp","href":"https:\/\/api.w.org\/{rel}","templated":true}]}}